000
CXUS52 KMFL 011030
CF6HWO
PRELIMINARY LOCAL CLIMATOLOGICAL DATA (WS FORM: F-6)
STATION: NORTH PERRY ARPT
MONTH: MARCH
YEAR: 2024
LATITUDE: 26 0 N
LONGITUDE: 80 14 W
TEMPERATURE IN F: :PCPN: SNOW: WIND :SUNSHINE: SKY :PK WND
================================================================================
1 2 3 4 5 6A 6B 7 8 9 10 11 12 13 14 15 16 17 18
12Z AVG MX 2MIN
DY MAX MIN AVG DEP HDD CDD WTR SNW DPTH SPD SPD DIR MIN PSBL S-S WX SPD DR
================================================================================
1 81 72 77 5 0 12 0.15 M M 11.2 24 110 M M 4 1 34 120
2 82 72 77 5 0 12 0.00 0.0 0 7.8 15 140 M M 2 21 160
3 84 69 77 5 0 12 0.34 M M 6.6 43 10 M M 4 13 58 360
4 84 68 76 4 0 11 0.00 M M 6.5 17 60 M M 3 22 70
5 84 71 78 6 0 13 0.00 M M 6.9 15 90 M M 4 19 90
6 82 70 76 4 0 11 0.36 0.0 0 4.3 16 230 M M 4 13 22 240
7 86 68 77 5 0 12 0.04 0.0 0 3.3 18 320 M M 4 1 23 320
8 87 70 79 7 0 14 0.00 0.0 0 6.2 16 140 M M 3 22 140
9 89 76 83 11 0 18 0.00 0.0 0 9.2 18 170 M M 3 26 160
10 89 69 79 7 0 14 0.00 0.0 0 9.4 21 260 M M 5 29 250
11 81 64 73 1 0 8 0.00 0.0 0 10.5 17 60 M M 1 34 40
12 80 63 72 0 0 7 0.00 0.0 0 5.8 17 90 M M 2 24 100
13 83 64 74 2 0 9 T 0.0 0 4.7 16 120 M M 1 21 150
14 82 66 74 2 0 9 T 0.0 0 6.1 15 90 M M 0 24 130
15 84 70 77 5 0 12 0.00 0.0 0 8.5 20 130 M M 2 24 150
16 88 66 77 4 0 12 0.00 0.0 0 5.1 14 120 M M 3 17 150
17 88 71 80 7 0 15 0.00 0.0 0 6.1 16 170 M M 4 22 190
18 92 73 83 10 0 18 0.00 0.0 0 9.8 21 260 M M 2 31 210
19 78 62 70 -3 0 5 0.03 0.0 0 11.6 24 330 M M 2 32 340
20 79 59 69 -4 0 4 0.00 M M 6.9 16 90 M M 4 22 80
21 81 64 73 0 0 8 0.00 0.0 0 9.0 21 110 M M 3 26 110
22 76 66 71 -2 0 6 1.75 0.0 0 10.0 22 110 M M 7 13 32 100
23 80 66 73 0 0 8 0.48 M M 7.9 28 130 M M 5 3 36 140
24 81 62 72 -1 0 7 0.05 M M 10.5 22 90 M M 3 30 80
25 82 71 77 3 0 12 T M M 15.0 24 110 M M 5 33 80
26 83 71 77 3 0 12 0.00 0.0 0 12.0 20 130 M M 6 29 120
27 83 73 78 4 0 13 0.00 0.0 0 10.5 17 140 M M 4 25 120
28 89 69 79 5 0 14 0.00 0.0 0 13.8 26 250 M M 2 36 260
29 83 63 73 -1 0 8 0.00 0.0 0 11.0 21 80 M M 2 28 70
30 81 62 72 -2 0 7 0.00 0.0 0 6.1 16 110 M M 2 22 110
31 81 62 72 -2 0 7 0.00 0.0 0 5.6 17 140 M M 1 24 120
================================================================================
SM 2583 2092 0 330 3.20 0.0 257.9 M 97
================================================================================
AV 83.3 67.5 8.3 FASTST M M 3 MAX(MPH)
MISC ----> 43 10 58 360
================================================================================
NOTES:
# LAST OF SEVERAL OCCURRENCES
COLUMN 17 PEAK WIND IN M.P.H.
PRELIMINARY LOCAL CLIMATOLOGICAL DATA (WS FORM: F-6) , PAGE 2
STATION: NORTH PERRY ARPT
MONTH: MARCH
YEAR: 2024
LATITUDE: 26 0 N
LONGITUDE: 80 14 W
[TEMPERATURE DATA] [PRECIPITATION DATA] SYMBOLS USED IN COLUMN 16
AVERAGE MONTHLY: 75.4 TOTAL FOR MONTH: 3.20 1 = FOG OR MIST
DPTR FM NORMAL: 2.7 DPTR FM NORMAL: 0.52 2 = FOG REDUCING VISIBILITY
HIGHEST: 92 ON 18 GRTST 24HR 1.88 ON 22-23 TO 1/4 MILE OR LESS
LOWEST: 59 ON 20 3 = THUNDER
SNOW, ICE PELLETS, HAIL 4 = ICE PELLETS
TOTAL MONTH: 0.0 INCH 5 = HAIL
GRTST 24HR 0.0 6 = FREEZING RAIN OR DRIZZLE
GRTST DEPTH: 0 7 = DUSTSTORM OR SANDSTORM:
VSBY 1/2 MILE OR LESS
8 = SMOKE OR HAZE
[NO. OF DAYS WITH] [WEATHER - DAYS WITH] 9 = BLOWING SNOW
X = TORNADO
MAX 32 OR BELOW: 0 0.01 INCH OR MORE: 8
MAX 90 OR ABOVE: 1 0.10 INCH OR MORE: 5
MIN 32 OR BELOW: 0 0.50 INCH OR MORE: 1
MIN 0 OR BELOW: 0 1.00 INCH OR MORE: 1
[HDD (BASE 65) ]
TOTAL THIS MO. 0 CLEAR (SCALE 0-3) 15
DPTR FM NORMAL -10 PTCLDY (SCALE 4-7) 16
TOTAL FM JUL 1 50 CLOUDY (SCALE 8-10) 0
DPTR FM NORMAL -64
[CDD (BASE 65) ]
TOTAL THIS MO. 330
DPTR FM NORMAL 82 [PRESSURE DATA]
TOTAL FM JAN 1 639 HIGHEST SLP 30.25 ON 1
DPTR FM NORMAL 72 LOWEST SLP 29.69 ON 23
[REMARKS]
#FINAL-03-24#