100
CXUS54 KHGX 011510
CF6IAH
PRELIMINARY LOCAL CLIMATOLOGICAL DATA (WS FORM: F-6)
STATION: HOUSTON INTERCONTINENTAL
MONTH: FEBRUARY
YEAR: 2021
LATITUDE: 29 58 N
LONGITUDE: 95 21 W
TEMPERATURE IN F: :PCPN: SNOW: WIND :SUNSHINE: SKY :PK WND
================================================================================
1 2 3 4 5 6A 6B 7 8 9 10 11 12 13 14 15 16 17 18
12Z AVG MX 2MIN
DY MAX MIN AVG DEP HDD CDD WTR SNW DPTH SPD SPD DIR MIN PSBL S-S WX SPD DR
================================================================================
1 65 41 53 -1 12 0 0.00 0.0 0 8.5 17 330 M M 1 22 330
2 66 39 53 -1 12 0 0.00 0.0 0 5.2 16 140 M M 4 19 130
3 70 41 56 2 9 0 0.00 0.0 0 8.8 21 140 M M 4 1 27 140
4 80 57 69 15 0 4 T 0.0 0 10.3 22 220 M M 7 30 220
5 57 46 52 -3 13 0 0.23 0.0 0 11.5 20 50 M M 9 13 25 50
6 68 48 58 3 7 0 0.00 0.0 0 7.7 20 360 M M 7 23 360
7 64 37 51 -4 14 0 0.00 0.0 0 7.8 17 140 M M 1 20 360
8 66 46 56 1 9 0 0.00 0.0 0 9.2 22 150 M M 8 1 27 150
9 75 62 69 14 0 4 0.00 0.0 0 5.1 13 120 M M 9 128 15 120
10 63 45 54 -1 11 0 T 0.0 0 8.4 17 350 M M 10 12 19 340
11 45 38 42 -14 23 0 0.50 0.0 0 14.1 23 350 M M 10 13 28 360
12 39 35 37 -19 28 0 0.01 0.0 0 16.1 22 360 M M 10 18 28 360
13 43 34 39 -17 26 0 0.00 0.0 0 12.8 22 10 M M 10 18 28 10
14 37 26 32 -24 33 0 0.23 T 0 13.2 24 350 M M 10 1468 28 350
15 25 16 21 -35 44 0 0.09 1.0 1 15.5 26 330 M M 7 148 36 330
16 35 13 24 -33 41 0 0.00 0.0 T 7.8 16 120 M M 5 21 10
17 37 32 35 -22 30 0 0.54 T 0 12.6 20 350 M M 10 16 25 20
18 40 29 35 -22 30 0 0.00 0.0 0 15.4 23 350 M M 9 29 350
19 51 26 39 -18 26 0 0.00 0.0 0 5.4 14 340 M M 0 17 330
20 60 28 44 -13 21 0 0.00 0.0 0 7.5 17 140 M M 0 18 23 130
21 72 37 55 -3 10 0 0.00 0.0 0 5.3 17 180 M M 5 1 24 220
22 77 46 62 4 3 0 T 0.0 0 5.6 14 30 M M 2 1 17 40
23 80 39 60 2 5 0 0.00 0.0 0 6.7 20 160 M M 1 1 28 160
24 81 57 69 11 0 4 0.00 0.0 0 5.8 14 230 M M 7 20 210
25 75 67 71 13 0 6 0.04 0.0 0 7.8 17 150 M M 9 18 23 180
26 80 62 71 12 0 6 0.02 0.0 0 7.9 30 160 M M 9 1 36 150
27 80 67 74 15 0 9 T 0.0 0 10.4 24 150 M M 9 12 29 150
28 82 70 76 17 0 11 T 0.0 0 9.4 16 160 M M 10 1 22 210
================================================================================
SM 1713 1184 407 44 1.66 1.0 261.8 M 183
================================================================================
AV 61.2 42.3 9.3 FASTST M M 7 MAX(MPH)
MISC ----> 30 160 # 36 330
================================================================================
NOTES:
# LAST OF SEVERAL OCCURRENCES
COLUMN 17 PEAK WIND IN M.P.H.
PRELIMINARY LOCAL CLIMATOLOGICAL DATA (WS FORM: F-6) , PAGE 2
STATION: HOUSTON INTERCONTINENTAL
MONTH: FEBRUARY
YEAR: 2021
LATITUDE: 29 58 N
LONGITUDE: 95 21 W
[TEMPERATURE DATA] [PRECIPITATION DATA] SYMBOLS USED IN COLUMN 16
AVERAGE MONTHLY: 51.7 TOTAL FOR MONTH: 1.66 1 = FOG OR MIST
DPTR FM NORMAL: -4.7 DPTR FM NORMAL: -1.54 2 = FOG REDUCING VISIBILITY
HIGHEST: 82 ON 28 GRTST 24HR 0.54 ON 17-17 TO 1/4 MILE OR LESS
LOWEST: 13 ON 16 3 = THUNDER
SNOW, ICE PELLETS, HAIL 4 = ICE PELLETS
TOTAL MONTH: 1.0 INCH 5 = HAIL
GRTST 24HR 1.0 ON 15-15 6 = FREEZING RAIN OR DRIZZLE
GRTST DEPTH: 1 ON 15 7 = DUSTSTORM OR SANDSTORM:
VSBY 1/2 MILE OR LESS
8 = SMOKE OR HAZE
[NO. OF DAYS WITH] [WEATHER - DAYS WITH] 9 = BLOWING SNOW
X = TORNADO
MAX 32 OR BELOW: 1 0.01 INCH OR MORE: 8
MAX 90 OR ABOVE: 0 0.10 INCH OR MORE: 4
MIN 32 OR BELOW: 7 0.50 INCH OR MORE: 2
MIN 0 OR BELOW: 0 1.00 INCH OR MORE: 0
[HDD (BASE 65) ]
TOTAL THIS MO. 407 CLEAR (SCALE 0-3) 6
DPTR FM NORMAL 143 PTCLDY (SCALE 4-7) 8
TOTAL FM JUL 1 1123 CLOUDY (SCALE 8-10) 14
DPTR FM NORMAL -64
[CDD (BASE 65) ]
TOTAL THIS MO. 44
DPTR FM NORMAL 21 [PRESSURE DATA]
TOTAL FM JAN 1 57 HIGHEST SLP 30.56 ON 19
DPTR FM NORMAL 14 LOWEST SLP 29.75 ON 4
[REMARKS]
#FINAL-02-21#