000
CXUS53 KICT 011410
CF6ICT
PRELIMINARY LOCAL CLIMATOLOGICAL DATA (WS FORM: F-6)
STATION: WICHITA EISENHOWER NATIONAL
MONTH: JULY
YEAR: 2023
LATITUDE: 37 39 N
LONGITUDE: 97 25 W
TEMPERATURE IN F: :PCPN: SNOW: WIND :SUNSHINE: SKY :PK WND
================================================================================
1 2 3 4 5 6A 6B 7 8 9 10 11 12 13 14 15 16 17 18
12Z AVG MX 2MIN
DY MAX MIN AVG DEP HDD CDD WTR SNW DPTH SPD SPD DIR MIN PSBL S-S WX SPD DR
================================================================================
1 93 68 81 1 0 16 0.09 0.0 0 11.2 24 330 M M 5 33 350
2 91 63 77 -3 0 12 0.00 0.0 0 4.4 12 330 M M 2 16 330
3 94 66 80 -1 0 15 T 0.0 0 8.2 23 170 M M 6 3 32 140
4 98 64 81 0 0 16 0.00 0.0 0 11.6 29 10 M M 3 46 350
5 80 67 74 -7 0 9 2.00 0.0 0 10.0 28 100 M M 9 13 36 80
6 84 68 76 -5 0 11 0.63 0.0 0 7.8 21 60 M M 8 13 26 60
7 76 68 72 -9 0 7 0.79 0.0 0 7.1 21 340 M M 10 13 27 330
8 81 67 74 -7 0 9 0.01 0.0 0 8.5 16 40 M M 8 3 21 40
9 83 64 74 -7 0 9 T 0.0 0 6.2 14 30 M M 2 19 40
10 87 62 75 -6 0 10 0.00 0.0 0 7.5 16 170 M M 1 25 170
11 90 70 80 -1 0 15 T 0.0 0 8.6 23 40 M M 4 3 31 290
12 95 71 83 1 0 18 0.00 0.0 0 8.2 17 170 M M 4 22 170
13 92 78 85 3 0 20 T 0.0 0 10.3 17 110 M M 7 24 60
14 89 70 80 -2 0 15 0.48 0.0 0 10.2 29 360 M M 8 13 43 10
15 92 67 80 -2 0 15 0.00 0.0 0 5.1 12 10 M M 2 16 10
16 91 68 80 -2 0 15 0.00 0.0 0 8.3 18 220 M M 3 24 220
17 91 72 82 0 0 17 0.00 0.0 0 9.3 21 180 M M 6 28 180
18 101 74 88 6 0 23 0.00 0.0 0 9.3 18 220 M M 3 1 24 220
19 87 74 81 -1 0 16 0.12 0.0 0 8.7 20 50 M M 7 13 25 40
20 92 73 83 1 0 18 0.08 0.0 0 9.8 21 60 M M 8 138 28 60
21 83 67 75 -7 0 10 0.40 0.0 0 8.1 18 20 M M 7 13 26 30
22 88 64 76 -6 0 11 T 0.0 0 5.8 28 20 M M 2 3 39 20
23 92 66 79 -3 0 14 0.00 0.0 0 8.9 15 190 M M 1 20 190
24 96 71 84 2 0 19 0.00 0.0 0 11.5 20 160 M M 2 26 170
25 101 72 87 5 0 22 0.00 0.0 0 14.4 26 210 M M 4 35 200
26 102 73 88 6 0 23 0.00 0.0 0 12.5 25 230 M M 4 31 240
27 100 71 86 4 0 21 0.00 0.0 0 13.0 23 190 M M 6 30 180
28 101 74 88 6 0 23 0.00 0.0 0 12.5 23 200 M M 4 29 190
29 98 72 85 3 0 20 0.00 0.0 0 8.3 21 20 M M 3 29 20
30 102 75 89 7 0 24 0.00 0.0 0 9.3 17 180 M M 2 26 180
31 103 75 89 7 0 24 0.00 0.0 0 13.4 22 200 M M 7 29 190
================================================================================
SM 2853 2154 0 497 4.60 0.0 288.0 M 148
================================================================================
AV 92.0 69.5 9.3 FASTST M M 5 MAX(MPH)
MISC ----> # 29 10 46 350
================================================================================
NOTES:
# LAST OF SEVERAL OCCURRENCES
COLUMN 17 PEAK WIND IN M.P.H.
PRELIMINARY LOCAL CLIMATOLOGICAL DATA (WS FORM: F-6) , PAGE 2
STATION: WICHITA EISENHOWER NATIONAL
MONTH: JULY
YEAR: 2023
LATITUDE: 37 39 N
LONGITUDE: 97 25 W
[TEMPERATURE DATA] [PRECIPITATION DATA] SYMBOLS USED IN COLUMN 16
AVERAGE MONTHLY: 80.8 TOTAL FOR MONTH: 4.60 1 = FOG OR MIST
DPTR FM NORMAL: -0.7 DPTR FM NORMAL: 0.62 2 = FOG REDUCING VISIBILITY
HIGHEST: 103 ON 31 GRTST 24HR 2.00 ON 5- 5 TO 1/4 MILE OR LESS
LOWEST: 62 ON 10 3 = THUNDER
SNOW, ICE PELLETS, HAIL 4 = ICE PELLETS
TOTAL MONTH: 0.0 INCH 5 = HAIL
GRTST 24HR 0.0 6 = FREEZING RAIN OR DRIZZLE
GRTST DEPTH: 0 7 = DUSTSTORM OR SANDSTORM:
VSBY 1/2 MILE OR LESS
8 = SMOKE OR HAZE
[NO. OF DAYS WITH] [WEATHER - DAYS WITH] 9 = BLOWING SNOW
X = TORNADO
MAX 32 OR BELOW: 0 0.01 INCH OR MORE: 9
MAX 90 OR ABOVE: 21 0.10 INCH OR MORE: 6
MIN 32 OR BELOW: 0 0.50 INCH OR MORE: 3
MIN 0 OR BELOW: 0 1.00 INCH OR MORE: 1
[HDD (BASE 65) ]
TOTAL THIS MO. 0 CLEAR (SCALE 0-3) 10
DPTR FM NORMAL 0 PTCLDY (SCALE 4-7) 18
TOTAL FM JUL 1 0 CLOUDY (SCALE 8-10) 3
DPTR FM NORMAL 0
[CDD (BASE 65) ]
TOTAL THIS MO. 497
DPTR FM NORMAL -15 [PRESSURE DATA]
TOTAL FM JAN 1 1025 HIGHEST SLP 30.11 ON 6
DPTR FM NORMAL -6 LOWEST SLP 29.70 ON 12
[REMARKS]
#FINAL-07-23#