000
CXUS53 KICT 020314
CF6ICT
PRELIMINARY LOCAL CLIMATOLOGICAL DATA (WS FORM: F-6)
STATION: WICHITA EISENHOWER NATIONAL
MONTH: SEPTEMBER
YEAR: 2023
LATITUDE: 37 39 N
LONGITUDE: 97 25 W
TEMPERATURE IN F: :PCPN: SNOW: WIND :SUNSHINE: SKY :PK WND
================================================================================
1 2 3 4 5 6A 6B 7 8 9 10 11 12 13 14 15 16 17 18
12Z AVG MX 2MIN
DY MAX MIN AVG DEP HDD CDD WTR SNW DPTH SPD SPD DIR MIN PSBL S-S WX SPD DR
================================================================================
1 97 65 81 4 0 16 0.00 0.0 0 11.5 18 170 M M 0 26 170
2 98 62 80 4 0 15 0.00 0.0 0 10.3 18 190 M M 0 25 190
3 99 59 79 3 0 14 0.00 0.0 0 9.7 17 160 M M 1 27 170
4 99 71 85 9 0 20 0.00 0.0 0 16.4 29 170 M M 2 36 170
5 98 72 85 9 0 20 T 0.0 0 14.2 26 220 M M 1 3 35 210
6 90 63 77 2 0 12 0.00 0.0 0 8.4 18 360 M M 0 8 26 360
7 97 63 80 5 0 15 0.00 0.0 0 11.1 21 160 M M 2 8 28 120
8 93 71 82 7 0 17 0.00 0.0 0 10.5 17 60 M M 2 8 24 80
9 92 63 78 4 0 13 0.00 0.0 0 7.2 14 120 M M 2 19 140
10 87 63 75 1 0 10 0.00 0.0 0 8.5 17 190 M M 7 23 130
11 72 63 68 -6 0 3 1.03 0.0 0 8.7 15 50 M M 10 1 19 60
12 80 57 69 -4 0 4 0.00 0.0 0 5.8 15 60 M M 5 1 22 40
13 80 57 69 -4 0 4 0.00 0.0 0 5.4 15 170 M M 5 1 25 160
14 80 65 73 1 0 8 T 0.0 0 6.9 17 190 M M 9 20 200
15 78 63 71 -1 0 6 0.13 0.0 0 5.9 13 330 M M 10 1 19 170
16 76 60 68 -4 0 3 0.02 0.0 0 4.7 9 240 M M 7 1 12 230
17 85 57 71 0 0 6 0.00 0.0 0 3.5 10 80 M M 1 1 13 60
18 91 58 75 4 0 10 0.00 0.0 0 10.6 22 180 M M 2 38 31 200
19 78 66 72 2 0 7 0.00 0.0 0 14.2 24 150 M M 8 3 31 190
20 86 63 75 5 0 10 0.00 0.0 0 11.2 20 140 M M 3 27 140
21 85 68 77 7 0 12 T 0.0 0 11.0 21 170 M M 6 27 170
22 83 68 76 7 0 11 0.00 0.0 0 15.6 30 150 M M 6 39 150
23 88 67 78 9 0 13 0.00 0.0 0 11.4 24 190 M M 5 30 190
24 89 58 74 6 0 9 0.00 0.0 0 7.6 16 360 M M 4 22 40
25 93 54 74 6 0 9 0.00 0.0 0 7.1 18 310 M M 1 8 31 290
26 94 54 74 6 0 9 0.00 0.0 0 6.5 21 220 M M 3 30 250
27 93 59 76 9 0 11 0.00 0.0 0 5.7 16 80 M M 4 21 90
28 96 63 80 13 0 15 0.00 0.0 0 11.3 23 180 M M 0 28 190
29 95 68 82 16 0 17 0.00 0.0 0 17.8 31 180 M M 2 45 170
30 95 70 83 17 0 18 0.00 0.0 0 16.3 29 170 M M 2 37 170
================================================================================
SM 2667 1890 0 337 1.18 0.0 295.0 M 110
================================================================================
AV 88.9 63.0 9.8 FASTST M M 4 MAX(MPH)
MISC ----> 31 180 45 170
================================================================================
NOTES:
# LAST OF SEVERAL OCCURRENCES
COLUMN 17 PEAK WIND IN M.P.H.
PRELIMINARY LOCAL CLIMATOLOGICAL DATA (WS FORM: F-6) , PAGE 2
STATION: WICHITA EISENHOWER NATIONAL
MONTH: SEPTEMBER
YEAR: 2023
LATITUDE: 37 39 N
LONGITUDE: 97 25 W
[TEMPERATURE DATA] [PRECIPITATION DATA] SYMBOLS USED IN COLUMN 16
AVERAGE MONTHLY: 76.0 TOTAL FOR MONTH: 1.18 1 = FOG OR MIST
DPTR FM NORMAL: 4.3 DPTR FM NORMAL: -1.87 2 = FOG REDUCING VISIBILITY
HIGHEST: 99 ON 4, 3 GRTST 24HR 1.03 ON 11-11 TO 1/4 MILE OR LESS
LOWEST: 54 ON 26,25 3 = THUNDER
SNOW, ICE PELLETS, HAIL 4 = ICE PELLETS
TOTAL MONTH: 0.0 INCH 5 = HAIL
GRTST 24HR 0.0 6 = FREEZING RAIN OR DRIZZLE
GRTST DEPTH: 0 7 = DUSTSTORM OR SANDSTORM:
VSBY 1/2 MILE OR LESS
8 = SMOKE OR HAZE
[NO. OF DAYS WITH] [WEATHER - DAYS WITH] 9 = BLOWING SNOW
X = TORNADO
MAX 32 OR BELOW: 0 0.01 INCH OR MORE: 3
MAX 90 OR ABOVE: 16 0.10 INCH OR MORE: 2
MIN 32 OR BELOW: 0 0.50 INCH OR MORE: 1
MIN 0 OR BELOW: 0 1.00 INCH OR MORE: 1
[HDD (BASE 65) ]
TOTAL THIS MO. 0 CLEAR (SCALE 0-3) 17
DPTR FM NORMAL -32 PTCLDY (SCALE 4-7) 10
TOTAL FM JUL 1 0 CLOUDY (SCALE 8-10) 3
DPTR FM NORMAL -30
[CDD (BASE 65) ]
TOTAL THIS MO. 337
DPTR FM NORMAL 104 [PRESSURE DATA]
TOTAL FM JAN 1 1912 HIGHEST SLP 30.19 ON 12
DPTR FM NORMAL 186 LOWEST SLP 29.57 ON 4
[REMARKS]
#FINAL-09-23#