000
CXUS53 KUNR 011030
CF6IEN
PRELIMINARY LOCAL CLIMATOLOGICAL DATA (WS FORM: F-6)
STATION: PINE RIDGE SD
MONTH: FEBRUARY
YEAR: 2022
LATITUDE: 43 1 N
LONGITUDE: 102 31 W
TEMPERATURE IN F: :PCPN: SNOW: WIND :SUNSHINE: SKY :PK WND
================================================================================
1 2 3 4 5 6A 6B 7 8 9 10 11 12 13 14 15 16 17 18
12Z AVG MX 2MIN
DY MAX MIN AVG DEP HDD CDD WTR SNW DPTH SPD SPD DIR MIN PSBL S-S WX SPD DR
================================================================================
1 25 M M M M M 0.00 M M 8.6 21 10 M M 3 27 360
2 9 -6 2 -23 63 0 T M M 6.5 13 40 M M 5 8 16 40
3 26 -4 11 -14 54 0 0.00 M M 9.8 23 200 M M 0 31 210
4 43 12 28 3 37 0 0.00 M M 7.8 18 240 M M 3 24 230
5 53 23 38 13 27 0 0.00 M M 9.9 25 300 M M 6 36 290
6 45 23 34 9 31 0 0.00 M M 6.8 21 290 M M 6 32 290
7 57 25 41 15 24 0 0.00 M M 10.5 23 260 M M 1 31 260
8 53 26 40 14 25 0 0.00 M M 9.9 28 290 M M 2 40 290
9 45 23 34 8 31 0 0.11 M M 4.7 18 350 M M 7 12 27 350
10 58 26 42 16 23 0 T M M 10.4 28 290 M M 7 1 44 290
11 36 13 25 -1 40 0 0.01 M M 13.0 37 10 M M 7 1 49 10
12 43 19 31 5 34 0 0.00 M M 13.0 28 290 M M 8 40 280
13 57 12 35 9 30 0 0.00 M M 7.1 24 290 M M 1 37 270
14 53 18 36 9 29 0 0.00 M M 12.4 26 190 M M 0 36 180
15 58 28 43 16 22 0 0.00 M M 10.9 26 20 M M 1 35 20
16 30 12 21 -6 44 0 0.06 M M 9.4 18 20 M M 9 18 25 10
17 34 4 19 -8 46 0 0.00 M M 7.0 18 240 M M 4 24 260
18 47 23 35 7 30 0 T M M 10.5 26 270 M M 5 1 37 280
19 59 22 41 13 24 0 0.00 M M 11.5 25 240 M M 2 33 250
20 59 21 40 12 25 0 0.00 M M 8.2 21 70 M M 0 28 70
21 20 -8 6 -23 59 0 T M M 15.1 23 360 M M 10 189 33 360
22 0 -20 -10 -39 75 0 T M M 9.7 21 350 M M 6 8 27 350
23 4 -18 -7 -36 72 0 T M M 4.3 13 150 M M 4 16 140
24 12 -14 -1 -31 66 0 T M M 4.9 12 180 M M 6 8 16 180
25 25 -15 5 -25 60 0 0.00 M M 4.4 16 240 M M 0 21 270
26 34 -5 15 -15 50 0 0.00 M M 9.0 21 270 M M 0 29 260
27 51 19 35 4 30 0 0.00 M M 8.5 20 240 M M 0 29 250
28 60 27 44 13 21 0 0.00 M M 8.5 22 250 M M 0 30 240
================================================================================
SM 1096 286 1072 0 0.18 M 252.3 M 103
================================================================================
AV 39.1 10.6 9.0 FASTST M M 4 MAX(MPH)
MISC ----> 37 10 49 10
================================================================================
NOTES:
# LAST OF SEVERAL OCCURRENCES
COLUMN 17 PEAK WIND IN M.P.H.
PRELIMINARY LOCAL CLIMATOLOGICAL DATA (WS FORM: F-6) , PAGE 2
STATION: PINE RIDGE SD
MONTH: FEBRUARY
YEAR: 2022
LATITUDE: 43 1 N
LONGITUDE: 102 31 W
[TEMPERATURE DATA] [PRECIPITATION DATA] SYMBOLS USED IN COLUMN 16
AVERAGE MONTHLY: 24.9 TOTAL FOR MONTH: 0.18 1 = FOG OR MIST
DPTR FM NORMAL: -2.3 DPTR FM NORMAL: -0.32 2 = FOG REDUCING VISIBILITY
HIGHEST: 60 ON 28 GRTST 24HR 0.11 ON 9- 9 TO 1/4 MILE OR LESS
LOWEST: -20 ON 22 3 = THUNDER
SNOW, ICE PELLETS, HAIL 4 = ICE PELLETS
TOTAL MONTH: M 5 = HAIL
GRTST 24HR M ON M 6 = FREEZING RAIN OR DRIZZLE
GRTST DEPTH: M ON M 7 = DUSTSTORM OR SANDSTORM:
VSBY 1/2 MILE OR LESS
8 = SMOKE OR HAZE
[NO. OF DAYS WITH] [WEATHER - DAYS WITH] 9 = BLOWING SNOW
X = TORNADO
MAX 32 OR BELOW: 9 0.01 INCH OR MORE: 3
MAX 90 OR ABOVE: 0 0.10 INCH OR MORE: 1
MIN 32 OR BELOW: 27 0.50 INCH OR MORE: 0
MIN 0 OR BELOW: 8 1.00 INCH OR MORE: 0
[HDD (BASE 65) ]
TOTAL THIS MO. 1072 CLEAR (SCALE 0-3) 12
DPTR FM NORMAL 15 PTCLDY (SCALE 4-7) 14
TOTAL FM JUL 1 4544 CLOUDY (SCALE 8-10) 2
DPTR FM NORMAL -652
[CDD (BASE 65) ]
TOTAL THIS MO. 0
DPTR FM NORMAL 0 [PRESSURE DATA]
TOTAL FM JAN 1 0 HIGHEST SLP 30.83 ON 22
DPTR FM NORMAL 0 LOWEST SLP 29.56 ON 15
[REMARKS]
#FINAL-02-22#