000
CXUS53 KUNR 191955
CF6IEN
PRELIMINARY LOCAL CLIMATOLOGICAL DATA (WS FORM: F-6)
STATION: PINE RIDGE SD
MONTH: DECEMBER
YEAR: 2023
LATITUDE: 43 1 N
LONGITUDE: 102 31 W
TEMPERATURE IN F: :PCPN: SNOW: WIND :SUNSHINE: SKY :PK WND
================================================================================
1 2 3 4 5 6A 6B 7 8 9 10 11 12 13 14 15 16 17 18
12Z AVG MX 2MIN
DY MAX MIN AVG DEP HDD CDD WTR SNW DPTH SPD SPD DIR MIN PSBL S-S WX SPD DR
================================================================================
1 41 16 29 0 36 0 0.00 M M 7.0 23 180 M M 3 29 180
2 41 13 27 -1 38 0 0.00 M M 4.4 17 270 M M 0 24 270
3 43 20 32 4 33 0 T M M 7.7 24 310 M M 5 33 290
4 41 15 28 0 37 0 0.11 M M 6.6 18 350 M M 4 1 26 350
5 49 17 33 6 32 0 0.00 M M 3.4 9 260 M M 5 12 250
6 61 22 42 15 23 0 0.00 M M 6.4 17 270 M M 0 25 250
7 63 22 43 16 22 0 T M M 12.7 32 270 M M 2 49 270
8 45 30 38 12 27 0 0.00 M M 13.1 26 290 M M 3 39 280
9 38 13 26 0 39 0 0.00 M M 7.4 23 330 M M 1 35 330
10 45 12 29 3 36 0 0.00 M M 4.8 17 290 M M 3 25 270
11 51 24 38 12 27 0 T M M 7.1 22 20 M M 6 1 29 10
12 34 20 27 1 38 0 0.02 M M 5.0 10 190 M M 7 1 17 170
13 43 13 28 3 37 0 0.00 M M 5.8 16 190 M M 0 21 190
14 42 29 36 11 29 0 0.00 M M 13.2 24 190 M M 4 34 190
15 44 15 30 5 35 0 0.00 M M 4.6 17 360 M M 2 22 360
16 49 9 29 4 36 0 0.00 M M 4.1 14 240 M M 0 18 260
17 54 17 36 11 29 0 0.00 M M 6.5 18 350 M M 1 27 340
18 52 11 32 8 33 0 0.00 M M 8.4 21 200 M M 0 27 190
19 56 20 38 14 27 0 0.00 M M 5.5 14 250 M M 0 22 240
20 60 19 40 16 25 0 0.00 M M 1.8 10 260 M M 0 14 250
21 56 22 39 15 26 0 0.00 M M 2.9 16 250 M M 0 24 260
22 57 17 37 13 28 0 0.00 M M 3.3 16 260 M M 0 22 260
23 51 24 38 14 27 0 0.00 M M 7.4 29 10 M M 4 8 47 20
24 32 24 28 4 37 0 T M M 16.1 31 10 M M 9 44 30
25 27 16 22 -2 43 0 0.12 M M 14.7 29 350 M M 9 1 44 10
26 32 23 28 4 37 0 0.15 M M 12.7 23 350 M M 10 1 35 340
27 36 3 20 -4 45 0 0.04 M M 7.5 20 350 M M 6 1 31 360
28 31 -3 14 -10 51 0 0.00 M M 1.8 9 250 M M 0 12 260
29 40 -1 20 -4 45 0 0.00 M M 2.5 10 250 M M 1 1 13 250
30 42 4 23 -1 42 0 0.00 M M 2.2 10 350 M M 1 1 13 350
31 32 3 18 -6 47 0 0.00 M M 1.5 10 180 M M 4 12 15 190
================================================================================
SM 1388 489 1067 0 0.44 M 208.1 M 90
================================================================================
AV 44.8 15.8 6.7 FASTST M M 3 MAX(MPH)
MISC ----> 32 270 49 270
================================================================================
NOTES:
# LAST OF SEVERAL OCCURRENCES
COLUMN 17 PEAK WIND IN M.P.H.
PRELIMINARY LOCAL CLIMATOLOGICAL DATA (WS FORM: F-6) , PAGE 2
STATION: PINE RIDGE SD
MONTH: DECEMBER
YEAR: 2023
LATITUDE: 43 1 N
LONGITUDE: 102 31 W
[TEMPERATURE DATA] [PRECIPITATION DATA] SYMBOLS USED IN COLUMN 16
AVERAGE MONTHLY: 30.3 TOTAL FOR MONTH: 0.44 1 = FOG OR MIST
DPTR FM NORMAL: 5.0 DPTR FM NORMAL: 0.07 2 = FOG REDUCING VISIBILITY
HIGHEST: 63 ON 7 GRTST 24HR 0.15 ON 26-26 TO 1/4 MILE OR LESS
LOWEST: -3 ON 28 3 = THUNDER
SNOW, ICE PELLETS, HAIL 4 = ICE PELLETS
TOTAL MONTH: M 5 = HAIL
GRTST 24HR M ON M 6 = FREEZING RAIN OR DRIZZLE
GRTST DEPTH: M ON M 7 = DUSTSTORM OR SANDSTORM:
VSBY 1/2 MILE OR LESS
8 = SMOKE OR HAZE
[NO. OF DAYS WITH] [WEATHER - DAYS WITH] 9 = BLOWING SNOW
X = TORNADO
MAX 32 OR BELOW: 5 0.01 INCH OR MORE: 5
MAX 90 OR ABOVE: 0 0.10 INCH OR MORE: 3
MIN 32 OR BELOW: 31 0.50 INCH OR MORE: 0
MIN 0 OR BELOW: 2 1.00 INCH OR MORE: 0
[HDD (BASE 65) ]
TOTAL THIS MO. 1067 CLEAR (SCALE 0-3) 17
DPTR FM NORMAL -163 PTCLDY (SCALE 4-7) 11
TOTAL FM JUL 1 2593 CLOUDY (SCALE 8-10) 3
DPTR FM NORMAL -278
[CDD (BASE 65) ]
TOTAL THIS MO. 0
DPTR FM NORMAL 0 [PRESSURE DATA]
TOTAL FM JAN 1 604 HIGHEST SLP 30.60 ON 13
DPTR FM NORMAL -181 LOWEST SLP 29.44 ON 7
[REMARKS]
#FINAL-12-23#