000
CXUS54 KFWD 010730
CF6ILE
PRELIMINARY LOCAL CLIMATOLOGICAL DATA (WS FORM: F-6)
STATION: KILLEEN SKYLARK
MONTH: MAY
YEAR: 2022
LATITUDE: 31 4 N
LONGITUDE: 97 41 W
TEMPERATURE IN F: :PCPN: SNOW: WIND :SUNSHINE: SKY :PK WND
================================================================================
1 2 3 4 5 6A 6B 7 8 9 10 11 12 13 14 15 16 17 18
12Z AVG MX 2MIN
DY MAX MIN AVG DEP HDD CDD WTR SNW DPTH SPD SPD DIR MIN PSBL S-S WX SPD DR
================================================================================
1 86 66 76 7 0 11 T M M 8.7 16 160 M M 6 21 140
2 86 70 78 9 0 13 0.00 M M 15.2 22 180 M M 6 33 190
3 80 63 72 2 0 7 0.09 M M 9.5 17 170 M M 4 1 24 180
4 90 63 77 7 0 12 0.01 M M 12.7 23 160 M M 5 1 32 170
5 83 62 73 3 0 8 1.30 M M 9.1 21 140 M M 5 138 35 220
6 88 58 73 3 0 8 0.00 M M 6.6 16 130 M M 1 12 21 130
7 94 72 83 12 0 18 0.00 M M 11.7 20 170 M M 2 1 26 140
8 94 72 83 12 0 18 0.00 M M 16.4 22 190 M M 2 1 31 170
9 94 75 85 14 0 20 0.00 M M 17.2 22 180 M M 2 1 30 160
10 92 77 85 14 0 20 0.00 M M 15.1 23 160 M M 5 31 170
11 91 71 81 9 0 16 0.00 M M 13.4 18 150 M M 2 24 150
12 92 69 81 9 0 16 0.00 M M 12.9 18 160 M M 2 25 170
13 92 66 79 7 0 14 0.00 M M 11.3 18 150 M M 0 32 320
14 94 70 82 10 0 17 T M M 8.9 15 190 M M 0 8 18 120
15 95 70 83 10 0 18 0.00 M M 10.4 16 170 M M 0 22 160
16 95 71 83 10 0 18 0.00 M M 10.5 17 70 M M 0 24 110
17 95 66 81 8 0 16 0.00 M M 13.0 20 160 M M 0 30 160
18 95 70 83 9 0 18 0.00 M M 14.4 22 170 M M 0 31 200
19 95 69 82 8 0 17 0.00 M M 16.9 23 170 M M 0 32 160
20 93 74 84 10 0 19 0.00 M M 16.5 21 170 M M 5 32 180
21 95 65 80 6 0 15 M M M 12.1 20 10 M M 3 35 300
22 82 62 72 -3 0 7 0.00 M M 11.3 20 10 M M 1 25 60
23 87 62 75 0 0 10 0.01 M M 8.4 14 110 M M 1 18 21 110
24 88 61 75 0 0 10 0.80 M M 12.1 18 140 M M 1 13 52 280
25 79 60 70 -6 0 5 0.14 M M 10.4 20 120 M M 3 3 28 120
26 94 59 77 1 0 12 0.00 M M 8.3 15 220 M M 0 8 21 220
27 95 65 80 4 0 15 0.00 M M 5.7 12 90 M M 0 8 M M
28 95 69 82 6 0 17 0.00 M M 13.3 23 170 M M 0 28 160
29 95 71 83 6 0 18 0.00 M M 16.9 22 160 M M 1 36 160
30 94 74 84 7 0 19 0.00 M M 19.2 23 160 M M 4 33 170
31 95 75 85 8 0 20 0.00 M M 14.9 21 160 M M 3 28 160
================================================================================
SM 2823 2097 0 452 2.35 M 382.9 M 64
================================================================================
AV 91.1 67.6 12.4 FASTST M M 2 MAX(MPH)
MISC ----> # 23 160 52 280
================================================================================
NOTES:
# LAST OF SEVERAL OCCURRENCES
COLUMN 17 PEAK WIND IN M.P.H.
PRELIMINARY LOCAL CLIMATOLOGICAL DATA (WS FORM: F-6) , PAGE 2
STATION: KILLEEN SKYLARK
MONTH: MAY
YEAR: 2022
LATITUDE: 31 4 N
LONGITUDE: 97 41 W
[TEMPERATURE DATA] [PRECIPITATION DATA] SYMBOLS USED IN COLUMN 16
AVERAGE MONTHLY: 79.4 TOTAL FOR MONTH: 2.35 1 = FOG OR MIST
DPTR FM NORMAL: 6.3 DPTR FM NORMAL: -1.67 2 = FOG REDUCING VISIBILITY
HIGHEST: 95 ON 31,29 GRTST 24HR 1.31 ON 4- 5 TO 1/4 MILE OR LESS
LOWEST: 58 ON 6 3 = THUNDER
SNOW, ICE PELLETS, HAIL 4 = ICE PELLETS
TOTAL MONTH: M 5 = HAIL
GRTST 24HR M ON M 6 = FREEZING RAIN OR DRIZZLE
GRTST DEPTH: M ON M 7 = DUSTSTORM OR SANDSTORM:
VSBY 1/2 MILE OR LESS
8 = SMOKE OR HAZE
[NO. OF DAYS WITH] [WEATHER - DAYS WITH] 9 = BLOWING SNOW
X = TORNADO
MAX 32 OR BELOW: 0 0.01 INCH OR MORE: 6
MAX 90 OR ABOVE: 22 0.10 INCH OR MORE: 3
MIN 32 OR BELOW: 0 0.50 INCH OR MORE: 2
MIN 0 OR BELOW: 0 1.00 INCH OR MORE: 1
[HDD (BASE 65) ]
TOTAL THIS MO. 0 CLEAR (SCALE 0-3) 23
DPTR FM NORMAL -10 PTCLDY (SCALE 4-7) 8
TOTAL FM JUL 1 1696 CLOUDY (SCALE 8-10) 0
DPTR FM NORMAL -468
[CDD (BASE 65) ]
TOTAL THIS MO. 452
DPTR FM NORMAL 191 [PRESSURE DATA]
TOTAL FM JAN 1 704 HIGHEST SLP 30.21 ON 22
DPTR FM NORMAL 314 LOWEST SLP 29.53 ON 20
[REMARKS]
#FINAL-05-22#