000
CXUS54 KFWD 010731
CF6ILE
PRELIMINARY LOCAL CLIMATOLOGICAL DATA (WS FORM: F-6)
STATION: KILLEEN SKYLARK
MONTH: MAY
YEAR: 2020
LATITUDE: 31 4 N
LONGITUDE: 97 41 W
TEMPERATURE IN F: :PCPN: SNOW: WIND :SUNSHINE: SKY :PK WND
================================================================================
1 2 3 4 5 6A 6B 7 8 9 10 11 12 13 14 15 16 17 18
12Z AVG MX 2MIN
DY MAX MIN AVG DEP HDD CDD WTR SNW DPTH SPD SPD DIR MIN PSBL S-S WX SPD DR
================================================================================
1 86 57 72 3 0 7 0.00 0.0 0 12.6 20 160 M M 0 28 170
2 89 65 77 8 0 12 0.00 0.0 0 14.4 20 160 M M 1 30 160
3 91 67 79 9 0 14 0.00 0.0 0 12.5 20 190 M M 1 24 190
4 93 69 81 11 0 16 0.00 0.0 0 13.7 18 160 M M 1 24 190
5 80 61 71 1 0 6 T 0.0 0 12.6 20 20 M M 6 3 27 30
6 82 56 69 -1 0 4 0.00 0.0 0 6.4 13 100 M M 1 M M
7 83 53 68 -3 0 3 0.00 0.0 0 12.6 25 180 M M 4 37 180
8 79 56 68 -3 0 3 0.00 0.0 0 15.8 23 360 M M 5 40 10
9 76 56 66 -5 0 1 0.00 0.0 0 8.0 14 70 M M 2 M M
10 79 49 64 -7 1 0 0.00 0.0 0 4.7 12 70 M M 0 17 70
11 82 53 68 -4 0 3 0.00 0.0 0 9.9 16 130 M M 2 32 160
12 75 64 70 -2 0 5 0.26 0.0 0 10.9 17 160 M M 9 1 23 160
13 86 66 76 4 0 11 0.00 0.0 0 11.8 18 190 M M 7 22 170
14 90 71 81 9 0 16 0.00 0.0 0 12.9 16 160 M M 5 25 190
15 90 63 77 4 0 12 0.38 0.0 0 11.1 17 340 M M 6 13 33 290
16 74 61 68 -5 0 3 0.42 0.0 0 12.0 24 340 M M 8 3 31 340
17 87 65 76 3 0 11 0.00 0.0 0 6.2 14 330 M M 0 18 320
18 95 63 79 5 0 14 0.00 0.0 0 6.2 13 190 M M 0 M M
19 97 69 83 9 0 18 0.00 0.0 0 9.2 16 160 M M 0 21 160
20 92 73 83 9 0 18 0.00 0.0 0 7.9 14 130 M M 3 12 M M
21 90 71 81 7 0 16 0.00 0.0 0 11.2 17 150 M M 3 32 290
22 93 68 81 6 0 16 0.02 0.0 0 14.6 21 190 M M 3 3 30 180
23 92 76 84 9 0 19 0.00 0.0 0 13.7 20 150 M M 5 30 160
24 89 65 77 2 0 12 1.00 0.0 0 12.6 18 130 M M 5 13 24 130
25 80 64 72 -4 0 7 0.20 0.0 0 8.4 13 360 M M 8 13 16 99
26 82 62 72 -4 0 7 T 0.0 0 6.4 13 270 M M 3 22 270
27 88 59 74 -2 0 9 0.04 0.0 0 6.1 23 40 M M 1 3 30 40
28 84 61 73 -3 0 8 0.13 0.0 0 4.5 9 40 M M 1 3 M M
29 86 66 76 -1 0 11 0.00 0.0 0 9.2 18 50 M M 0 23 20
30 87 64 76 -1 0 11 0.00 0.0 0 4.9 10 100 M M 0 8 M M
31 85 66 76 -1 0 11 0.00 0.0 0 5.9 13 80 M M 2 18 100
================================================================================
SM 2662 1959 1 304 2.45 0.0 308.9 M 92
================================================================================
AV 85.9 63.2 10.0 FASTST M M 3 MAX(MPH)
MISC ----> # 25 180 # 40 10
================================================================================
NOTES:
# LAST OF SEVERAL OCCURRENCES
COLUMN 17 PEAK WIND IN M.P.H.
PRELIMINARY LOCAL CLIMATOLOGICAL DATA (WS FORM: F-6) , PAGE 2
STATION: KILLEEN SKYLARK
MONTH: MAY
YEAR: 2020
LATITUDE: 31 4 N
LONGITUDE: 97 41 W
[TEMPERATURE DATA] [PRECIPITATION DATA] SYMBOLS USED IN COLUMN 16
AVERAGE MONTHLY: 74.5 TOTAL FOR MONTH: 2.45 1 = FOG OR MIST
DPTR FM NORMAL: 1.4 DPTR FM NORMAL: -1.57 2 = FOG REDUCING VISIBILITY
HIGHEST: 97 ON 19 GRTST 24HR 1.00 ON 24-24 TO 1/4 MILE OR LESS
LOWEST: 49 ON 10 3 = THUNDER
SNOW, ICE PELLETS, HAIL 4 = ICE PELLETS
TOTAL MONTH: 0.0 INCH 5 = HAIL
GRTST 24HR 0.0 6 = FREEZING RAIN OR DRIZZLE
GRTST DEPTH: 0 7 = DUSTSTORM OR SANDSTORM:
VSBY 1/2 MILE OR LESS
8 = SMOKE OR HAZE
[NO. OF DAYS WITH] [WEATHER - DAYS WITH] 9 = BLOWING SNOW
X = TORNADO
MAX 32 OR BELOW: 0 0.01 INCH OR MORE: 8
MAX 90 OR ABOVE: 10 0.10 INCH OR MORE: 6
MIN 32 OR BELOW: 0 0.50 INCH OR MORE: 1
MIN 0 OR BELOW: 0 1.00 INCH OR MORE: 1
[HDD (BASE 65) ]
TOTAL THIS MO. 1 CLEAR (SCALE 0-3) 20
DPTR FM NORMAL -9 PTCLDY (SCALE 4-7) 10
TOTAL FM JUL 1 1797 CLOUDY (SCALE 8-10) 1
DPTR FM NORMAL -369
[CDD (BASE 65) ]
TOTAL THIS MO. 304
DPTR FM NORMAL 43 [PRESSURE DATA]
TOTAL FM JAN 1 554 HIGHEST SLP M ON M
DPTR FM NORMAL 164 LOWEST SLP M ON M
[REMARKS]
#FINAL-05-20#