000
CXUS51 KPHI 150141
CF6ILG
PRELIMINARY LOCAL CLIMATOLOGICAL DATA (WS FORM: F-6)
STATION: WILMINGTON DE
MONTH: JUNE
YEAR: 2022
LATITUDE: 39 40 N
LONGITUDE: 75 36 W
TEMPERATURE IN F: :PCPN: SNOW: WIND :SUNSHINE: SKY :PK WND
================================================================================
1 2 3 4 5 6A 6B 7 8 9 10 11 12 13 14 15 16 17 18
12Z AVG MX 2MIN
DY MAX MIN AVG DEP HDD CDD WTR SNW DPTH SPD SPD DIR MIN PSBL S-S WX SPD DR
================================================================================
1 85 67 76 8 0 11 T 0.0 0 10.1 20 160 M M 2 24 150
2 87 65 76 8 0 11 1.06 0.0 0 5.1 24 350 M M 8 1238 29 350
3 81 63 72 3 0 7 0.00 0.0 0 6.9 17 330 M M 2 1 20 330
4 86 57 72 3 0 7 0.00 0.0 0 4.9 16 320 M M 0 21 310
5 79 58 69 0 0 4 0.00 0.0 0 8.7 18 150 M M 0 25 40
6 80 54 67 -3 0 2 0.00 0.0 0 8.6 21 160 M M 0 25 150
7 81 60 71 1 0 6 0.03 0.0 0 12.1 25 160 M M 5 30 160
8 87 68 78 8 0 13 1.43 0.0 0 6.0 18 200 M M 5 13 24 210
9 84 63 74 3 0 9 0.37 0.0 0 13.6 25 300 M M 5 13 33 290
10 81 57 69 -2 0 4 0.00 0.0 0 7.3 16 280 M M 1 27 290
11 71 62 67 -4 0 2 0.01 0.0 0 2.6 13 330 M M 4 15 330
12 80 63 72 0 0 7 0.52 0.0 0 7.4 16 150 M M 7 13 20 140
13 90 68 79 7 0 14 0.01 0.0 0 4.2 13 290 M M 3 18 290
14 84 64 74 2 0 9 0.18 0.0 0 6.4 24 300 M M 1 13 30 290
15 86 63 75 2 0 10 0.00 0.0 0 7.8 22 160 M M 1 26 160
16 77 67 72 -1 0 7 0.37 0.0 0 11.5 22 170 M M 9 13 28 170
17 95 69 82 9 0 17 0.00 0.0 0 10.0 30 290 M M 1 1 38 280
18 73 57 65 -9 0 0 0.00 0.0 0 13.1 28 330 M M 3 35 320
19 77 53 65 -9 0 0 0.00 0.0 0 12.4 25 330 M M 0 33 330
20 82 50 66 -8 0 1 0.00 0.0 0 7.0 15 310 M M 0 21 310
21 81 58 70 -4 0 5 T 0.0 0 4.6 13 220 M M 2 16 200
22 79 65 72 -3 0 7 T 0.0 0 8.1 18 130 M M 7 138 24 130
23 73 62 68 -7 0 3 0.45 0.0 0 6.1 14 100 M M 9 1 17 100
24 81 58 70 -5 0 5 0.00 0.0 0 3.7 10 210 M M 4 1 14 330
25 89 65 77 2 0 12 0.00 0.0 0 5.6 15 160 M M 1 1 17 170
26 87 67 77 1 0 12 0.00 0.0 0 8.9 20 170 M M 2 1 25 160
27 80 68 74 -2 0 9 0.15 0.0 0 7.4 15 310 M M 6 13 21 320
28 81 60 71 -5 0 6 0.00 0.0 0 5.8 15 310 M M 0 20 320
29 86 62 74 -2 0 9 0.00 0.0 0 5.5 16 160 M M 0 20 240
30 91 65 78 2 0 13 0.00 0.0 0 4.7 15 170 M M 0 19 230
================================================================================
SM 2474 1858 0 222 4.58 0.0 226.1 M 88
================================================================================
AV 82.5 61.9 7.5 FASTST M M 3 MAX(MPH)
MISC ----> 30 290 38 280
================================================================================
NOTES:
# LAST OF SEVERAL OCCURRENCES
COLUMN 17 PEAK WIND IN M.P.H.
PRELIMINARY LOCAL CLIMATOLOGICAL DATA (WS FORM: F-6) , PAGE 2
STATION: WILMINGTON DE
MONTH: JUNE
YEAR: 2022
LATITUDE: 39 40 N
LONGITUDE: 75 36 W
[TEMPERATURE DATA] [PRECIPITATION DATA] SYMBOLS USED IN COLUMN 16
AVERAGE MONTHLY: 72.2 TOTAL FOR MONTH: 4.58 1 = FOG OR MIST
DPTR FM NORMAL: -0.4 DPTR FM NORMAL: -0.09 2 = FOG REDUCING VISIBILITY
HIGHEST: 95 ON 17 GRTST 24HR 1.80 ON 8- 9 TO 1/4 MILE OR LESS
LOWEST: 50 ON 20 3 = THUNDER
SNOW, ICE PELLETS, HAIL 4 = ICE PELLETS
TOTAL MONTH: 0.0 INCH 5 = HAIL
GRTST 24HR 0.0 6 = FREEZING RAIN OR DRIZZLE
GRTST DEPTH: 0 7 = DUSTSTORM OR SANDSTORM:
VSBY 1/2 MILE OR LESS
8 = SMOKE OR HAZE
[NO. OF DAYS WITH] [WEATHER - DAYS WITH] 9 = BLOWING SNOW
X = TORNADO
MAX 32 OR BELOW: 0 0.01 INCH OR MORE: 11
MAX 90 OR ABOVE: 3 0.10 INCH OR MORE: 8
MIN 32 OR BELOW: 0 0.50 INCH OR MORE: 3
MIN 0 OR BELOW: 0 1.00 INCH OR MORE: 2
[HDD (BASE 65) ]
TOTAL THIS MO. 0 CLEAR (SCALE 0-3) 18
DPTR FM NORMAL -13 PTCLDY (SCALE 4-7) 10
TOTAL FM JUL 1 4193 CLOUDY (SCALE 8-10) 2
DPTR FM NORMAL -450
[CDD (BASE 65) ]
TOTAL THIS MO. 222
DPTR FM NORMAL -19 [PRESSURE DATA]
TOTAL FM JAN 1 342 HIGHEST SLP 30.26 ON 29
DPTR FM NORMAL 14 LOWEST SLP 29.57 ON 9
[REMARKS]
#FINAL-06-22#