000
CXUS51 KPHI 011408
CF6ILG
PRELIMINARY LOCAL CLIMATOLOGICAL DATA (WS FORM: F-6)
STATION: WILMINGTON DE
MONTH: MAY
YEAR: 2021
LATITUDE: 39 40 N
LONGITUDE: 75 36 W
TEMPERATURE IN F: :PCPN: SNOW: WIND :SUNSHINE: SKY :PK WND
================================================================================
1 2 3 4 5 6A 6B 7 8 9 10 11 12 13 14 15 16 17 18
12Z AVG MX 2MIN
DY MAX MIN AVG DEP HDD CDD WTR SNW DPTH SPD SPD DIR MIN PSBL S-S WX SPD DR
================================================================================
1 67 44 56 -3 9 0 0.00 0.0 0 13.3 29 310 M M 1 38 310
2 84 54 69 9 0 4 0.00 0.0 0 9.9 22 240 M M 1 27 230
3 75 61 68 8 0 3 0.08 0.0 0 5.9 13 160 M M 6 1 15 160
4 84 64 74 14 0 9 0.01 0.0 0 7.4 16 170 M M 6 18 20 160
5 78 55 67 7 0 2 0.25 0.0 0 7.7 25 330 M M 7 1 32 310
6 65 47 56 -5 9 0 0.00 0.0 0 9.3 20 330 M M 1 26 340
7 66 42 54 -7 11 0 0.01 0.0 0 7.1 17 290 M M 4 23 290
8 56 42 49 -12 16 0 0.05 0.0 0 9.5 28 320 M M 5 3 35 300
9 57 40 49 -13 16 0 T 0.0 0 7.2 16 140 M M 5 20 140
10 64 49 57 -5 8 0 T 0.0 0 10.2 26 310 M M 6 32 300
11 68 45 57 -5 8 0 0.00 0.0 0 10.0 24 290 M M 4 31 300
12 70 43 57 -5 8 0 0.00 0.0 0 7.6 20 330 M M 2 25 310
13 72 44 58 -5 7 0 0.00 0.0 0 6.5 16 320 M M 2 27 340
14 76 46 61 -2 4 0 0.00 0.0 0 4.9 13 170 M M 2 17 160
15 77 44 61 -2 4 0 0.00 0.0 0 6.2 20 130 M M 1 25 140
16 72 44 58 -5 7 0 0.00 0.0 0 4.3 13 290 M M 0 16 290
17 76 46 61 -3 4 0 0.00 0.0 0 5.2 13 180 M M 0 17 150
18 80 49 65 1 0 0 0.00 0.0 0 5.7 15 240 M M 0 21 260
19 89 55 72 8 0 7 0.00 0.0 0 5.4 13 350 M M 0 19 300
20 78 56 67 3 0 2 0.00 0.0 0 8.3 23 170 M M 0 30 170
21 81 50 66 1 0 1 0.00 0.0 0 5.8 16 170 M M 0 19 170
22 92 61 77 12 0 12 T 0.0 0 8.4 20 290 M M 0 23 290
23 94 72 83 18 0 18 0.00 0.0 0 10.1 21 320 M M 4 27 280
24 77 58 68 2 0 3 0.08 0.0 0 10.0 22 70 M M 9 26 70
25 73 58 66 0 0 1 0.00 0.0 0 7.2 16 160 M M 6 20 170
26 89 64 77 11 0 12 0.49 0.0 0 7.3 23 320 M M 6 138 28 310
27 84 65 75 8 0 10 0.00 0.0 0 8.2 17 320 M M 0 21 300
28 71 52 62 -5 3 0 0.66 0.0 0 13.0 25 40 M M 8 138 33 50
29 53 49 51 -16 14 0 1.22 0.0 0 15.2 28 50 M M 10 1 41 50
30 53 47 50 -18 15 0 0.18 0.0 0 9.4 16 20 M M 10 18 21 20
31 74 48 61 -7 4 0 0.00 0.0 0 7.9 18 340 M M 4 23 330
================================================================================
SM 2295 1594 147 84 3.03 0.0 254.1 M 110
================================================================================
AV 74.0 51.4 8.2 FASTST M M 4 MAX(MPH)
MISC ----> 29 310 41 50
================================================================================
NOTES:
# LAST OF SEVERAL OCCURRENCES
COLUMN 17 PEAK WIND IN M.P.H.
PRELIMINARY LOCAL CLIMATOLOGICAL DATA (WS FORM: F-6) , PAGE 2
STATION: WILMINGTON DE
MONTH: MAY
YEAR: 2021
LATITUDE: 39 40 N
LONGITUDE: 75 36 W
[TEMPERATURE DATA] [PRECIPITATION DATA] SYMBOLS USED IN COLUMN 16
AVERAGE MONTHLY: 62.7 TOTAL FOR MONTH: 3.03 1 = FOG OR MIST
DPTR FM NORMAL: -0.8 DPTR FM NORMAL: -0.54 2 = FOG REDUCING VISIBILITY
HIGHEST: 94 ON 23 GRTST 24HR 1.86 ON 28-29 TO 1/4 MILE OR LESS
LOWEST: 40 ON 9 3 = THUNDER
SNOW, ICE PELLETS, HAIL 4 = ICE PELLETS
TOTAL MONTH: 0.0 INCH 5 = HAIL
GRTST 24HR 0.0 6 = FREEZING RAIN OR DRIZZLE
GRTST DEPTH: 0 7 = DUSTSTORM OR SANDSTORM:
VSBY 1/2 MILE OR LESS
8 = SMOKE OR HAZE
[NO. OF DAYS WITH] [WEATHER - DAYS WITH] 9 = BLOWING SNOW
X = TORNADO
MAX 32 OR BELOW: 0 0.01 INCH OR MORE: 10
MAX 90 OR ABOVE: 2 0.10 INCH OR MORE: 5
MIN 32 OR BELOW: 0 0.50 INCH OR MORE: 2
MIN 0 OR BELOW: 0 1.00 INCH OR MORE: 1
[HDD (BASE 65) ]
TOTAL THIS MO. 147 CLEAR (SCALE 0-3) 15
DPTR FM NORMAL 25 PTCLDY (SCALE 4-7) 12
TOTAL FM JUL 1 4344 CLOUDY (SCALE 8-10) 4
DPTR FM NORMAL -290
[CDD (BASE 65) ]
TOTAL THIS MO. 84
DPTR FM NORMAL 10 [PRESSURE DATA]
TOTAL FM JAN 1 101 HIGHEST SLP 30.55 ON 21
DPTR FM NORMAL 14 LOWEST SLP 29.65 ON 4
[REMARKS]
#FINAL-05-21#
RERUN TO POPULATE MISSING SNOWFALL AND SNOW DEPTH VALUES.