000
CXUS53 KILX 232145
CF6ILX
PRELIMINARY LOCAL CLIMATOLOGICAL DATA (WS FORM: F-6)
STATION: LINCOLN IL
MONTH: FEBRUARY
YEAR: 2024
LATITUDE: 40 9 N
LONGITUDE: 89 20 W
TEMPERATURE IN F: :PCPN: SNOW: WIND :SUNSHINE: SKY :PK WND
================================================================================
1 2 3 4 5 6A 6B 7 8 9 10 11 12 13 14 15 16 17 18
12Z AVG MX 2MIN
DY MAX MIN AVG DEP HDD CDD WTR SNW DPTH SPD SPD DIR MIN PSBL S-S WX SPD DR
================================================================================
1 57 32 45 18 20 0 0.00 0.0 0 M M M M M M 1 M M
2 46 32 39 12 26 0 0.00 0.0 0 M M M M M M 12 M M
3 50 30 40 13 25 0 0.00 0.0 0 M M M M M M 1 M M
4 47 30 39 12 26 0 0.00 0.0 0 M M M M M M M M
5 49 27 38 10 27 0 0.00 0.0 0 M M M M M M 1 M M
6 42 24 33 5 32 0 0.00 0.0 0 M M M M M M 12 M M
7 50 31 41 13 24 0 0.00 0.0 0 M M M M M M 1 M M
8 61 41 51 23 14 0 0.00 0.0 0 M M M M M M M M
9 65 39 52 23 13 0 0.00 0.0 0 M M M M M M 1 M M
10 43 30 37 8 28 0 0.00 0.0 0 M M M M M M M M
11 45 25 35 6 30 0 0.00 0.0 0 M M M M M M M M
12 45 24 35 5 30 0 0.00 0.0 0 M M M M M M M M
13 46 28 37 7 28 0 0.00 0.0 0 M M M M M M M M
14 52 28 40 10 25 0 0.00 0.0 0 M M M M M M M M
15 48 31 40 10 25 0 0.02 0.0 0 M M M M M M M M
16 34 18 26 -5 39 0 0.26 3.1 0 M M M M M M 1 M M
17 21 7 14 -17 51 0 0.00 0.0 3 M M M M M M M M
18 39 17 28 -4 37 0 0.00 0.0 3 M M M M M M M M
19 48 19 34 2 31 0 0.00 0.0 T M M M M M M M M
20 58 26 42 10 23 0 0.00 0.0 0 M M M M M M M M
21 68 32 50 17 15 0 0.00 0.0 0 M M M M M M M M
22 61 43 52 19 13 0 0.00 0.0 0 M M M M M M 1 M M
23 57 33 45 12 20 0 T 0.0 0 M M M M M M M M
24 39 22 31 -3 34 0 0.00 0.0 0 M M M M M M M M
25 65 25 45 11 20 0 0.00 0.0 0 M M M M M M M M
26 76 32 54 20 11 0 0.00 0.0 0 M M M M M M M M
27 78 34 56 21 9 0 0.01 0.0 0 M M M M M M 1 M M
28 34 17 26 -9 39 0 0.02 T 0 M M M M M M 1 M M
29 48 15 32 -4 33 0 0.00 0.0 0 M M M M M M M M
================================================================================
SM 1472 792 748 0 0.31 3.1 M M M
================================================================================
AV 50.8 27.3 M FASTST M M M MAX(MPH)
MISC ----> M M M M
================================================================================
NOTES:
# LAST OF SEVERAL OCCURRENCES
COLUMN 17 PEAK WIND IN M.P.H.
PRELIMINARY LOCAL CLIMATOLOGICAL DATA (WS FORM: F-6) , PAGE 2
STATION: LINCOLN IL
MONTH: FEBRUARY
YEAR: 2024
LATITUDE: 40 9 N
LONGITUDE: 89 20 W
[TEMPERATURE DATA] [PRECIPITATION DATA] SYMBOLS USED IN COLUMN 16
AVERAGE MONTHLY: 39.0 TOTAL FOR MONTH: 0.31 1 = FOG OR MIST
DPTR FM NORMAL: 8.4 DPTR FM NORMAL: -1.61 2 = FOG REDUCING VISIBILITY
HIGHEST: 78 ON 27 GRTST 24HR 0.26 ON 16-16 TO 1/4 MILE OR LESS
LOWEST: 7 ON 17 3 = THUNDER
SNOW, ICE PELLETS, HAIL 4 = ICE PELLETS
TOTAL MONTH: 3.1 INCHES 5 = HAIL
GRTST 24HR 3.1 ON 16-16 6 = FREEZING RAIN OR DRIZZLE
GRTST DEPTH: 3 ON 18,17 7 = DUSTSTORM OR SANDSTORM:
VSBY 1/2 MILE OR LESS
8 = SMOKE OR HAZE
[NO. OF DAYS WITH] [WEATHER - DAYS WITH] 9 = BLOWING SNOW
X = TORNADO
MAX 32 OR BELOW: 1 0.01 INCH OR MORE: 4
MAX 90 OR ABOVE: 0 0.10 INCH OR MORE: 1
MIN 32 OR BELOW: 24 0.50 INCH OR MORE: 0
MIN 0 OR BELOW: 0 1.00 INCH OR MORE: 0
[HDD (BASE 65) ]
TOTAL THIS MO. 748 CLEAR (SCALE 0-3) 0
DPTR FM NORMAL -216 PTCLDY (SCALE 4-7) 0
TOTAL FM JUL 1 3784 CLOUDY (SCALE 8-10) 29
DPTR FM NORMAL -636
[CDD (BASE 65) ]
TOTAL THIS MO. 0
DPTR FM NORMAL 0 [PRESSURE DATA]
TOTAL FM JAN 1 0 HIGHEST SLP M ON M
DPTR FM NORMAL 0 LOWEST SLP M ON M
[REMARKS]
#FINAL-02-24#