000
CXUS54 KMAF 030138
CF6INK
PRELIMINARY LOCAL CLIMATOLOGICAL DATA (WS FORM: F-6)
STATION: WINK
MONTH: APRIL
YEAR: 2022
LATITUDE: 31 46 N
LONGITUDE: 103 12 W
TEMPERATURE IN F: :PCPN: SNOW: WIND :SUNSHINE: SKY :PK WND
================================================================================
1 2 3 4 5 6A 6B 7 8 9 10 11 12 13 14 15 16 17 18
12Z AVG MX 2MIN
DY MAX MIN AVG DEP HDD CDD WTR SNW DPTH SPD SPD DIR MIN PSBL S-S WX SPD DR
================================================================================
1 85 46 66 4 0 1 0.00 M M 12.2 29 280 M M 0 34 280
2 82 42 62 -1 3 0 0.00 M M 9.2 16 160 M M 0 23 130
3 92 56 74 11 0 9 0.00 M M 10.4 18 130 M M 0 25 200
4 81 54 68 5 0 3 0.00 M M 10.6 21 10 M M 1 25 50
5 92 44 68 4 0 3 0.00 M M 15.1 32 260 M M 0 8 41 260
6 78 50 64 0 1 0 0.00 M M 11.3 39 30 M M 1 8 46 20
7 70 37 54 -10 11 0 0.00 M M 6.9 14 120 M M 0 18 120
8 72 38 55 -9 10 0 0.00 M M 7.4 16 80 M M 0 21 150
9 90 35 63 -1 2 0 0.00 M M 9.4 23 200 M M 0 29 200
10 88 55 72 7 0 7 0.00 M M 14.1 30 260 M M 0 39 250
11 90 59 75 10 0 10 0.00 M M 14.6 26 260 M M 0 33 250
12 92 54 73 8 0 8 0.00 M M 14.5 36 240 M M 0 47 260
13 77 51 64 -1 1 0 0.00 M M 13.7 32 330 M M 0 40 320
14 85 35 60 -6 5 0 0.00 M M 8.2 23 150 M M 0 28 150
15 94 55 75 9 0 10 0.00 M M 13.5 29 260 M M 0 35 270
16 80 50 65 -1 0 0 0.00 M M 10.1 26 30 M M 0 32 30
17 91 45 68 2 0 3 0.00 M M 8.1 22 330 M M 0 30 360
18 85 50 68 2 0 3 0.00 M M 16.9 28 100 M M 0 34 110
19 83 59 71 4 0 6 0.00 M M 18.4 30 140 M M 0 35 130
20 96 57 77 10 0 12 0.00 M M 11.9 29 270 M M 1 12 36 280
21 97 60 79 12 0 14 0.00 M M 12.0 32 150 M M 0 18 38 150
22 100 69 85 17 0 20 0.00 M M 26.4 40 140 M M 1 8 50 140
23 92 65 79 11 0 14 0.00 M M 11.3 29 250 M M 0 39 240
24 87 53 70 2 0 5 0.00 M M 11.4 24 80 M M 1 30 90
25 75 57 66 -2 0 1 0.00 M M 14.3 23 70 M M 5 30 80
26 74 43 59 -9 6 0 0.00 M M 12.5 24 160 M M 1 28 160
27 88 59 74 5 0 9 0.00 M M 18.7 33 150 M M 1 39 140
28 97 60 79 10 0 14 0.00 M M 14.8 25 150 M M 0 32 140
29 93 55 74 5 0 9 0.00 M M 12.1 31 260 M M 0 36 250
30 85 53 69 -1 0 4 0.00 M M 11.1 25 50 M M 0 8 29 40
================================================================================
SM 2591 1546 39 165 0.00 M 381.1 M 12
================================================================================
AV 86.4 51.5 12.7 FASTST M M 0 MAX(MPH)
MISC ----> 40 140 50 140
================================================================================
NOTES:
# LAST OF SEVERAL OCCURRENCES
COLUMN 17 PEAK WIND IN M.P.H.
PRELIMINARY LOCAL CLIMATOLOGICAL DATA (WS FORM: F-6) , PAGE 2
STATION: WINK
MONTH: APRIL
YEAR: 2022
LATITUDE: 31 46 N
LONGITUDE: 103 12 W
[TEMPERATURE DATA] [PRECIPITATION DATA] SYMBOLS USED IN COLUMN 16
AVERAGE MONTHLY: 69.0 TOTAL FOR MONTH: 0.00 1 = FOG OR MIST
DPTR FM NORMAL: 2.9 DPTR FM NORMAL: -0.47 2 = FOG REDUCING VISIBILITY
HIGHEST: 100 ON 22 GRTST 24HR 0.00 ON 1- 1 TO 1/4 MILE OR LESS
LOWEST: 35 ON 14, 9 3 = THUNDER
SNOW, ICE PELLETS, HAIL 4 = ICE PELLETS
TOTAL MONTH: M 5 = HAIL
GRTST 24HR M ON M 6 = FREEZING RAIN OR DRIZZLE
GRTST DEPTH: M ON M 7 = DUSTSTORM OR SANDSTORM:
VSBY 1/2 MILE OR LESS
8 = SMOKE OR HAZE
[NO. OF DAYS WITH] [WEATHER - DAYS WITH] 9 = BLOWING SNOW
X = TORNADO
MAX 32 OR BELOW: 0 0.01 INCH OR MORE: 0
MAX 90 OR ABOVE: 13 0.10 INCH OR MORE: 0
MIN 32 OR BELOW: 0 0.50 INCH OR MORE: 0
MIN 0 OR BELOW: 0 1.00 INCH OR MORE: 0
[HDD (BASE 65) ]
TOTAL THIS MO. 39 CLEAR (SCALE 0-3) 29
DPTR FM NORMAL -43 PTCLDY (SCALE 4-7) 1
TOTAL FM JUL 1 2306 CLOUDY (SCALE 8-10) 0
DPTR FM NORMAL -136
[CDD (BASE 65) ]
TOTAL THIS MO. 165
DPTR FM NORMAL 53 [PRESSURE DATA]
TOTAL FM JAN 1 184 HIGHEST SLP 30.34 ON 7
DPTR FM NORMAL 46 LOWEST SLP 29.43 ON 12
[REMARKS]
#FINAL-04-22#