000
CXUS54 KMAF 012209
CF6INK
PRELIMINARY LOCAL CLIMATOLOGICAL DATA (WS FORM: F-6)
STATION: WINK
MONTH: FEBRUARY
YEAR: 2022
LATITUDE: 31 46 N
LONGITUDE: 103 12 W
TEMPERATURE IN F: :PCPN: SNOW: WIND :SUNSHINE: SKY :PK WND
================================================================================
1 2 3 4 5 6A 6B 7 8 9 10 11 12 13 14 15 16 17 18
12Z AVG MX 2MIN
DY MAX MIN AVG DEP HDD CDD WTR SNW DPTH SPD SPD DIR MIN PSBL S-S WX SPD DR
================================================================================
1 68 28 48 1 17 0 0.00 M M 6.0 14 20 M M 0 17 10
2 47 23 35 -12 30 0 T M M 13.1 23 30 M M 8 8 29 30
3 27 16 22 -25 43 0 T M M 13.4 23 10 M M 9 8 28 360
4 40 8 24 -24 41 0 0.00 M M 5.9 14 10 M M 0 16 300
5 50 8 29 -19 36 0 0.00 M M 6.0 15 220 M M 0 8 20 220
6 60 16 38 -10 27 0 0.00 M M 13.8 24 30 M M 1 33 30
7 55 24 40 -8 25 0 0.00 M M 7.6 18 30 M M 0 23 30
8 66 18 42 -6 23 0 0.00 M M 7.2 21 240 M M 0 27 240
9 65 27 46 -2 19 0 0.00 M M 7.9 13 160 M M 0 8 15 120
10 67 24 46 -3 19 0 0.00 M M 6.0 10 230 M M 0 11 240
11 75 28 52 3 13 0 0.00 M M 10.7 22 330 M M 0 28 40
12 51 32 42 -7 23 0 0.00 M M 10.7 31 40 M M 3 35 40
13 63 19 41 -8 24 0 0.00 M M 5.6 13 200 M M 0 15 210
14 74 23 49 -1 16 0 0.00 M M 7.7 18 240 M M 0 23 240
15 80 36 58 8 7 0 0.00 M M 12.7 24 140 M M 0 30 140
16 81 41 61 11 4 0 0.00 M M 15.9 39 310 M M 1 8 54 220
17 56 31 44 -6 21 0 0.00 M M 14.1 38 270 M M 0 8 48 270
18 60 18 39 -11 26 0 0.00 M M 6.1 15 200 M M 0 20 220
19 66 25 46 -5 19 0 0.00 M M 9.7 17 130 M M 0 23 170
20 77 41 59 8 6 0 0.00 M M 8.9 18 250 M M 0 24 220
21 77 32 55 4 10 0 T M M 8.8 30 220 M M 2 8 35 270
22 77 36 57 6 8 0 0.00 M M 14.7 26 90 M M 0 32 90
23 36 22 29 -23 36 0 0.00 M M 11.3 25 50 M M 2 30 50
24 51 19 35 -17 30 0 0.00 M M 7.2 15 30 M M 4 18 16 30
25 48 23 36 -16 29 0 0.00 M M 10.7 23 120 M M 0 26 120
26 54 28 41 -11 24 0 0.00 M M 7.1 13 100 M M 0 16 120
27 59 19 39 -14 26 0 0.00 M M 4.7 9 350 M M 0 11 120
28 64 20 42 -11 23 0 0.00 M M 6.9 13 120 M M 0 16 130
================================================================================
SM 1694 685 625 0 T M 260.4 M 30
================================================================================
AV 60.5 24.5 9.3 FASTST M M 1 MAX(MPH)
MISC ----> 39 310 54 220
================================================================================
NOTES:
# LAST OF SEVERAL OCCURRENCES
COLUMN 17 PEAK WIND IN M.P.H.
PRELIMINARY LOCAL CLIMATOLOGICAL DATA (WS FORM: F-6) , PAGE 2
STATION: WINK
MONTH: FEBRUARY
YEAR: 2022
LATITUDE: 31 46 N
LONGITUDE: 103 12 W
[TEMPERATURE DATA] [PRECIPITATION DATA] SYMBOLS USED IN COLUMN 16
AVERAGE MONTHLY: 42.5 TOTAL FOR MONTH: T 1 = FOG OR MIST
DPTR FM NORMAL: -7.2 DPTR FM NORMAL: -0.40 2 = FOG REDUCING VISIBILITY
HIGHEST: 81 ON 16 GRTST 24HR T ON 2- 2 TO 1/4 MILE OR LESS
LOWEST: 8 ON 5, 4 3 = THUNDER
SNOW, ICE PELLETS, HAIL 4 = ICE PELLETS
TOTAL MONTH: M 5 = HAIL
GRTST 24HR M ON M 6 = FREEZING RAIN OR DRIZZLE
GRTST DEPTH: M ON M 7 = DUSTSTORM OR SANDSTORM:
VSBY 1/2 MILE OR LESS
8 = SMOKE OR HAZE
[NO. OF DAYS WITH] [WEATHER - DAYS WITH] 9 = BLOWING SNOW
X = TORNADO
MAX 32 OR BELOW: 1 0.01 INCH OR MORE: 0
MAX 90 OR ABOVE: 0 0.10 INCH OR MORE: 0
MIN 32 OR BELOW: 24 0.50 INCH OR MORE: 0
MIN 0 OR BELOW: 0 1.00 INCH OR MORE: 0
[HDD (BASE 65) ]
TOTAL THIS MO. 625 CLEAR (SCALE 0-3) 25
DPTR FM NORMAL 197 PTCLDY (SCALE 4-7) 2
TOTAL FM JUL 1 1932 CLOUDY (SCALE 8-10) 1
DPTR FM NORMAL -182
[CDD (BASE 65) ]
TOTAL THIS MO. 0
DPTR FM NORMAL -2 [PRESSURE DATA]
TOTAL FM JAN 1 0 HIGHEST SLP 30.71 ON 4
DPTR FM NORMAL 0 LOWEST SLP 29.46 ON 16
[REMARKS]
#FINAL-02-22#