000
CXUS56 KFGZ 012139
CF6INW
PRELIMINARY LOCAL CLIMATOLOGICAL DATA (WS FORM: F-6)
STATION: WINSLOW AZ AIRPORT
MONTH: JANUARY
YEAR: 2022
LATITUDE: 35 1 N
LONGITUDE: 110 44 W
TEMPERATURE IN F: :PCPN: SNOW: WIND :SUNSHINE: SKY :PK WND
================================================================================
1 2 3 4 5 6A 6B 7 8 9 10 11 12 13 14 15 16 17 18
12Z AVG MX 2MIN
DY MAX MIN AVG DEP HDD CDD WTR SNW DPTH SPD SPD DIR MIN PSBL S-S WX SPD DR
================================================================================
1 41 15 28 -6 37 0 0.16 M M 11.9 25 320 M M 5 1 32 340
2 33 11 22 -12 43 0 0.00 M M 4.6 13 150 M M 0 15 140
3 38 10 24 -10 41 0 0.00 M M 2.7 10 150 M M 0 13 150
4 55 20 38 4 27 0 0.00 M M 4.8 10 140 M M 0 13 170
5 57 20 39 5 26 0 0.00 M M 4.7 10 140 M M 0 12 160
6 58 26 42 7 23 0 0.00 M M 5.2 10 150 M M 0 12 150
7 67 25 46 11 19 0 0.00 M M 9.7 23 260 M M 0 28 270
8 59 33 46 11 19 0 0.00 M M 7.8 22 300 M M 1 26 300
9 53 23 38 3 27 0 0.00 M M 5.1 12 260 M M 0 14 30
10 50 16 33 -2 32 0 0.00 M M 3.5 10 330 M M 0 13 10
11 49 16 33 -2 32 0 0.00 M M 2.5 9 330 M M 0 11 340
12 51 12 32 -3 33 0 0.00 M M 3.3 10 10 M M 0 13 360
13 53 19 36 1 29 0 0.00 M M 3.5 10 140 M M 0 12 140
14 60 29 45 9 20 0 0.00 M M 8.0 22 340 M M 1 26 340
15 49 19 34 -2 31 0 0.00 M M 4.5 10 280 M M 0 11 280
16 52 14 33 -3 32 0 0.00 M M 2.8 10 260 M M 0 11 260
17 50 18 34 -2 31 0 0.00 M M 3.0 10 230 M M 0 11 230
18 52 22 37 1 28 0 0.03 M M 6.5 26 280 M M 7 31 270
19 51 22 37 1 28 0 0.00 M M 3.3 13 340 M M 5 1 16 330
20 50 19 35 -1 30 0 0.00 M M 3.6 10 320 M M 2 128 14 320
21 51 20 36 0 29 0 0.00 M M 11.0 22 320 M M 1 26 320
22 48 31 40 3 25 0 T M M 5.0 17 200 M M 8 19 210
23 54 22 38 1 27 0 0.00 M M 6.3 15 340 M M 1 23 310
24 59 17 38 1 27 0 0.00 M M 3.3 12 260 M M 0 15 340
25 59 18 39 2 26 0 0.00 M M 9.8 28 290 M M 3 8 43 270
26 48 21 35 -2 30 0 0.00 M M 5.5 14 310 M M 0 17 310
27 51 9 30 -7 35 0 0.00 M M 6.6 22 350 M M 0 32 340
28 49 9 29 -9 36 0 0.00 M M 5.6 12 360 M M 0 14 330
29 50 12 31 -7 34 0 0.00 M M 2.5 10 280 M M 1 12 350
30 52 27 40 2 25 0 0.01 M M 3.2 13 230 M M 5 16 260
31 60 19 40 2 25 0 0.00 M M 5.8 13 120 M M 0 14 120
================================================================================
SM 1609 594 907 0 0.20 M 165.6 M 40
================================================================================
AV 51.9 19.2 5.3 FASTST M M 1 MAX(MPH)
MISC ----> 28 290 43 270
================================================================================
NOTES:
# LAST OF SEVERAL OCCURRENCES
COLUMN 17 PEAK WIND IN M.P.H.
PRELIMINARY LOCAL CLIMATOLOGICAL DATA (WS FORM: F-6) , PAGE 2
STATION: WINSLOW AZ AIRPORT
MONTH: JANUARY
YEAR: 2022
LATITUDE: 35 1 N
LONGITUDE: 110 44 W
[TEMPERATURE DATA] [PRECIPITATION DATA] SYMBOLS USED IN COLUMN 16
AVERAGE MONTHLY: 35.5 TOTAL FOR MONTH: 0.20 1 = FOG OR MIST
DPTR FM NORMAL: -0.4 DPTR FM NORMAL: -0.31 2 = FOG REDUCING VISIBILITY
HIGHEST: 67 ON 7 GRTST 24HR 0.16 ON 1- 1 TO 1/4 MILE OR LESS
LOWEST: 9 ON 28,27 3 = THUNDER
SNOW, ICE PELLETS, HAIL 4 = ICE PELLETS
TOTAL MONTH: M 5 = HAIL
GRTST 24HR M ON M 6 = FREEZING RAIN OR DRIZZLE
GRTST DEPTH: M ON M 7 = DUSTSTORM OR SANDSTORM:
VSBY 1/2 MILE OR LESS
8 = SMOKE OR HAZE
[NO. OF DAYS WITH] [WEATHER - DAYS WITH] 9 = BLOWING SNOW
X = TORNADO
MAX 32 OR BELOW: 0 0.01 INCH OR MORE: 3
MAX 90 OR ABOVE: 0 0.10 INCH OR MORE: 1
MIN 32 OR BELOW: 30 0.50 INCH OR MORE: 0
MIN 0 OR BELOW: 0 1.00 INCH OR MORE: 0
[HDD (BASE 65) ]
TOTAL THIS MO. 907 CLEAR (SCALE 0-3) 25
DPTR FM NORMAL 5 PTCLDY (SCALE 4-7) 6
TOTAL FM JUL 1 2523 CLOUDY (SCALE 8-10) 0
DPTR FM NORMAL -193
[CDD (BASE 65) ]
TOTAL THIS MO. 0
DPTR FM NORMAL 0 [PRESSURE DATA]
TOTAL FM JAN 1 0 HIGHEST SLP 30.70 ON 10
DPTR FM NORMAL 0 LOWEST SLP 29.46 ON 1
[REMARKS]
#FINAL-01-22#