000
CXUS56 KFGZ 010910
CF6INW
PRELIMINARY LOCAL CLIMATOLOGICAL DATA (WS FORM: F-6)
STATION: WINSLOW AZ AIRPORT
MONTH: OCTOBER
YEAR: 2023
LATITUDE: 35 1 N
LONGITUDE: 110 44 W
TEMPERATURE IN F: :PCPN: SNOW: WIND :SUNSHINE: SKY :PK WND
================================================================================
1 2 3 4 5 6A 6B 7 8 9 10 11 12 13 14 15 16 17 18
12Z AVG MX 2MIN
DY MAX MIN AVG DEP HDD CDD WTR SNW DPTH SPD SPD DIR MIN PSBL S-S WX SPD DR
================================================================================
1 79 46 63 -1 2 0 0.00 M M 13.3 37 200 M M 0 45 220
2 75 43 59 -4 6 0 0.00 M M 7.6 24 240 M M 1 32 250
3 74 39 57 -6 8 0 0.00 M M 5.1 14 20 M M 0 17 30
4 77 39 58 -4 7 0 0.00 M M 5.4 14 340 M M 0 8 18 340
5 80 38 59 -3 6 0 0.00 M M 3.1 10 320 M M 0 15 310
6 84 42 63 2 2 0 0.00 M M 4.4 14 110 M M 0 8 18 30
7 87 45 66 5 0 1 T M M 4.2 15 290 M M 2 38 34 260
8 81 51 66 6 0 1 0.00 M M 11.2 32 260 M M 0 39 260
9 83 43 63 3 2 0 0.00 M M 6.0 23 220 M M 0 3 29 220
10 85 48 67 7 0 2 0.00 M M 9.6 23 230 M M 1 29 230
11 84 48 66 7 0 1 0.00 M M 14.3 36 250 M M 0 43 250
12 69 40 55 -4 10 0 0.00 M M 8.1 17 10 M M 0 23 340
13 70 30 50 -8 15 0 0.00 M M 3.3 10 80 M M 0 14 80
14 76 34 55 -3 10 0 0.00 M M 4.4 10 280 M M 0 13 20
15 80 36 58 1 7 0 0.00 M M 3.5 10 220 M M 0 8 12 350
16 84 37 61 4 4 0 0.00 M M 3.0 8 260 M M 0 8 13 40
17 87 43 65 8 0 0 0.00 M M 4.7 12 300 M M 0 15 280
18 87 45 66 10 0 1 0.00 M M 5.0 13 330 M M 0 16 330
19 87 41 64 8 1 0 0.00 M M 3.7 10 240 M M 0 12 230
20 86 39 63 8 2 0 0.00 M M 4.4 10 70 M M 0 13 30
21 89 43 66 11 0 1 0.00 M M 7.7 23 220 M M 0 32 260
22 85 44 65 10 0 0 0.00 M M 7.6 20 270 M M 0 26 230
23 81 46 64 10 1 0 0.00 M M 9.3 25 220 M M 0 31 230
24 72 47 60 6 5 0 0.37 M M 8.6 28 310 M M 3 13 38 280
25 73 43 58 5 7 0 0.00 M M 8.7 22 240 M M 0 26 250
26 73 42 58 5 7 0 0.00 M M 9.3 22 280 M M 0 33 270
27 75 41 58 5 7 0 0.00 M M 7.6 21 240 M M 0 29 250
28 72 42 57 5 8 0 0.00 M M 10.7 29 240 M M 0 37 230
29 59 37 48 -4 17 0 0.00 M M 14.0 21 320 M M 0 30 320
30 55 24 40 -11 25 0 0.00 M M 5.2 12 310 M M 0 15 300
31 60 20 40 -11 25 0 0.00 M M 3.2 10 260 M M 0 12 330
================================================================================
SM 2409 1256 184 7 0.37 M 216.2 M 7
================================================================================
AV 77.7 40.5 7.0 FASTST M M 0 MAX(MPH)
MISC ----> 37 200 45 220
================================================================================
NOTES:
# LAST OF SEVERAL OCCURRENCES
COLUMN 17 PEAK WIND IN M.P.H.
PRELIMINARY LOCAL CLIMATOLOGICAL DATA (WS FORM: F-6) , PAGE 2
STATION: WINSLOW AZ AIRPORT
MONTH: OCTOBER
YEAR: 2023
LATITUDE: 35 1 N
LONGITUDE: 110 44 W
[TEMPERATURE DATA] [PRECIPITATION DATA] SYMBOLS USED IN COLUMN 16
AVERAGE MONTHLY: 59.1 TOTAL FOR MONTH: 0.37 1 = FOG OR MIST
DPTR FM NORMAL: 2.0 DPTR FM NORMAL: -0.14 2 = FOG REDUCING VISIBILITY
HIGHEST: 89 ON 21 GRTST 24HR 0.37 ON 24-24 TO 1/4 MILE OR LESS
LOWEST: 20 ON 31 3 = THUNDER
SNOW, ICE PELLETS, HAIL 4 = ICE PELLETS
TOTAL MONTH: M 5 = HAIL
GRTST 24HR M ON M 6 = FREEZING RAIN OR DRIZZLE
GRTST DEPTH: M ON M 7 = DUSTSTORM OR SANDSTORM:
VSBY 1/2 MILE OR LESS
8 = SMOKE OR HAZE
[NO. OF DAYS WITH] [WEATHER - DAYS WITH] 9 = BLOWING SNOW
X = TORNADO
MAX 32 OR BELOW: 0 0.01 INCH OR MORE: 1
MAX 90 OR ABOVE: 0 0.10 INCH OR MORE: 1
MIN 32 OR BELOW: 3 0.50 INCH OR MORE: 0
MIN 0 OR BELOW: 0 1.00 INCH OR MORE: 0
[HDD (BASE 65) ]
TOTAL THIS MO. 184 CLEAR (SCALE 0-3) 31
DPTR FM NORMAL -70 PTCLDY (SCALE 4-7) 0
TOTAL FM JUL 1 185 CLOUDY (SCALE 8-10) 0
DPTR FM NORMAL -94
[CDD (BASE 65) ]
TOTAL THIS MO. 7
DPTR FM NORMAL -3 [PRESSURE DATA]
TOTAL FM JAN 1 1400 HIGHEST SLP M ON M
DPTR FM NORMAL 71 LOWEST SLP 29.37 ON 11
[REMARKS]
#FINAL-10-23#