000
CXUS55 KPSR 011005
CF6IPL
PRELIMINARY LOCAL CLIMATOLOGICAL DATA (WS FORM: F-6)
STATION: IMPERIAL CA
MONTH: OCTOBER
YEAR: 2022
LATITUDE: 32 50 N
LONGITUDE: 115 35 W
TEMPERATURE IN F: :PCPN: SNOW: WIND :SUNSHINE: SKY :PK WND
================================================================================
1 2 3 4 5 6A 6B 7 8 9 10 11 12 13 14 15 16 17 18
12Z AVG MX 2MIN
DY MAX MIN AVG DEP HDD CDD WTR SNW DPTH SPD SPD DIR MIN PSBL S-S WX SPD DR
================================================================================
1 97 77 87 6 0 22 0.00 M M 7.0 17 140 M M 0 27 120
2 97 77 87 6 0 22 0.00 M M 5.2 12 130 M M 0 15 140
3 99 74 87 7 0 22 0.00 M M 3.8 10 140 M M 0 15 50
4 99 74 87 7 0 22 0.00 M M 3.1 8 230 M M 0 14 120
5 100 76 88 8 0 23 0.00 M M 4.3 9 90 M M 0 18 170
6 97 75 86 7 0 21 0.00 M M 7.1 46 120 M M 1 38 61 130
7 95 69 82 3 0 17 0.00 M M 1.9 8 40 M M 5 8 12 40
8 94 73 84 6 0 19 0.00 M M 4.2 21 120 M M 0 26 130
9 93 73 83 5 0 18 0.00 M M 3.4 10 60 M M 0 20 50
10 97 70 84 7 0 19 0.00 M M 3.4 9 260 M M 0 14 40
11 96 70 83 6 0 18 0.00 M M 5.5 13 140 M M 1 16 140
12 95 70 83 6 0 18 0.00 M M 4.2 10 290 M M 0 16 150
13 97 69 83 7 0 18 0.00 M M 4.8 10 270 M M 0 15 250
14 98 68 83 7 0 18 0.00 M M 6.8 15 140 M M 0 20 160
15 M 63 M M M M M M M M M M M M 2 38 M M
16 82 62 72 -3 0 7 0.00 M M 4.2 10 270 M M 3 15 280
17 87 63 75 0 0 10 0.00 M M 3.5 13 40 M M 0 8 15 50
18 92 64 78 4 0 13 0.00 M M 5.5 17 40 M M 0 26 80
19 90 63 77 3 0 12 0.00 M M 5.3 12 60 M M 0 16 60
20 92 62 77 3 0 12 0.00 M M 4.2 9 280 M M 0 8 14 40
21 92 64 78 5 0 13 0.00 M M 4.3 10 290 M M 0 8 14 260
22 87 M M M M M M M M 13.6 33 260 M M 0 55 260
23 M M M M M M M M M M M M M M M M M
24 74 52 63 -9 2 0 0.00 M M M M M M M 0 M M
25 79 48 64 -8 1 0 0.00 M M 3.1 7 180 M M 0 11 170
26 82 52 67 -4 0 2 0.00 M M 3.4 12 260 M M 0 15 260
27 82 56 69 -2 0 4 0.00 M M 5.1 13 360 M M 0 19 20
28 80 50 65 -6 0 0 0.00 M M 4.6 12 50 M M 0 16 40
29 83 50 67 -3 0 2 0.00 M M 5.1 9 270 M M 0 13 250
30 86 53 70 0 0 5 0.00 M M 4.3 7 260 M M 0 9 240
31 86 53 70 0 0 5 0.00 M M 3.1 9 270 M M 0 8 11 120
================================================================================
SM 2628 1870 3 362 0.00 M 134.0 M 12
================================================================================
AV 90.6 64.5 4.8 FASTST M M 0 MAX(MPH)
MISC ----> 46 120 61 130
================================================================================
NOTES:
# LAST OF SEVERAL OCCURRENCES
COLUMN 17 PEAK WIND IN M.P.H.
PRELIMINARY LOCAL CLIMATOLOGICAL DATA (WS FORM: F-6) , PAGE 2
STATION: IMPERIAL CA
MONTH: OCTOBER
YEAR: 2022
LATITUDE: 32 50 N
LONGITUDE: 115 35 W
[TEMPERATURE DATA] [PRECIPITATION DATA] SYMBOLS USED IN COLUMN 16
AVERAGE MONTHLY: 77.6 TOTAL FOR MONTH: 0.00 1 = FOG OR MIST
DPTR FM NORMAL: 2.4 DPTR FM NORMAL: -0.19 2 = FOG REDUCING VISIBILITY
HIGHEST: 100 ON 5 GRTST 24HR T ON 6- 6 TO 1/4 MILE OR LESS
LOWEST: 48 ON 25 3 = THUNDER
SNOW, ICE PELLETS, HAIL 4 = ICE PELLETS
TOTAL MONTH: M 5 = HAIL
GRTST 24HR M ON M 6 = FREEZING RAIN OR DRIZZLE
GRTST DEPTH: M ON M 7 = DUSTSTORM OR SANDSTORM:
VSBY 1/2 MILE OR LESS
8 = SMOKE OR HAZE
[NO. OF DAYS WITH] [WEATHER - DAYS WITH] 9 = BLOWING SNOW
X = TORNADO
MAX 32 OR BELOW: 0 0.01 INCH OR MORE: 0
MAX 90 OR ABOVE: 18 0.10 INCH OR MORE: 0
MIN 32 OR BELOW: 0 0.50 INCH OR MORE: 0
MIN 0 OR BELOW: 0 1.00 INCH OR MORE: 0
[HDD (BASE 65) ]
TOTAL THIS MO. 3 CLEAR (SCALE 0-3) 29
DPTR FM NORMAL -4 PTCLDY (SCALE 4-7) 1
TOTAL FM JUL 1 3 CLOUDY (SCALE 8-10) 1
DPTR FM NORMAL -2
[CDD (BASE 65) ]
TOTAL THIS MO. 362
DPTR FM NORMAL 39 [PRESSURE DATA]
TOTAL FM JAN 1 4513 HIGHEST SLP M ON M
DPTR FM NORMAL 411 LOWEST SLP 29.57 ON 24
[REMARKS]
#FINAL-10-22#