000
CXUS55 KPSR 011005
CF6IPL
PRELIMINARY LOCAL CLIMATOLOGICAL DATA (WS FORM: F-6)
STATION: IMPERIAL CA
MONTH: JUNE
YEAR: 2021
LATITUDE: 32 50 N
LONGITUDE: 115 35 W
TEMPERATURE IN F: :PCPN: SNOW: WIND :SUNSHINE: SKY :PK WND
================================================================================
1 2 3 4 5 6A 6B 7 8 9 10 11 12 13 14 15 16 17 18
12Z AVG MX 2MIN
DY MAX MIN AVG DEP HDD CDD WTR SNW DPTH SPD SPD DIR MIN PSBL S-S WX SPD DR
================================================================================
1 104 63 84 1 0 19 0.00 M M 5.7 13 130 M M 0 18 150
2 107 70 89 6 0 24 0.00 M M 8.4 18 140 M M 0 8 25 160
3 107 73 90 7 0 25 0.00 M M 9.1 22 140 M M 0 26 160
4 107 71 89 5 0 24 0.00 M M 6.1 16 130 M M 0 20 270
5 107 72 90 6 0 25 0.00 M M 7.3 18 280 M M 0 25 280
6 102 70 86 2 0 21 0.00 M M 8.0 18 260 M M 0 23 250
7 97 71 84 0 0 19 0.00 M M 10.7 29 270 M M 0 8 38 280
8 96 62 79 -6 0 14 0.00 M M 7.1 14 280 M M 0 18 290
9 100 70 85 0 0 20 0.00 M M 9.2 31 260 M M 0 38 250
10 95 68 82 -3 0 17 0.00 M M 12.2 25 270 M M 0 8 32 270
11 101 61 81 -5 0 16 0.00 M M 5.3 13 270 M M 0 15 50
12 108 69 89 3 0 24 0.00 M M 5.5 17 270 M M 0 23 260
13 111 73 92 6 0 27 0.00 M M 6.8 17 130 M M 0 21 110
14 108 69 89 3 0 24 0.00 M M 3.1 12 140 M M 0 8 14 70
15 114 77 96 9 0 31 0.00 M M 4.3 17 130 M M 1 20 130
16 108 77 93 6 0 28 0.00 M M 6.5 17 130 M M 0 21 90
17 119 77 98 11 0 33 0.00 M M 4.6 17 250 M M 2 22 250
18 118 81 100 12 0 35 0.00 M M 6.7 13 240 M M 2 18 120
19 117 81 99 11 0 34 0.00 M M 7.2 22 300 M M 2 8 31 280
20 114 78 96 8 0 31 0.00 M M 11.1 22 130 M M 1 27 140
21 110 77 94 6 0 29 0.00 M M 8.6 17 140 M M 1 8 21 140
22 108 83 96 7 0 31 0.00 M M 7.0 17 140 M M 1 20 130
23 105 79 92 3 0 27 0.00 M M 7.2 21 150 M M 0 3 25 160
24 105 78 92 3 0 27 0.00 M M 7.8 20 260 M M 1 24 250
25 107 71 89 -1 0 24 0.00 M M 5.1 15 270 M M 1 20 270
26 110 75 93 3 0 28 0.00 M M 5.3 13 250 M M 2 8 14 250
27 114 77 96 6 0 31 0.00 M M 5.2 12 220 M M 3 14 80
28 112 83 98 8 0 33 0.00 M M 9.1 18 130 M M 2 24 130
29 105 82 94 3 0 29 0.00 M M 12.6 21 120 M M 0 25 120
30 106 76 91 0 0 26 0.00 M M 10.6 20 150 M M 0 25 130
================================================================================
SM 3222 2214 0 776 0.00 M 223.4 M 19
================================================================================
AV107.4 73.8 7.4 FASTST M M 1 MAX(MPH)
MISC ----> 31 260 # 38 280
================================================================================
NOTES:
# LAST OF SEVERAL OCCURRENCES
COLUMN 17 PEAK WIND IN M.P.H.
PRELIMINARY LOCAL CLIMATOLOGICAL DATA (WS FORM: F-6) , PAGE 2
STATION: IMPERIAL CA
MONTH: JUNE
YEAR: 2021
LATITUDE: 32 50 N
LONGITUDE: 115 35 W
[TEMPERATURE DATA] [PRECIPITATION DATA] SYMBOLS USED IN COLUMN 16
AVERAGE MONTHLY: 90.6 TOTAL FOR MONTH: 0.00 1 = FOG OR MIST
DPTR FM NORMAL: 3.8 DPTR FM NORMAL: 0.00 2 = FOG REDUCING VISIBILITY
HIGHEST: 119 ON 17 GRTST 24HR T ON 29-29 TO 1/4 MILE OR LESS
LOWEST: 61 ON 11 3 = THUNDER
SNOW, ICE PELLETS, HAIL 4 = ICE PELLETS
TOTAL MONTH: M 5 = HAIL
GRTST 24HR M ON M 6 = FREEZING RAIN OR DRIZZLE
GRTST DEPTH: M ON M 7 = DUSTSTORM OR SANDSTORM:
VSBY 1/2 MILE OR LESS
8 = SMOKE OR HAZE
[NO. OF DAYS WITH] [WEATHER - DAYS WITH] 9 = BLOWING SNOW
X = TORNADO
MAX 32 OR BELOW: 0 0.01 INCH OR MORE: 0
MAX 90 OR ABOVE: 30 0.10 INCH OR MORE: 0
MIN 32 OR BELOW: 0 0.50 INCH OR MORE: 0
MIN 0 OR BELOW: 0 1.00 INCH OR MORE: 0
[HDD (BASE 65) ]
TOTAL THIS MO. 0 CLEAR (SCALE 0-3) 30
DPTR FM NORMAL 0 PTCLDY (SCALE 4-7) 0
TOTAL FM JUL 1 943 CLOUDY (SCALE 8-10) 0
DPTR FM NORMAL -23
[CDD (BASE 65) ]
TOTAL THIS MO. 776
DPTR FM NORMAL 120 [PRESSURE DATA]
TOTAL FM JAN 1 1530 HIGHEST SLP M ON M
DPTR FM NORMAL 173 LOWEST SLP 29.44 ON 27
[REMARKS]
#FINAL-06-21#