000
CXUS53 KEAX 010736
CF6IRK
PRELIMINARY LOCAL CLIMATOLOGICAL DATA (WS FORM: F-6)
STATION: KIRKSVILLE MO
MONTH: MARCH
YEAR: 2023
LATITUDE: 40 5 N
LONGITUDE: 92 33 W
TEMPERATURE IN F: :PCPN: SNOW: WIND :SUNSHINE: SKY :PK WND
================================================================================
1 2 3 4 5 6A 6B 7 8 9 10 11 12 13 14 15 16 17 18
12Z AVG MX 2MIN
DY MAX MIN AVG DEP HDD CDD WTR SNW DPTH SPD SPD DIR MIN PSBL S-S WX SPD DR
================================================================================
1 59 28 44 9 21 0 0.00 M M 7.7 17 300 M M 2 12 27 300
2 40 28 34 -2 31 0 0.00 M M 9.5 16 50 M M 5 23 50
3 50 27 39 3 26 0 0.01 M M 10.4 21 20 M M 5 1 28 30
4 58 26 42 6 23 0 0.00 M M 7.8 21 250 M M 3 1 29 260
5 63 32 48 11 17 0 T M M 12.8 26 120 M M 5 1 39 110
6 60 37 49 12 16 0 0.00 M M 12.8 22 350 M M 2 29 360
7 50 33 42 4 23 0 0.01 M M 13.1 21 50 M M 7 30 70
8 44 36 40 2 25 0 0.10 M M 11.8 21 120 M M 10 1 28 120
9 40 34 37 -1 28 0 0.48 M M 8.5 21 310 M M 10 1 31 310
10 40 29 35 -4 30 0 0.00 M M 9.8 17 310 M M 8 27 320
11 38 26 32 -7 33 0 0.29 M M 10.3 21 110 M M 7 128 28 130
12 41 26 34 -6 31 0 0.00 M M 11.4 21 310 M M 10 1 31 310
13 32 23 28 -12 37 0 0.00 M M 11.4 20 330 M M 10 29 340
14 42 24 33 -7 32 0 0.00 M M 6.3 13 140 M M 4 17 130
15 60 27 44 3 21 0 0.00 M M 13.3 25 170 M M 1 34 180
16 50 28 39 -2 26 0 0.58 M M 13.0 25 320 M M 9 1 41 330
17 38 20 29 -13 36 0 0.01 M M 15.2 25 290 M M 3 1 38 310
18 23 11 17 -25 48 0 T M M 14.3 23 300 M M 5 8 34 310
19 40 12 26 -16 39 0 0.00 M M 8.8 16 210 M M 0 24 190
20 61 28 45 2 20 0 0.00 M M 13.2 24 220 M M 0 38 210
21 48 38 43 0 22 0 0.04 M M 10.9 18 180 M M 9 1 24 200
22 52 41 47 3 18 0 0.10 M M 7.3 14 330 M M 10 13 17 20
23 47 34 41 -3 24 0 0.02 M M 11.4 21 30 M M 7 1 25 40
24 51 30 41 -3 24 0 0.93 M M 11.6 22 40 M M 4 1 30 30
25 58 33 46 1 19 0 0.19 M M 7.5 18 360 M M 4 1 25 350
26 53 34 44 -1 21 0 T M M 9.6 21 260 M M 7 1 28 260
27 52 31 42 -4 23 0 0.00 M M 5.5 13 350 M M 2 18 350
28 51 31 41 -5 24 0 0.05 M M 7.7 17 340 M M 4 1 23 350
29 50 33 42 -4 23 0 0.00 M M 8.6 14 50 M M 0 20 360
30 70 32 51 4 14 0 0.00 M M 14.9 26 160 M M 4 44 170
31 72 45 59 12 6 0 0.48 M M 17.5 37 270 M M 7 13 55 280
================================================================================
SM 1533 917 781 0 3.29 M 333.9 M 164
================================================================================
AV 49.5 29.6 10.8 FASTST M M 5 MAX(MPH)
MISC ----> 37 270 55 280
================================================================================
NOTES:
# LAST OF SEVERAL OCCURRENCES
COLUMN 17 PEAK WIND IN M.P.H.
PRELIMINARY LOCAL CLIMATOLOGICAL DATA (WS FORM: F-6) , PAGE 2
STATION: KIRKSVILLE MO
MONTH: MARCH
YEAR: 2023
LATITUDE: 40 5 N
LONGITUDE: 92 33 W
[TEMPERATURE DATA] [PRECIPITATION DATA] SYMBOLS USED IN COLUMN 16
AVERAGE MONTHLY: 39.5 TOTAL FOR MONTH: 3.29 1 = FOG OR MIST
DPTR FM NORMAL: -1.7 DPTR FM NORMAL: 0.67 2 = FOG REDUCING VISIBILITY
HIGHEST: 72 ON 31 GRTST 24HR 1.12 ON 24-25 TO 1/4 MILE OR LESS
LOWEST: 11 ON 18 3 = THUNDER
SNOW, ICE PELLETS, HAIL 4 = ICE PELLETS
TOTAL MONTH: M 5 = HAIL
GRTST 24HR M ON M 6 = FREEZING RAIN OR DRIZZLE
GRTST DEPTH: M ON M 7 = DUSTSTORM OR SANDSTORM:
VSBY 1/2 MILE OR LESS
8 = SMOKE OR HAZE
[NO. OF DAYS WITH] [WEATHER - DAYS WITH] 9 = BLOWING SNOW
X = TORNADO
MAX 32 OR BELOW: 2 0.01 INCH OR MORE: 14
MAX 90 OR ABOVE: 0 0.10 INCH OR MORE: 8
MIN 32 OR BELOW: 20 0.50 INCH OR MORE: 2
MIN 0 OR BELOW: 0 1.00 INCH OR MORE: 0
[HDD (BASE 65) ]
TOTAL THIS MO. 781 CLEAR (SCALE 0-3) 8
DPTR FM NORMAL 42 PTCLDY (SCALE 4-7) 16
TOTAL FM JUL 1 4944 CLOUDY (SCALE 8-10) 7
DPTR FM NORMAL -238
[CDD (BASE 65) ]
TOTAL THIS MO. 0
DPTR FM NORMAL -1 [PRESSURE DATA]
TOTAL FM JAN 1 0 HIGHEST SLP M ON M
DPTR FM NORMAL -1 LOWEST SLP 29.25 ON 31
[REMARKS]
#FINAL-03-23#