000
CXUS53 KEAX 010836
CF6IRK
PRELIMINARY LOCAL CLIMATOLOGICAL DATA (WS FORM: F-6)
STATION: KIRKSVILLE MO
MONTH: NOVEMBER
YEAR: 2021
LATITUDE: 40 5 N
LONGITUDE: 92 33 W
TEMPERATURE IN F: :PCPN: SNOW: WIND :SUNSHINE: SKY :PK WND
================================================================================
1 2 3 4 5 6A 6B 7 8 9 10 11 12 13 14 15 16 17 18
12Z AVG MX 2MIN
DY MAX MIN AVG DEP HDD CDD WTR SNW DPTH SPD SPD DIR MIN PSBL S-S WX SPD DR
================================================================================
1 43 33 38 -9 27 0 0.02 M M 4.6 12 300 M M 9 8 15 300
2 49 27 38 -9 27 0 0.00 M M 4.6 10 350 M M 1 16 360
3 50 23 37 -9 28 0 0.00 M M 1.8 10 260 M M 2 15 200
4 53 28 41 -5 24 0 0.00 M M 6.8 15 190 M M 4 27 170
5 56 30 43 -2 22 0 0.00 M M 9.9 18 180 M M 1 25 170
6 63 37 50 5 15 0 0.00 M M 8.4 15 220 M M 1 21 220
7 69 40 55 10 10 0 0.00 M M 10.7 23 180 M M 0 30 180
8 68 47 58 14 7 0 0.00 M M 8.3 15 220 M M 0 24 210
9 64 46 55 11 10 0 0.00 M M 7.1 14 20 M M 4 18 17 20
10 63 47 55 12 10 0 0.09 M M 10.7 23 160 M M 8 138 31 160
11 56 41 49 6 16 0 0.26 M M 12.2 23 290 M M 5 1 35 270
12 44 32 38 -4 27 0 0.01 M M 17.1 30 280 M M 8 18 47 270
13 40 32 36 -6 29 0 T M M 9.4 20 310 M M 8 29 290
14 44 27 36 -6 29 0 0.03 M M 11.3 25 300 M M 3 37 310
15 59 32 46 5 19 0 0.00 M M 7.7 16 220 M M 4 21 210
16 65 34 50 9 15 0 0.00 M M 9.2 18 220 M M 0 1 28 220
17 64 36 50 10 15 0 0.00 M M 12.0 22 350 M M 9 33 360
18 42 21 32 -8 33 0 0.00 M M 9.4 24 290 M M 0 33 260
19 46 19 33 -7 32 0 0.00 M M 10.4 20 150 M M 2 25 170
20 56 38 47 8 18 0 0.00 M M 6.7 14 230 M M 1 21 210
21 57 28 43 4 22 0 0.00 M M 9.0 21 320 M M 3 32 310
22 40 22 31 -7 34 0 0.00 M M 4.8 14 350 M M 3 19 330
23 58 22 40 2 25 0 0.00 M M 10.9 18 180 M M 0 24 170
24 60 39 50 12 15 0 T M M 13.1 26 200 M M 4 35 190
25 39 15 27 -10 38 0 0.00 M M 11.3 21 330 M M 1 31 350
26 45 14 30 -7 35 0 0.00 M M 7.6 18 190 M M 1 28 190
27 64 37 51 15 14 0 0.00 M M 9.6 20 290 M M 2 28 290
28 48 28 38 2 27 0 0.00 M M 6.2 14 360 M M 1 19 330
29 59 29 44 8 21 0 0.00 M M 8.8 22 220 M M 0 29 200
30 55 35 45 10 20 0 0.00 M M 3.6 10 350 M M 2 8 16 350
================================================================================
SM 1619 939 664 0 0.41 M 263.2 M 87
================================================================================
AV 54.0 31.3 8.8 FASTST M M 3 MAX(MPH)
MISC ----> 30 280 47 270
================================================================================
NOTES:
# LAST OF SEVERAL OCCURRENCES
COLUMN 17 PEAK WIND IN M.P.H.
PRELIMINARY LOCAL CLIMATOLOGICAL DATA (WS FORM: F-6) , PAGE 2
STATION: KIRKSVILLE MO
MONTH: NOVEMBER
YEAR: 2021
LATITUDE: 40 5 N
LONGITUDE: 92 33 W
[TEMPERATURE DATA] [PRECIPITATION DATA] SYMBOLS USED IN COLUMN 16
AVERAGE MONTHLY: 42.6 TOTAL FOR MONTH: 0.41 1 = FOG OR MIST
DPTR FM NORMAL: 1.5 DPTR FM NORMAL: -2.00 2 = FOG REDUCING VISIBILITY
HIGHEST: 69 ON 7 GRTST 24HR 0.35 ON 10-11 TO 1/4 MILE OR LESS
LOWEST: 14 ON 26 3 = THUNDER
SNOW, ICE PELLETS, HAIL 4 = ICE PELLETS
TOTAL MONTH: M 5 = HAIL
GRTST 24HR M ON M 6 = FREEZING RAIN OR DRIZZLE
GRTST DEPTH: M ON M 7 = DUSTSTORM OR SANDSTORM:
VSBY 1/2 MILE OR LESS
8 = SMOKE OR HAZE
[NO. OF DAYS WITH] [WEATHER - DAYS WITH] 9 = BLOWING SNOW
X = TORNADO
MAX 32 OR BELOW: 0 0.01 INCH OR MORE: 5
MAX 90 OR ABOVE: 0 0.10 INCH OR MORE: 1
MIN 32 OR BELOW: 17 0.50 INCH OR MORE: 0
MIN 0 OR BELOW: 0 1.00 INCH OR MORE: 0
[HDD (BASE 65) ]
TOTAL THIS MO. 664 CLEAR (SCALE 0-3) 20
DPTR FM NORMAL -55 PTCLDY (SCALE 4-7) 6
TOTAL FM JUL 1 930 CLOUDY (SCALE 8-10) 4
DPTR FM NORMAL -253
[CDD (BASE 65) ]
TOTAL THIS MO. 0
DPTR FM NORMAL 0 [PRESSURE DATA]
TOTAL FM JAN 1 1228 HIGHEST SLP 30.53 ON 19
DPTR FM NORMAL 220 LOWEST SLP 29.60 ON 11
[REMARKS]
#FINAL-11-21#