000
CXUS53 KEAX 011600
CLSIRK
STLCLSWS3 000
TTAA00 EAX 011557
CLIMATE REPORT
NATIONAL WEATHER SERVICE KANSAS CITY/PLEASANT HILL MO
1045 AM CDT THU SEP 01 2022
...................................
...THE KIRKSVILLE MO CLIMATE SUMMARY FOR THE SEASON, FROM
6/1/2022 TO 8/31/2022...
CLIMATE NORMAL PERIOD: 1991 TO 2020
CLIMATE RECORD PERIOD: 9999 TO 9999
WEATHER OBSERVED NORMAL DEPART LAST YEAR`S
VALUE DATE(S) VALUE FROM VALUE DATE(S)
NORMAL
................................................................
TEMPERATURE (F)
HIGHEST 97 07/05 95 2 95 06/18
07/29
08/23
LOWEST 52 06/02 48 4 46 06/22
06/28
AVG. MAXIMUM 84.9 84.0 0.9 85.2
AVG. MINIMUM 63.2 63.0 0.2 64.5
MEAN 74.0 73.5 0.5 74.9
DAYS MAX >= 90 20 20.7 -0.7 19
DAYS MAX <= 32 0 0.0 0.0 0
DAYS MIN <= 32 0 0.0 0.0 0
DAYS MIN <= 0 0 0.0 0.0 0
PRECIPITATION (INCHES)
TOTALS 10.81R 13.36 -2.55 20.72
DAILY AVG. 0.12 0.15 -0.03 0.23
DAYS >= .01 31 30.1 0.9 25
DAYS >= .10 18 19.2 -1.2 18
DAYS >= .50 7 8.8 -1.8 15
DAYS >= 1.00 3 3.6 -0.6 8
GREATEST
24 HR. TOTAL 2.22
DEGREE DAYS
HEATING TOTAL 3 24 -21 8
COOLING TOTAL 858 810 48 938
................................................................
WIND (MPH)
AVERAGE WIND SPEED 6.4
HIGHEST WIND SPEED/DIRECTION 32/290 DATE 06/17
HIGHEST GUST SPEED/DIRECTION 48/300 DATE 06/17
SKY COVER
POSSIBLE SUNSHINE (PERCENT) MM
AVERAGE SKY COVER 0.23
NUMBER OF DAYS FAIR 70
NUMBER OF DAYS PC 18
NUMBER OF DAYS CLOUDY 4
AVERAGE RH (PERCENT) 74
WEATHER CONDITIONS. NUMBER OF DAYS WITH
THUNDERSTORM 19 MIXED PRECIP 0
HEAVY RAIN 11 RAIN 15
LIGHT RAIN 33 FREEZING RAIN 0
LT FREEZING RAIN 0 HAIL 0
HEAVY SNOW 0 SNOW 0
LIGHT SNOW 0 SLEET 0
FOG 52 FOG W/VIS <= 1/4 MILE 10
HAZE 6
- INDICATES NEGATIVE NUMBERS.
R INDICATES RECORD WAS SET OR TIED.
MM INDICATES DATA IS MISSING.
T INDICATES TRACE AMOUNT.
$$