000
CXUS52 TJSJ 010426
CF6IST
PRELIMINARY LOCAL CLIMATOLOGICAL DATA (WS FORM: F-6)
STATION: CYRIL E. KING AP/ST THOMAS
MONTH: AUGUST
YEAR: 2023
LATITUDE: 18 19 N
LONGITUDE: 64 58 W
TEMPERATURE IN F: :PCPN: SNOW: WIND :SUNSHINE: SKY :PK WND
================================================================================
1 2 3 4 5 6A 6B 7 8 9 10 11 12 13 14 15 16 17 18
12Z AVG MX 2MIN
DY MAX MIN AVG DEP HDD CDD WTR SNW DPTH SPD SPD DIR MIN PSBL S-S WX SPD DR
================================================================================
1 89 81 85 0 0 20 0.00 M M 7.3 15 140 M M 3 18 140
2 87 81 84 -1 0 19 0.66 M M 4.5 13 290 M M 3 18 17 300
3 91 81 86 1 0 21 0.05 M M 6.9 17 120 M M 3 3 23 130
4 87 79 83 -2 0 18 0.02 M M 8.8 21 110 M M 2 138 25 120
5 94 82 88 3 0 23 T M M 12.4 21 90 M M 2 30 80
6 91 82 87 2 0 22 T M M 13.3 23 120 M M 3 31 120
7 92 80 86 1 0 21 0.18 M M 11.7 21 60 M M 4 13 29 70
8 89 82 86 1 0 21 T M M 11.4 20 130 M M 2 25 140
9 91 82 87 2 0 22 T M M 12.8 18 120 M M 3 24 120
10 90 82 86 1 0 21 0.11 M M 14.2 24 110 M M 3 13 32 120
11 90 82 86 1 0 21 0.00 M M 11.2 18 130 M M 2 23 130
12 92 81 87 2 0 22 0.01 M M 11.6 22 130 M M 3 28 140
13 90 78 84 -1 0 19 0.01 M M 12.8 23 80 M M 2 29 90
14 94 82 88 3 0 23 0.01 M M 13.7 22 70 M M 2 1 32 70
15 93 82 88 3 0 23 0.01 M M 13.3 22 70 M M 3 30 20
16 95 83 89 4 0 24 T M M 12.6 21 60 M M 2 27 50
17 94 81 88 3 0 23 0.04 M M 13.2 22 130 M M 2 1 31 80
18 94 82 88 3 0 23 0.05 M M 14.9 26 90 M M 3 34 60
19 93 84 89 4 0 24 0.01 M M 15.8 25 80 M M 3 32 80
20 93 79 86 1 0 21 0.13 M M 15.0 30 110 M M 2 138 37 120
21 88 78 83 -2 0 18 0.31 M M 10.5 28 150 M M 4 138 33 140
22 83 78 81 -4 0 16 0.31 M M 9.0 21 40 M M 5 1 26 40
23 88 80 84 -1 0 19 0.00 M M 7.2 13 130 M M 1 18 130
24 88 82 85 0 0 20 0.00 M M 6.6 10 140 M M 1 14 150
25 85 83 84 -1 0 19 0.00 M M 8.9 14 170 M M 1 8 16 180
26 87 81 84 -1 0 19 0.03 M M 12.2 18 220 M M 3 23 240
27 88 84 86 1 0 21 0.00 M M 11.4 15 150 M M 3 18 200
28 90 84 87 2 0 22 0.00 M M 10.4 15 130 M M 1 18 130
29 90 82 86 1 0 21 0.00 M M 10.1 14 140 M M 2 M M
30 91 83 87 2 0 22 0.00 M M 10.5 18 110 M M 1 24 130
31 89 82 86 1 0 21 0.00 M M 10.4 18 130 M M 1 22 140
================================================================================
SM 2796 2523 0 649 1.94 M 344.6 M 75
================================================================================
AV 90.2 81.4 11.1 FASTST M M 2 MAX(MPH)
MISC ----> 30 110 37 120
================================================================================
NOTES:
# LAST OF SEVERAL OCCURRENCES
COLUMN 17 PEAK WIND IN M.P.H.
PRELIMINARY LOCAL CLIMATOLOGICAL DATA (WS FORM: F-6) , PAGE 2
STATION: CYRIL E. KING AP/ST THOMAS
MONTH: AUGUST
YEAR: 2023
LATITUDE: 18 19 N
LONGITUDE: 64 58 W
[TEMPERATURE DATA] [PRECIPITATION DATA] SYMBOLS USED IN COLUMN 16
AVERAGE MONTHLY: 85.8 TOTAL FOR MONTH: 1.94 1 = FOG OR MIST
DPTR FM NORMAL: 1.1 DPTR FM NORMAL: -2.43 2 = FOG REDUCING VISIBILITY
HIGHEST: 95 ON 16 GRTST 24HR 0.71 ON 2- 3 TO 1/4 MILE OR LESS
LOWEST: 78 ON 22,21 3 = THUNDER
SNOW, ICE PELLETS, HAIL 4 = ICE PELLETS
TOTAL MONTH: M 5 = HAIL
GRTST 24HR M ON M 6 = FREEZING RAIN OR DRIZZLE
GRTST DEPTH: M ON M 7 = DUSTSTORM OR SANDSTORM:
VSBY 1/2 MILE OR LESS
8 = SMOKE OR HAZE
[NO. OF DAYS WITH] [WEATHER - DAYS WITH] 9 = BLOWING SNOW
X = TORNADO
MAX 32 OR BELOW: 0 0.01 INCH OR MORE: 16
MAX 90 OR ABOVE: 19 0.10 INCH OR MORE: 6
MIN 32 OR BELOW: 0 0.50 INCH OR MORE: 1
MIN 0 OR BELOW: 0 1.00 INCH OR MORE: 0
[HDD (BASE 65) ]
TOTAL THIS MO. 0 CLEAR (SCALE 0-3) 25
DPTR FM NORMAL 0 PTCLDY (SCALE 4-7) 6
TOTAL FM JUL 1 0 CLOUDY (SCALE 8-10) 0
DPTR FM NORMAL 0
[CDD (BASE 65) ]
TOTAL THIS MO. 649
DPTR FM NORMAL 38 [PRESSURE DATA]
TOTAL FM JAN 1 4161 HIGHEST SLP M ON M
DPTR FM NORMAL 110 LOWEST SLP 29.78 ON 22
[REMARKS]
#FINAL-08-23#