000
CXUS55 KGLD 041443
CF6ITR
PRELIMINARY LOCAL CLIMATOLOGICAL DATA (WS FORM: F-6)
STATION: BURLINGTON CO
MONTH: OCTOBER
YEAR: 2022
LATITUDE: 39 15 N
LONGITUDE: 102 17 W
TEMPERATURE IN F: :PCPN: SNOW: WIND :SUNSHINE: SKY :PK WND
================================================================================
1 2 3 4 5 6A 6B 7 8 9 10 11 12 13 14 15 16 17 18
12Z AVG MX 2MIN
DY MAX MIN AVG DEP HDD CDD WTR SNW DPTH SPD SPD DIR MIN PSBL S-S WX SPD DR
================================================================================
1 84 46 65 7 0 0 0.00 M M 9.0 21 170 M M 1 32 170
2 86 58 72 14 0 7 T M M 15.7 30 170 M M 2 41 160
3 81 49 65 8 0 0 0.00 M M 9.8 22 180 M M 2 31 170
4 73 48 61 4 4 0 T M M 7.0 15 360 M M 3 3 19 320
5 74 43 59 3 6 0 0.00 M M 6.0 16 320 M M 3 22 300
6 76 40 58 2 7 0 0.00 M M 7.1 17 90 M M 0 8 25 90
7 52 37 45 -10 20 0 T M M 8.0 17 60 M M 4 22 70
8 68 38 53 -2 12 0 0.00 M M 6.9 12 220 M M 4 15 250
9 76 36 56 2 9 0 0.00 M M 7.3 13 170 M M 0 17 340
10 79 41 60 6 5 0 0.00 M M 10.0 16 210 M M 0 25 160
11 84 44 64 10 1 0 0.00 M M 10.2 29 350 M M 1 8 42 10
12 73 36 55 2 10 0 0.00 M M 11.9 26 30 M M 0 37 350
13 67 37 52 -1 13 0 0.00 M M 11.8 33 310 M M 2 41 310
14 79 39 59 7 6 0 0.00 M M 10.0 28 320 M M 0 40 330
15 74 36 55 3 10 0 0.00 M M 9.6 17 30 M M 0 27 50
16 63 31 47 -4 18 0 0.00 M M 7.9 16 350 M M 5 23 360
17 64 28 46 -5 19 0 0.00 M M 6.2 14 340 M M 0 19 330
18 67 30 49 -1 16 0 0.00 M M 6.4 14 190 M M 0 17 200
19 78 31 55 5 10 0 0.00 M M 11.5 24 350 M M 0 37 360
20 81 35 58 8 7 0 0.00 M M 10.4 17 280 M M 0 23 280
21 81 42 62 13 3 0 0.00 M M 10.5 18 350 M M 0 26 360
22 82 39 61 12 4 0 0.00 M M 11.3 24 220 M M 0 33 220
23 80 40 60 12 5 0 0.00 M M 25.1 48 230 M M 2 8 64 220
24 55 27 41 -7 24 0 0.00 M M 12.5 28 330 M M 1 39 340
25 64 27 46 -2 19 0 0.00 M M 5.9 14 330 M M 0 19 350
26 64 40 52 5 13 0 0.00 M M 13.8 33 170 M M 3 45 170
27 52 28 40 -7 25 0 0.00 M M 11.8 26 10 M M 4 38 20
28 62 26 44 -2 21 0 0.00 M M 8.4 15 190 M M 0 17 200
29 69 32 51 5 14 0 0.00 M M 9.3 18 180 M M 0 25 180
30 64 30 47 1 18 0 0.00 M M 7.7 14 10 M M 1 18 10
31 70 32 51 6 14 0 0.00 M M 8.1 13 200 M M 0 8 16 190
================================================================================
SM 2222 1146 333 7 T M 307.1 M 38
================================================================================
AV 71.7 37.0 9.9 FASTST M M 1 MAX(MPH)
MISC ----> 48 230 64 220
================================================================================
NOTES:
# LAST OF SEVERAL OCCURRENCES
COLUMN 17 PEAK WIND IN M.P.H.
PRELIMINARY LOCAL CLIMATOLOGICAL DATA (WS FORM: F-6) , PAGE 2
STATION: BURLINGTON CO
MONTH: OCTOBER
YEAR: 2022
LATITUDE: 39 15 N
LONGITUDE: 102 17 W
[TEMPERATURE DATA] [PRECIPITATION DATA] SYMBOLS USED IN COLUMN 16
AVERAGE MONTHLY: 54.3 TOTAL FOR MONTH: T 1 = FOG OR MIST
DPTR FM NORMAL: 2.8 DPTR FM NORMAL: -1.05 2 = FOG REDUCING VISIBILITY
HIGHEST: 86 ON 2 GRTST 24HR T ON 2- 2 TO 1/4 MILE OR LESS
LOWEST: 26 ON 28 3 = THUNDER
SNOW, ICE PELLETS, HAIL 4 = ICE PELLETS
TOTAL MONTH: M 5 = HAIL
GRTST 24HR M ON M 6 = FREEZING RAIN OR DRIZZLE
GRTST DEPTH: M ON M 7 = DUSTSTORM OR SANDSTORM:
VSBY 1/2 MILE OR LESS
8 = SMOKE OR HAZE
[NO. OF DAYS WITH] [WEATHER - DAYS WITH] 9 = BLOWING SNOW
X = TORNADO
MAX 32 OR BELOW: 0 0.01 INCH OR MORE: 0
MAX 90 OR ABOVE: 0 0.10 INCH OR MORE: 0
MIN 32 OR BELOW: 11 0.50 INCH OR MORE: 0
MIN 0 OR BELOW: 0 1.00 INCH OR MORE: 0
[HDD (BASE 65) ]
TOTAL THIS MO. 333 CLEAR (SCALE 0-3) 25
DPTR FM NORMAL -92 PTCLDY (SCALE 4-7) 6
TOTAL FM JUL 1 386 CLOUDY (SCALE 8-10) 0
DPTR FM NORMAL -155
[CDD (BASE 65) ]
TOTAL THIS MO. 7
DPTR FM NORMAL -1 [PRESSURE DATA]
TOTAL FM JAN 1 1307 HIGHEST SLP 30.53 ON 7
DPTR FM NORMAL 385 LOWEST SLP 29.13 ON 23
[REMARKS]
#FINAL-10-22#