000
CXUS53 KIWX 171119
CF6IWX
PRELIMINARY LOCAL CLIMATOLOGICAL DATA (WS FORM: F-6)
STATION: NORTH WEBSTER WFO
MONTH: JUNE
YEAR: 2020
LATITUDE: 41 21 N
LONGITUDE: 85 42 W
TEMPERATURE IN F: :PCPN: SNOW: WIND :SUNSHINE: SKY :PK WND
================================================================================
1 2 3 4 5 6A 6B 7 8 9 10 11 12 13 14 15 16 17 18
12Z AVG MX 2MIN
DY MAX MIN AVG DEP HDD CDD WTR SNW DPTH SPD SPD DIR MIN PSBL S-S WX SPD DR
================================================================================
1 71 46 59 -7 6 0 0.00 0.0 0 M M M M M M M M
2 90 63 77 11 0 12 0.00 0.0 0 M M M M M M M M
3 80 66 73 7 0 8 T 0.0 0 M M M M M M M M
4 81 65 73 6 0 8 0.04 0.0 0 M M M M M M M M
5 86 63 75 8 0 10 0.00 0.0 0 M M M M M M M M
6 82 56 69 2 0 4 0.00 0.0 0 M M M M M M M M
7 79 56 68 0 0 3 0.00 0.0 0 M M M M M M M M
8 85 58 72 4 0 7 0.00 0.0 0 M M M M M M M M
9 88 64 76 8 0 11 0.40 0.0 0 M M M M M M M M
10 87 59 73 5 0 8 0.37 T 0 M M M M M M 35 M M
11 78 57 68 -1 0 3 T 0.0 0 M M M M M M M M
12 81 55 68 -1 0 3 0.00 0.0 0 M M M M M M M M
13 68 54 61 -8 4 0 0.12 0.0 0 M M M M M M M M
14 69 48 59 -10 6 0 0.00 0.0 0 M M M M M M M M
15 75 50 63 -7 2 0 0.00 0.0 0 M M M M M M M M
16 81 58 70 0 0 5 0.00 0.0 0 M M M M M M M M
17 81 60 71 1 0 6 0.00 0.0 0 M M M M M M M M
18 81 58 70 0 0 5 0.00 0.0 0 M M M M M M M M
19 88 61 75 5 0 10 0.00 0.0 0 M M M M M M M M
20 88 66 77 6 0 12 0.58 0.0 0 M M M M M M M M
21 76 67 72 1 0 7 T 0.0 0 M M M M M M M M
22 85 63 74 3 0 9 1.11 0.0 0 M M M M M M 3 M M
23 70 60 65 -6 0 0 0.06 0.0 0 M M M M M M M M
24 76 56 66 -5 0 1 T 0.0 0 M M M M M M 3 M M
25 79 57 68 -4 0 3 0.00 0.0 0 M M M M M M M M
26 82 64 73 1 0 8 0.29 0.0 M M M M M M M 3 M M
27 81 62 72 0 0 7 0.02 0.0 M M M M M M M M M
28 83 65 74 2 0 9 0.00 0.0 M M M M M M M M M
29 88 69 79 7 0 14 0.00 0.0 M M M M M M M M M
30 85 68 77 5 0 12 1.42 0.0 M M M M M M M 3 M M
================================================================================
SM 2424 1794 18 185 4.41 T M M M
================================================================================
AV 80.8 59.8 M FASTST M M M MAX(MPH)
MISC ----> M M M M
================================================================================
NOTES:
# LAST OF SEVERAL OCCURRENCES
COLUMN 17 PEAK WIND IN M.P.H.
PRELIMINARY LOCAL CLIMATOLOGICAL DATA (WS FORM: F-6) , PAGE 2
STATION: NORTH WEBSTER WFO
MONTH: JUNE
YEAR: 2020
LATITUDE: 41 21 N
LONGITUDE: 85 42 W
[TEMPERATURE DATA] [PRECIPITATION DATA] SYMBOLS USED IN COLUMN 16
AVERAGE MONTHLY: 70.3 TOTAL FOR MONTH: 4.41 1 = FOG OR MIST
DPTR FM NORMAL: 0.9 DPTR FM NORMAL: 0.25 2 = FOG REDUCING VISIBILITY
HIGHEST: 90 ON 2 GRTST 24HR 1.42 ON 30-30 TO 1/4 MILE OR LESS
LOWEST: 46 ON 1 3 = THUNDER
SNOW, ICE PELLETS, HAIL 4 = ICE PELLETS
TOTAL MONTH: T 5 = HAIL
GRTST 24HR T ON 10-10 6 = FREEZING RAIN OR DRIZZLE
GRTST DEPTH: 0 7 = DUSTSTORM OR SANDSTORM:
VSBY 1/2 MILE OR LESS
8 = SMOKE OR HAZE
[NO. OF DAYS WITH] [WEATHER - DAYS WITH] 9 = BLOWING SNOW
X = TORNADO
MAX 32 OR BELOW: 0 0.01 INCH OR MORE: 10
MAX 90 OR ABOVE: 1 0.10 INCH OR MORE: 7
MIN 32 OR BELOW: 0 0.50 INCH OR MORE: 3
MIN 0 OR BELOW: 0 1.00 INCH OR MORE: 2
[HDD (BASE 65) ]
TOTAL THIS MO. 18 CLEAR (SCALE 0-3) 0
DPTR FM NORMAL -8 PTCLDY (SCALE 4-7) 0
TOTAL FM JUL 1 5896 CLOUDY (SCALE 8-10) 30
DPTR FM NORMAL -254
[CDD (BASE 65) ]
TOTAL THIS MO. 185
DPTR FM NORMAL 27 [PRESSURE DATA]
TOTAL FM JAN 1 237 HIGHEST SLP M ON M
DPTR FM NORMAL 23 LOWEST SLP M ON M
[REMARKS]
#FINAL-06-20#