000
CXUS55 KRIW 011508
CF6JAC
PRELIMINARY LOCAL CLIMATOLOGICAL DATA (WS FORM: F-6)
STATION: JACKSON WY
MONTH: MARCH
YEAR: 2023
LATITUDE: 43 35 N
LONGITUDE: 110 44 W
TEMPERATURE IN F: :PCPN: SNOW: WIND :SUNSHINE: SKY :PK WND
================================================================================
1 2 3 4 5 6A 6B 7 8 9 10 11 12 13 14 15 16 17 18
12Z AVG MX 2MIN
DY MAX MIN AVG DEP HDD CDD WTR SNW DPTH SPD SPD DIR MIN PSBL S-S WX SPD DR
================================================================================
1 29 7 18 -4 47 0 M M M 5.0 9 160 M M 9 1 M M
2 34 -3 16 -6 49 0 M M M 9.6 20 190 M M 4 1 M M
3 28 9 19 -4 46 0 T M M 12.6 24 190 M M 8 1 30 200
4 24 2 13 -10 52 0 0.02 M M 6.0 10 20 M M 9 1 M M
5 30 7 19 -4 46 0 0.01 M M 7.8 16 200 M M 7 12 M M
6 29 -1 14 -10 51 0 T M M 7.1 20 260 M M 8 1 23 230
7 34 -13 11 -13 54 0 T M M 6.1 14 10 M M 4 M M
8 19 -11 4 -21 61 0 T M M 5.6 10 30 M M 7 1 M M
9 28 9 19 -6 46 0 0.01 M M 7.6 20 190 M M 7 1 M M
10 35 19 27 2 38 0 0.04 M M 15.5 28 230 M M 9 12 44 230
11 M M M M M M M M M M M M M M 6 M M
12 M M M M M M M M M 6.4 13 10 M M 3 1 M M
13 37 18 28 2 37 0 0.00 M M 10.1 17 210 M M 9 1 M M
14 M M M M M M M M M 12.7 22 190 M M 10 M M
15 37 M M M M M M M M 17.2 22 200 M M 8 28 200
16 M M M M M M M M M 6.9 10 20 M M 0 M M
17 M M M M M M M M M 4.0 10 10 M M 0 M M
18 M M M M M M M M M 5.5 7 360 M M 0 M M
19 M M M M M M M M M 4.9 12 190 M M 0 M M
20 M M M M M M M M M 8.6 17 270 M M 9 1 M M
21 M M M M M M M M M 6.9 10 240 M M 6 1 M M
22 M M M M M M T M M 6.3 18 20 M M 7 1 M M
23 35 21 28 -2 37 0 T M M 7.0 18 260 M M 9 18 27 270
24 32 15 24 -6 41 0 T M M 8.1 17 190 M M 10 18 18 250
25 25 16 21 -9 44 0 M M M 11.5 18 190 M M 10 1 M M
26 28 11 20 -11 45 0 M M M 8.4 17 190 M M 8 20 180
27 32 1 17 -14 48 0 M M M 4.2 13 220 M M 3 M M
28 34 -3 16 -15 49 0 0.00 M M 5.7 13 10 M M 4 M M
29 40 12 26 -6 39 0 M M M 6.3 12 220 M M 6 M M
30 35 22 29 -3 36 0 0.01 M M 7.0 14 270 M M 10 1 M M
31 35 21 28 -4 37 0 M M M 8.4 20 220 M M 10 1 31 240
================================================================================
SM 660 159 903 0 0.09 M 239.1 M 200
================================================================================
AV 31.4 8.0 8.0 FASTST M M 6 MAX(MPH)
MISC ----> 28 230 44 230
================================================================================
NOTES:
# LAST OF SEVERAL OCCURRENCES
COLUMN 17 PEAK WIND IN M.P.H.
PRELIMINARY LOCAL CLIMATOLOGICAL DATA (WS FORM: F-6) , PAGE 2
STATION: JACKSON WY
MONTH: MARCH
YEAR: 2023
LATITUDE: 43 35 N
LONGITUDE: 110 44 W
[TEMPERATURE DATA] [PRECIPITATION DATA] SYMBOLS USED IN COLUMN 16
AVERAGE MONTHLY: 19.7 TOTAL FOR MONTH: 0.09 1 = FOG OR MIST
DPTR FM NORMAL: -7.7 DPTR FM NORMAL: -1.53 2 = FOG REDUCING VISIBILITY
HIGHEST: 40 ON 29 GRTST 24HR 0.04 ON 10-10 TO 1/4 MILE OR LESS
LOWEST: -13 ON 7 3 = THUNDER
SNOW, ICE PELLETS, HAIL 4 = ICE PELLETS
TOTAL MONTH: M 5 = HAIL
GRTST 24HR M ON M 6 = FREEZING RAIN OR DRIZZLE
GRTST DEPTH: M ON M 7 = DUSTSTORM OR SANDSTORM:
VSBY 1/2 MILE OR LESS
8 = SMOKE OR HAZE
[NO. OF DAYS WITH] [WEATHER - DAYS WITH] 9 = BLOWING SNOW
X = TORNADO
MAX 32 OR BELOW: 11 0.01 INCH OR MORE: 5
MAX 90 OR ABOVE: 0 0.10 INCH OR MORE: 0
MIN 32 OR BELOW: 20 0.50 INCH OR MORE: 0
MIN 0 OR BELOW: 5 1.00 INCH OR MORE: 0
[HDD (BASE 65) ]
TOTAL THIS MO. 903 CLEAR (SCALE 0-3) 4
DPTR FM NORMAL -264 PTCLDY (SCALE 4-7) 14
TOTAL FM JUL 1 7772 CLOUDY (SCALE 8-10) 13
DPTR FM NORMAL -519
[CDD (BASE 65) ]
TOTAL THIS MO. 0
DPTR FM NORMAL 0 [PRESSURE DATA]
TOTAL FM JAN 1 0 HIGHEST SLP 30.73 ON 18
DPTR FM NORMAL 0 LOWEST SLP 29.48 ON 10
[REMARKS]
#FINAL-03-23#