000
CXUS52 KJAX 132048
CF6JAX
PRELIMINARY LOCAL CLIMATOLOGICAL DATA (WS FORM: F-6)
STATION: JACKSONVILLE
MONTH: JANUARY
YEAR: 2021
LATITUDE: 30 30 N
LONGITUDE: 81 42 W
TEMPERATURE IN F: :PCPN: SNOW: WIND :SUNSHINE: SKY :PK WND
================================================================================
1 2 3 4 5 6A 6B 7 8 9 10 11 12 13 14 15 16 17 18
12Z AVG MX 2MIN
DY MAX MIN AVG DEP HDD CDD WTR SNW DPTH SPD SPD DIR MIN PSBL S-S WX SPD DR
================================================================================
1 82 66 74 19 0 9 0.00 0.0 0 8.7 23 180 M M 9 30 180
2 79 63 71 17 0 6 0.00 0.0 0 7.7 16 210 M M 9 23 200
3 71 49 60 6 5 0 0.35 0.0 0 9.2 22 290 M M 6 1 28 300
4 63 40 52 -2 13 0 0.00 0.0 0 5.9 15 300 M M 2 18 290
5 67 36 52 -2 13 0 0.00 0.0 0 6.8 23 260 M M 1 29 280
6 63 37 50 -4 15 0 0.00 0.0 0 5.0 13 90 M M 4 15 50
7 71 39 55 1 10 0 0.12 0.0 0 6.1 18 70 M M 8 1 22 70
8 59 48 54 0 11 0 0.00 0.0 0 10.9 22 290 M M 7 28 300
9 48 42 45 -9 20 0 0.00 0.0 0 9.9 16 270 M M 10 23 270
10 56 33 45 -9 20 0 0.00 0.0 0 3.9 10 310 M M 8 14 340
11 70 41 56 2 9 0 0.00 0.0 0 4.3 16 170 M M 7 20 170
12 61 47 54 0 11 0 0.00 0.0 0 7.6 15 310 M M 9 19 280
13 51 41 46 -8 19 0 T 0.0 0 4.5 14 270 M M 10 16 290
14 61 34 48 -6 17 0 0.00 0.0 0 4.7 13 270 M M 3 1 17 280
15 71 40 56 2 9 0 0.16 0.0 0 7.8 31 250 M M 5 1 37 260
16 57 32 45 -9 20 0 0.00 0.0 0 9.6 33 270 M M 1 42 250
17 58 28 43 -11 22 0 0.00 0.0 0 3.5 18 290 M M 5 24 280
18 61 34 48 -6 17 0 0.00 0.0 0 6.4 20 260 M M 2 24 260
19 64 30 47 -7 18 0 0.00 0.0 0 2.2 12 140 M M 1 13 130
20 71 34 53 -1 12 0 0.00 0.0 0 4.9 16 270 M M 5 21 270
21 74 47 61 7 4 0 0.00 0.0 0 8.2 18 270 M M 8 23 240
22 63 58 61 7 4 0 0.56 0.0 0 7.2 15 250 M M 10 1 19 240
23 63 53 58 4 7 0 0.04 0.0 0 7.7 15 40 M M 8 1 19 50
24 70 55 63 9 2 0 0.00 0.0 0 8.5 15 40 M M 9 19 50
25 78 52 65 11 0 0 0.00 0.0 0 5.8 18 210 M M 7 12 23 200
26 79 55 67 12 0 2 0.00 0.0 0 7.5 14 240 M M 8 1 20 240
27 77 57 67 12 0 2 0.40 0.0 0 8.1 17 290 M M 9 13 24 290
28 60 36 48 -7 17 0 0.00 0.0 0 10.3 23 320 M M 2 1 29 330
29 60 33 47 -8 18 0 0.00 0.0 0 4.0 13 70 M M 2 15 120
30 64 35 50 -5 15 0 0.00 0.0 0 4.6 13 70 M M 5 16 80
31 77 45 61 6 4 0 0.34 0.0 0 14.0 37 280 M M 7 13 46 260
================================================================================
SM 2049 1340 332 19 1.97 0.0 215.5 M 187
================================================================================
AV 66.1 43.2 7.0 FASTST M M 6 MAX(MPH)
MISC ----> 37 280 46 260
================================================================================
NOTES:
# LAST OF SEVERAL OCCURRENCES
COLUMN 17 PEAK WIND IN M.P.H.
PRELIMINARY LOCAL CLIMATOLOGICAL DATA (WS FORM: F-6) , PAGE 2
STATION: JACKSONVILLE
MONTH: JANUARY
YEAR: 2021
LATITUDE: 30 30 N
LONGITUDE: 81 42 W
[TEMPERATURE DATA] [PRECIPITATION DATA] SYMBOLS USED IN COLUMN 16
AVERAGE MONTHLY: 54.7 TOTAL FOR MONTH: 1.97 1 = FOG OR MIST
DPTR FM NORMAL: 0.5 DPTR FM NORMAL: -1.31 2 = FOG REDUCING VISIBILITY
HIGHEST: 82 ON 1 GRTST 24HR 0.56 ON 22-22 TO 1/4 MILE OR LESS
LOWEST: 28 ON 17 3 = THUNDER
SNOW, ICE PELLETS, HAIL 4 = ICE PELLETS
TOTAL MONTH: 0.0 INCH 5 = HAIL
GRTST 24HR 0.0 6 = FREEZING RAIN OR DRIZZLE
GRTST DEPTH: 0 7 = DUSTSTORM OR SANDSTORM:
VSBY 1/2 MILE OR LESS
8 = SMOKE OR HAZE
[NO. OF DAYS WITH] [WEATHER - DAYS WITH] 9 = BLOWING SNOW
X = TORNADO
MAX 32 OR BELOW: 0 0.01 INCH OR MORE: 7
MAX 90 OR ABOVE: 0 0.10 INCH OR MORE: 6
MIN 32 OR BELOW: 3 0.50 INCH OR MORE: 1
MIN 0 OR BELOW: 0 1.00 INCH OR MORE: 0
[HDD (BASE 65) ]
TOTAL THIS MO. 332 CLEAR (SCALE 0-3) 8
DPTR FM NORMAL -18 PTCLDY (SCALE 4-7) 13
TOTAL FM JUL 1 778 CLOUDY (SCALE 8-10) 10
DPTR FM NORMAL -28
[CDD (BASE 65) ]
TOTAL THIS MO. 19
DPTR FM NORMAL 4 [PRESSURE DATA]
TOTAL FM JAN 1 19 HIGHEST SLP 30.42 ON 19
DPTR FM NORMAL 4 LOWEST SLP 29.70 ON 15
[REMARKS]
#FINAL-01-21#