000
CXUS54 KSJT 011100
CF6JCT
PRELIMINARY LOCAL CLIMATOLOGICAL DATA (WS FORM: F-6)
STATION: JUNCTION
MONTH: MARCH
YEAR: 2020
LATITUDE: 30 18 N
LONGITUDE: 99 28 W
TEMPERATURE IN F: :PCPN: SNOW: WIND :SUNSHINE: SKY :PK WND
================================================================================
1 2 3 4 5 6A 6B 7 8 9 10 11 12 13 14 15 16 17 18
12Z AVG MX 2MIN
DY MAX MIN AVG DEP HDD CDD WTR SNW DPTH SPD SPD DIR MIN PSBL S-S WX SPD DR
================================================================================
1 81 55 68 14 0 3 0.00 0.0 0 6.4 15 270 M M 3 25 270
2 75 51 63 9 2 0 T 0.0 0 2.3 10 230 M M 3 13 250
3 73 56 65 10 0 0 0.00 0.0 0 7.3 21 70 M M 5 18 26 60
4 64 49 57 2 8 0 1.53 0.0 0 12.4 33 330 M M 10 13 42 330
5 74 43 59 4 6 0 0.00 0.0 0 5.5 16 340 M M 2 22 350
6 69 39 54 -1 11 0 0.00 0.0 0 6.1 17 90 M M 0 21 70
7 68 47 58 2 7 0 0.00 0.0 0 8.2 20 160 M M 1 26 150
8 65 54 60 4 5 0 0.01 0.0 0 11.4 23 170 M M 6 31 170
9 71 56 64 8 1 0 T 0.0 0 7.4 18 180 M M 5 18 25 170
10 81 56 69 12 0 4 0.00 0.0 0 4.1 17 180 M M 5 22 170
11 82 60 71 14 0 6 0.00 0.0 0 5.7 15 190 M M 4 20 200
12 83 60 72 15 0 7 0.00 0.0 0 4.7 14 210 M M 0 1 18 210
13 72 63 68 10 0 3 0.00 0.0 0 4.5 12 140 M M 6 1 13 140
14 74 59 67 9 0 2 0.00 0.0 0 6.9 18 150 M M 10 18 23 150
15 61 56 59 1 6 0 0.33 0.0 0 10.1 17 70 M M 10 13 20 80
16 73 56 65 7 0 0 1.05 0.0 0 5.6 24 100 M M 7 13 30 110
17 78 65 72 13 0 7 0.00 0.0 0 7.4 16 160 M M 8 24 140
18 80 67 74 15 0 9 0.00 0.0 0 9.4 24 170 M M 4 32 180
19 81 65 73 14 0 8 0.41 0.0 0 6.6 15 180 M M 4 13 21 190
20 68 50 59 -1 6 0 1.03 0.0 0 9.8 20 20 M M 10 13 24 340
21 50 44 47 -13 18 0 0.96 M 0 8.4 15 70 M M 10 13 18 50
22 66 49 58 -2 7 0 0.01 M 0 2.7 8 190 M M 10 1 10 200
23 76 61 69 9 0 4 0.00 0.0 0 5.7 16 170 M M 8 1 22 170
24 85 52 69 8 0 4 0.00 0.0 0 5.8 18 330 M M 3 1 23 340
25 91 46 69 8 0 4 0.00 0.0 0 5.4 16 220 M M 0 21 240
26 87 63 75 14 0 10 0.00 0.0 0 5.0 17 160 M M 0 1 22 150
27 83 66 75 13 0 10 0.00 0.0 0 4.6 17 160 M M 3 22 160
28 78 44 61 -1 4 0 0.03 0.0 0 7.9 24 320 M M 1 3 30 330
29 76 40 58 -4 7 0 0.00 0.0 0 6.7 17 60 M M 3 21 60
30 75 58 67 5 0 2 0.00 0.0 0 4.5 13 250 M M 7 1 18 260
31 77 49 63 1 2 0 0.00 0.0 0 5.9 17 30 M M 0 20 30
================================================================================
SM 2317 1679 90 83 5.36 0.0 204.4 M 148
================================================================================
AV 74.7 54.2 6.6 FASTST M M 5 MAX(MPH)
MISC ----> # 33 330 # 42 330
================================================================================
NOTES:
# LAST OF SEVERAL OCCURRENCES
COLUMN 17 PEAK WIND IN M.P.H.
PRELIMINARY LOCAL CLIMATOLOGICAL DATA (WS FORM: F-6) , PAGE 2
STATION: JUNCTION
MONTH: MARCH
YEAR: 2020
LATITUDE: 30 18 N
LONGITUDE: 99 28 W
[TEMPERATURE DATA] [PRECIPITATION DATA] SYMBOLS USED IN COLUMN 16
AVERAGE MONTHLY: 64.5 TOTAL FOR MONTH: 5.36 1 = FOG OR MIST
DPTR FM NORMAL: 6.2 DPTR FM NORMAL: 2.95 2 = FOG REDUCING VISIBILITY
HIGHEST: 91 ON 25 GRTST 24HR 1.53 ON 4- 4 TO 1/4 MILE OR LESS
LOWEST: 39 ON 6 3 = THUNDER
SNOW, ICE PELLETS, HAIL 4 = ICE PELLETS
TOTAL MONTH: 0.0 INCH 5 = HAIL
GRTST 24HR 0.0 6 = FREEZING RAIN OR DRIZZLE
GRTST DEPTH: 0 7 = DUSTSTORM OR SANDSTORM:
VSBY 1/2 MILE OR LESS
8 = SMOKE OR HAZE
[NO. OF DAYS WITH] [WEATHER - DAYS WITH] 9 = BLOWING SNOW
X = TORNADO
MAX 32 OR BELOW: 0 0.01 INCH OR MORE: 9
MAX 90 OR ABOVE: 1 0.10 INCH OR MORE: 6
MIN 32 OR BELOW: 0 0.50 INCH OR MORE: 4
MIN 0 OR BELOW: 0 1.00 INCH OR MORE: 3
[HDD (BASE 65) ]
TOTAL THIS MO. 90 CLEAR (SCALE 0-3) 11
DPTR FM NORMAL -150 PTCLDY (SCALE 4-7) 12
TOTAL FM JUL 1 1774 CLOUDY (SCALE 8-10) 8
DPTR FM NORMAL -361
[CDD (BASE 65) ]
TOTAL THIS MO. 83
DPTR FM NORMAL 49 [PRESSURE DATA]
TOTAL FM JAN 1 91 HIGHEST SLP 30.51 ON 6
DPTR FM NORMAL 51 LOWEST SLP 29.58 ON 4
[REMARKS]
#FINAL-03-20#