000
CXUS55 KGGW 010810
CF6JDN
PRELIMINARY LOCAL CLIMATOLOGICAL DATA (WS FORM: F-6)
STATION: JORDAN ASOS MT
MONTH: SEPTEMBER
YEAR: 2023
LATITUDE: 47 19 N
LONGITUDE: 106 50 W
TEMPERATURE IN F: :PCPN: SNOW: WIND :SUNSHINE: SKY :PK WND
================================================================================
1 2 3 4 5 6A 6B 7 8 9 10 11 12 13 14 15 16 17 18
12Z AVG MX 2MIN
DY MAX MIN AVG DEP HDD CDD WTR SNW DPTH SPD SPD DIR MIN PSBL S-S WX SPD DR
================================================================================
1 90 51 71 7 0 6 0.00 M M 5.6 17 100 M M 0 24 100
2 98 54 76 12 0 11 0.00 M M 8.4 22 270 M M 0 32 260
3 96 57 77 13 0 12 0.00 M M 7.8 32 320 M M 0 43 320
4 70 55 63 0 2 0 0.00 M M 13.3 26 330 M M 0 33 310
5 73 45 59 -4 6 0 0.00 M M 5.8 16 140 M M 0 21 140
6 87 55 71 9 0 6 0.01 M M 5.3 10 20 M M 0 M M
7 82 54 68 6 0 3 0.00 M M 8.1 16 320 M M 0 28 320
8 76 54 65 3 0 0 0.01 M M 7.8 21 20 M M 0 33 140
9 76 46 61 0 4 0 0.00 M M 5.9 14 30 M M 0 19 30
10 75 49 62 1 3 0 0.00 M M 4.7 10 20 M M 0 16 40
11 79 42 61 1 4 0 0.00 M M 5.0 12 90 M M 0 17 110
12 84 52 68 8 0 3 0.00 M M 6.2 16 150 M M 0 23 150
13 84 50 67 7 0 2 0.02 M M 8.4 23 270 M M 0 29 280
14 79 48 64 5 1 0 0.00 M M 7.0 13 360 M M 0 17 99
15 80 39 60 1 5 0 0.00 M M 5.2 13 350 M M 0 17 350
16 89 42 66 8 0 1 0.00 M M 4.2 13 210 M M 0 17 260
17 92 42 67 9 0 2 0.00 M M 7.8 21 270 M M 0 27 270
18 87 53 70 13 0 5 0.00 M M 8.8 24 280 M M 0 34 270
19 73 50 62 5 3 0 0.00 M M 9.3 24 300 M M 0 31 320
20 72 53 63 6 2 0 0.00 M M 8.8 17 60 M M 0 24 60
21 72 54 63 7 2 0 0.00 M M 14.2 20 80 M M 0 30 60
22 67 56 62 6 3 0 1.12 M M 13.0 22 80 M M 0 35 90
23 65 53 59 4 6 0 0.02 M M 7.8 20 330 M M 0 27 330
24 76 47 62 7 3 0 0.00 M M 1.7 9 230 M M 0 12 240
25 83 47 65 11 0 0 0.00 M M 5.3 14 180 M M 0 21 190
26 85 54 70 16 0 5 0.00 M M 9.6 16 170 M M 0 24 130
27 76 54 65 11 0 0 0.00 M M 9.5 24 350 M M 0 39 360
28 69 44 57 4 8 0 0.00 M M 6.3 16 250 M M 0 24 280
29 71 39 55 2 10 0 0.00 M M 4.6 12 360 M M 0 19 10
30 75 51 63 11 2 0 0.00 M M 11.3 17 310 M M 0 24 130
================================================================================
SM 2381 1490 64 56 1.18 M 226.7 M 0
================================================================================
AV 79.4 49.7 7.6 FASTST M M 0 MAX(MPH)
MISC ----> 32 320 43 320
================================================================================
NOTES:
# LAST OF SEVERAL OCCURRENCES
COLUMN 17 PEAK WIND IN M.P.H.
PRELIMINARY LOCAL CLIMATOLOGICAL DATA (WS FORM: F-6) , PAGE 2
STATION: JORDAN ASOS MT
MONTH: SEPTEMBER
YEAR: 2023
LATITUDE: 47 19 N
LONGITUDE: 106 50 W
[TEMPERATURE DATA] [PRECIPITATION DATA] SYMBOLS USED IN COLUMN 16
AVERAGE MONTHLY: 64.5 TOTAL FOR MONTH: 1.18 1 = FOG OR MIST
DPTR FM NORMAL: 6.1 DPTR FM NORMAL: 0.01 2 = FOG REDUCING VISIBILITY
HIGHEST: 98 ON 2 GRTST 24HR 1.12 ON 22-22 TO 1/4 MILE OR LESS
LOWEST: 39 ON 29,15 3 = THUNDER
SNOW, ICE PELLETS, HAIL 4 = ICE PELLETS
TOTAL MONTH: M 5 = HAIL
GRTST 24HR M ON M 6 = FREEZING RAIN OR DRIZZLE
GRTST DEPTH: M ON M 7 = DUSTSTORM OR SANDSTORM:
VSBY 1/2 MILE OR LESS
8 = SMOKE OR HAZE
[NO. OF DAYS WITH] [WEATHER - DAYS WITH] 9 = BLOWING SNOW
X = TORNADO
MAX 32 OR BELOW: 0 0.01 INCH OR MORE: 5
MAX 90 OR ABOVE: 4 0.10 INCH OR MORE: 1
MIN 32 OR BELOW: 0 0.50 INCH OR MORE: 1
MIN 0 OR BELOW: 0 1.00 INCH OR MORE: 1
[HDD (BASE 65) ]
TOTAL THIS MO. 64 CLEAR (SCALE 0-3) 30
DPTR FM NORMAL -166 PTCLDY (SCALE 4-7) 0
TOTAL FM JUL 1 85 CLOUDY (SCALE 8-10) 0
DPTR FM NORMAL -198
[CDD (BASE 65) ]
TOTAL THIS MO. 56
DPTR FM NORMAL 24 [PRESSURE DATA]
TOTAL FM JAN 1 654 HIGHEST SLP M ON M
DPTR FM NORMAL 165 LOWEST SLP 29.55 ON 4
[REMARKS]
#FINAL-09-23#