000
CXUS53 KLSX 011400
CF6JEF
PRELIMINARY LOCAL CLIMATOLOGICAL DATA (WS FORM: F-6)
STATION: JEFFERSON CITY
MONTH: JUNE
YEAR: 2023
LATITUDE: 38 35 N
LONGITUDE: 92 10 W
TEMPERATURE IN F: :PCPN: SNOW: WIND :SUNSHINE: SKY :PK WND
================================================================================
1 2 3 4 5 6A 6B 7 8 9 10 11 12 13 14 15 16 17 18
12Z AVG MX 2MIN
DY MAX MIN AVG DEP HDD CDD WTR SNW DPTH SPD SPD DIR MIN PSBL S-S WX SPD DR
================================================================================
1 91 64 78 7 0 13 0.18 0.0 0 4.7 17 190 M M 2 13 23 190
2 91 66 79 7 0 14 0.22 0.0 0 2.8 26 60 M M 1 123 38 50
3 93 63 78 6 0 13 0.00 0.0 0 4.2 16 100 M M 3 12 21 70
4 91 62 77 5 0 12 0.00 0.0 0 3.0 14 90 M M 1 3 21 80
5 88 62 75 2 0 10 0.00 0.0 0 4.8 13 60 M M 0 8 19 80
6 89 55 72 -1 0 7 0.00 0.0 0 1.7 9 210 M M 0 15 210
7 89 63 76 3 0 11 T 0.0 0 3.1 14 80 M M 3 3 18 90
8 79 59 69 -5 0 4 T 0.0 0 4.4 12 120 M M 5 1 16 100
9 85 51 68 -6 0 3 0.00 0.0 0 3.5 13 80 M M 0 18 60
10 89 60 75 1 0 10 0.04 0.0 0 6.2 17 230 M M 3 27 220
11 71 61 66 -8 0 1 0.16 0.0 0 6.2 16 340 M M 9 1 22 350
12 77 54 66 -9 0 1 0.00 0.0 0 4.7 15 360 M M 1 1 22 20
13 83 51 67 -8 0 2 0.00 0.0 0 4.5 17 230 M M 0 23 220
14 89 54 72 -3 0 7 0.00 0.0 0 1.3 10 300 M M 0 14 350
15 92 59 76 1 0 11 0.00 0.0 0 1.9 9 330 M M 1 13 30
16 92 62 77 1 0 12 0.00 0.0 0 3.6 13 30 M M 1 17 30
17 91 63 77 1 0 12 0.00 0.0 0 4.4 12 120 M M 1 18 17 120
18 82 69 76 0 0 11 0.99 0.0 0 4.8 23 220 M M 5 13 32 230
19 90 64 77 1 0 12 0.00 0.0 0 2.4 10 70 M M 1 1 14 50
20 91 63 77 1 0 12 0.00 0.0 0 4.5 15 100 M M 0 18 38 80
21 87 66 77 0 0 12 0.00 0.0 0 5.7 15 70 M M 2 18 21 80
22 91 63 77 0 0 12 0.00 0.0 0 2.6 12 60 M M 1 8 16 90
23 94 64 79 2 0 14 T 0.0 0 2.4 9 290 M M 2 18 14 300
24 97 67 82 5 0 17 0.00 0.0 0 7.3 18 220 M M 2 8 25 230
25 92 73 83 6 0 18 0.00 0.0 0 9.9 23 290 M M 0 8 33 280
26 89 68 79 2 0 14 0.00 0.0 0 8.1 20 290 M M 0 30 300
27 90 62 76 -2 0 11 0.00 0.0 0 4.0 9 280 M M 0 13 230
28 96 69 83 5 0 18 0.04 0.0 0 8.6 21 80 M M 1 38 29 140
29 104 78 91 13 0 26 0.00 0.0 0 5.9 18 280 M M 0 27 290
30 102 73 88 10 0 23 0.00 0.0 0 4.4 16 40 M M 1 3 20 280
================================================================================
SM 2685 1888 0 343 1.63 0.0 135.6 M 46
================================================================================
AV 89.5 62.9 4.5 FASTST M M 2 MAX(MPH)
MISC ----> 26 60 # 38 50
================================================================================
NOTES:
# LAST OF SEVERAL OCCURRENCES
COLUMN 17 PEAK WIND IN M.P.H.
PRELIMINARY LOCAL CLIMATOLOGICAL DATA (WS FORM: F-6) , PAGE 2
STATION: JEFFERSON CITY
MONTH: JUNE
YEAR: 2023
LATITUDE: 38 35 N
LONGITUDE: 92 10 W
[TEMPERATURE DATA] [PRECIPITATION DATA] SYMBOLS USED IN COLUMN 16
AVERAGE MONTHLY: 76.2 TOTAL FOR MONTH: 1.63 1 = FOG OR MIST
DPTR FM NORMAL: 1.1 DPTR FM NORMAL: -1.99 2 = FOG REDUCING VISIBILITY
HIGHEST: 104 ON 29 GRTST 24HR 0.99 ON 18-18 TO 1/4 MILE OR LESS
LOWEST: 51 ON 13, 9 3 = THUNDER
SNOW, ICE PELLETS, HAIL 4 = ICE PELLETS
TOTAL MONTH: 0.0 INCH 5 = HAIL
GRTST 24HR 0.0 6 = FREEZING RAIN OR DRIZZLE
GRTST DEPTH: 0 7 = DUSTSTORM OR SANDSTORM:
VSBY 1/2 MILE OR LESS
8 = SMOKE OR HAZE
[NO. OF DAYS WITH] [WEATHER - DAYS WITH] 9 = BLOWING SNOW
X = TORNADO
MAX 32 OR BELOW: 0 0.01 INCH OR MORE: 6
MAX 90 OR ABOVE: 17 0.10 INCH OR MORE: 4
MIN 32 OR BELOW: 0 0.50 INCH OR MORE: 1
MIN 0 OR BELOW: 0 1.00 INCH OR MORE: 0
[HDD (BASE 65) ]
TOTAL THIS MO. 0 CLEAR (SCALE 0-3) 26
DPTR FM NORMAL -5 PTCLDY (SCALE 4-7) 3
TOTAL FM JUL 1 3976 CLOUDY (SCALE 8-10) 1
DPTR FM NORMAL -609
[CDD (BASE 65) ]
TOTAL THIS MO. 343
DPTR FM NORMAL 33 [PRESSURE DATA]
TOTAL FM JAN 1 550 HIGHEST SLP 30.00 ON 2
DPTR FM NORMAL 87 LOWEST SLP 29.58 ON 11
[REMARKS]
#FINAL-06-23#