000
CXUS55 KBOI 011002
CF6JER
PRELIMINARY LOCAL CLIMATOLOGICAL DATA (WS FORM: F-6)
STATION: JEROME ID
MONTH: OCTOBER
YEAR: 2022
LATITUDE: 42 43 N
LONGITUDE: 114 27 W
TEMPERATURE IN F: :PCPN: SNOW: WIND :SUNSHINE: SKY :PK WND
================================================================================
1 2 3 4 5 6A 6B 7 8 9 10 11 12 13 14 15 16 17 18
12Z AVG MX 2MIN
DY MAX MIN AVG DEP HDD CDD WTR SNW DPTH SPD SPD DIR MIN PSBL S-S WX SPD DR
================================================================================
1 68 38 53 -4 12 0 0.00 M M 5.6 14 100 M M 0 8 16 100
2 72 45 59 2 6 0 0.00 M M 8.7 18 90 M M 1 26 70
3 71 44 58 2 7 0 0.00 M M 4.9 10 120 M M 0 12 220
4 77 45 61 5 4 0 0.00 M M 6.5 14 100 M M 0 18 100
5 78 45 62 7 3 0 0.00 M M 7.4 15 80 M M 0 19 110
6 81 47 64 9 1 0 0.00 M M 6.5 13 100 M M 0 8 17 90
7 77 47 62 8 3 0 0.00 0.0 0 6.1 15 110 M M 0 20 110
8 75 48 62 8 3 0 0.00 M M 6.9 15 110 M M 0 19 110
9 75 46 61 7 4 0 0.00 M M 5.0 12 100 M M 0 14 250
10 74 47 61 8 4 0 0.00 M M 8.1 18 290 M M 0 23 300
11 70 49 60 7 5 0 0.00 M M 15.8 32 270 M M 0 42 280
12 70 41 56 4 9 0 0.00 M M 7.1 16 260 M M 0 8 20 270
13 73 44 59 7 6 0 T M M 5.5 13 90 M M 0 16 90
14 69 41 55 3 10 0 T M M 5.6 13 270 M M 0 18 270
15 74 40 57 6 8 0 0.00 M M 14.1 25 80 M M 0 36 110
16 74 41 58 7 7 0 0.00 M M 13.7 25 80 M M 0 32 70
17 76 46 61 11 4 0 T M M 7.7 20 90 M M 0 8 28 90
18 77 43 60 10 5 0 T M M 6.8 14 110 M M 0 18 110
19 72 42 57 8 8 0 0.00 M M 4.6 10 110 M M 0 14 260
20 71 40 56 7 9 0 0.00 M M 7.1 16 270 M M 0 22 270
21 69 48 59 10 6 0 0.00 M M 8.5 22 290 M M 1 8 29 280
22 58 35 47 -1 18 0 0.46 M M 16.6 33 270 M M 6 1 42 270
23 47 30 39 -9 26 0 0.00 M M 18.5 31 270 M M 1 40 280
24 49 28 39 -8 26 0 T M M 9.2 23 250 M M 4 32 260
25 48 32 40 -7 25 0 T M M 12.1 23 270 M M 4 1 29 290
26 43 31 37 -10 28 0 0.02 M M 14.8 31 280 M M 3 1 43 270
27 46 27 37 -9 28 0 0.00 M M 8.0 18 60 M M 0 23 70
28 56 27 42 -4 23 0 0.00 M M 14.9 23 70 M M 0 29 70
29 53 32 43 -2 22 0 0.00 M M 6.9 16 110 M M 0 8 20 110
30 57 29 43 -2 22 0 0.00 M M 5.3 12 260 M M 0 15 250
31 65 35 50 5 15 0 0.00 M M 6.9 16 80 M M 0 20 80
================================================================================
SM 2065 1233 357 0 0.48 0.0 275.4 M 20
================================================================================
AV 66.6 39.8 8.9 FASTST M M 1 MAX(MPH)
MISC ----> 33 270 43 270
================================================================================
NOTES:
# LAST OF SEVERAL OCCURRENCES
COLUMN 17 PEAK WIND IN M.P.H.
PRELIMINARY LOCAL CLIMATOLOGICAL DATA (WS FORM: F-6) , PAGE 2
STATION: JEROME ID
MONTH: OCTOBER
YEAR: 2022
LATITUDE: 42 43 N
LONGITUDE: 114 27 W
[TEMPERATURE DATA] [PRECIPITATION DATA] SYMBOLS USED IN COLUMN 16
AVERAGE MONTHLY: 53.2 TOTAL FOR MONTH: 0.48 1 = FOG OR MIST
DPTR FM NORMAL: 2.4 DPTR FM NORMAL: -0.29 2 = FOG REDUCING VISIBILITY
HIGHEST: 81 ON 6 GRTST 24HR 0.46 ON 21-22 TO 1/4 MILE OR LESS
LOWEST: 27 ON 28,27 3 = THUNDER
SNOW, ICE PELLETS, HAIL 4 = ICE PELLETS
TOTAL MONTH: 0.0 INCH 5 = HAIL
GRTST 24HR 0.0 6 = FREEZING RAIN OR DRIZZLE
GRTST DEPTH: 0 7 = DUSTSTORM OR SANDSTORM:
VSBY 1/2 MILE OR LESS
8 = SMOKE OR HAZE
[NO. OF DAYS WITH] [WEATHER - DAYS WITH] 9 = BLOWING SNOW
X = TORNADO
MAX 32 OR BELOW: 0 0.01 INCH OR MORE: 2
MAX 90 OR ABOVE: 0 0.10 INCH OR MORE: 1
MIN 32 OR BELOW: 8 0.50 INCH OR MORE: 0
MIN 0 OR BELOW: 0 1.00 INCH OR MORE: 0
[HDD (BASE 65) ]
TOTAL THIS MO. 357 CLEAR (SCALE 0-3) 28
DPTR FM NORMAL -89 PTCLDY (SCALE 4-7) 3
TOTAL FM JUL 1 411 CLOUDY (SCALE 8-10) 0
DPTR FM NORMAL -178
[CDD (BASE 65) ]
TOTAL THIS MO. 0
DPTR FM NORMAL -4 [PRESSURE DATA]
TOTAL FM JAN 1 1013 HIGHEST SLP 30.38 ON 29
DPTR FM NORMAL 298 LOWEST SLP 29.38 ON 22
[REMARKS]
#FINAL-10-22#