000
CXHW50 PHFO 011250
CF6JRF
PRELIMINARY LOCAL CLIMATOLOGICAL DATA (WS FORM: F-6)
STATION: KALAELOA ARPT/OAHU HI
MONTH: DECEMBER
YEAR: 2022
LATITUDE: 21 19 N
LONGITUDE: 158 4 W
TEMPERATURE IN F: :PCPN: SNOW: WIND :SUNSHINE: SKY :PK WND
================================================================================
1 2 3 4 5 6A 6B 7 8 9 10 11 12 13 14 15 16 17 18
12Z AVG MX 2MIN
DY MAX MIN AVG DEP HDD CDD WTR SNW DPTH SPD SPD DIR MIN PSBL S-S WX SPD DR
================================================================================
1 84 68 76 0 0 11 0.00 M M 5.8 13 30 M M 2 18 20
2 84 63 74 -2 0 9 0.01 M M 6.6 20 130 M M 3 1 23 140
3 86 72 79 4 0 14 T M M 5.5 15 130 M M 5 20 130
4 84 68 76 1 0 11 0.19 M M 6.2 35 50 M M 4 1 35 50
5 81 72 77 2 0 12 T M M 5.5 12 140 M M 4 14 150
6 84 71 78 3 0 13 0.00 M M 6.4 16 130 M M 2 20 130
7 83 75 79 4 0 14 0.00 M M 10.2 20 80 M M 1 29 60
8 85 75 80 5 0 15 0.00 M M 10.3 20 60 M M 3 30 70
9 84 74 79 4 0 14 0.00 M M 11.8 21 70 M M 1 8 35 60
10 84 72 78 3 0 13 T M M 8.8 20 50 M M 1 30 70
11 84 71 78 3 0 13 T M M 7.6 17 80 M M 3 1 24 50
12 84 72 78 3 0 13 T M M 7.9 17 30 M M 3 28 30
13 84 69 77 2 0 12 0.00 M M 6.6 17 10 M M 1 25 20
14 84 67 76 1 0 11 0.00 M M 6.9 16 120 M M 1 21 100
15 81 64 73 -2 0 8 0.34 M M 5.4 14 190 M M 2 1 18 180
16 81 68 75 1 0 10 0.17 M M 4.7 16 10 M M 6 1 21 10
17 81 66 74 0 0 9 0.00 M M 5.2 9 160 M M 1 13 170
18 78 68 73 -1 0 8 1.44 M M 11.4 30 200 M M 8 1 41 190
19 76 68 72 -2 0 7 0.16 M M 20.4 41 250 M M 5 8 53 270
20 82 68 75 1 0 10 0.02 M M 19.3 31 240 M M 5 40 230
21 82 67 75 1 0 10 T M M 9.1 17 260 M M 5 22 240
22 82 65 74 0 0 9 0.00 M M 6.9 13 210 M M 2 17 220
23 82 66 74 0 0 9 0.00 M M 6.3 13 190 M M 3 15 190
24 83 71 77 3 0 12 T M M 6.7 14 200 M M 3 17 200
25 84 69 77 3 0 12 0.00 M M 4.2 13 190 M M 2 14 230
26 82 69 76 2 0 11 0.00 M M 5.0 12 180 M M 2 17 200
27 84 68 76 2 0 11 0.00 M M 6.5 15 110 M M 1 20 100
28 82 66 74 0 0 9 0.00 M M 4.4 14 90 M M 5 17 100
29 81 63 72 -2 0 7 0.00 M M 4.9 13 220 M M 4 16 200
30 84 63 74 1 0 9 0.00 M M 4.6 12 50 M M 5 18 40
31 82 64 73 0 0 8 0.00 M M 5.5 13 200 M M 1 8 15 200
================================================================================
SM 2562 2122 0 334 2.33 M 236.6 M 94
================================================================================
AV 82.6 68.5 7.6 FASTST M M 3 MAX(MPH)
MISC ----> 41 250 53 270
================================================================================
NOTES:
# LAST OF SEVERAL OCCURRENCES
COLUMN 17 PEAK WIND IN M.P.H.
PRELIMINARY LOCAL CLIMATOLOGICAL DATA (WS FORM: F-6) , PAGE 2
STATION: KALAELOA ARPT/OAHU HI
MONTH: DECEMBER
YEAR: 2022
LATITUDE: 21 19 N
LONGITUDE: 158 4 W
[TEMPERATURE DATA] [PRECIPITATION DATA] SYMBOLS USED IN COLUMN 16
AVERAGE MONTHLY: 75.5 TOTAL FOR MONTH: 2.33 1 = FOG OR MIST
DPTR FM NORMAL: 1.0 DPTR FM NORMAL: 0.04 2 = FOG REDUCING VISIBILITY
HIGHEST: 86 ON 3 GRTST 24HR 1.44 ON 18-18 TO 1/4 MILE OR LESS
LOWEST: 63 ON 30,29 3 = THUNDER
SNOW, ICE PELLETS, HAIL 4 = ICE PELLETS
TOTAL MONTH: M 5 = HAIL
GRTST 24HR M ON M 6 = FREEZING RAIN OR DRIZZLE
GRTST DEPTH: M ON M 7 = DUSTSTORM OR SANDSTORM:
VSBY 1/2 MILE OR LESS
8 = SMOKE OR HAZE
[NO. OF DAYS WITH] [WEATHER - DAYS WITH] 9 = BLOWING SNOW
X = TORNADO
MAX 32 OR BELOW: 0 0.01 INCH OR MORE: 7
MAX 90 OR ABOVE: 0 0.10 INCH OR MORE: 5
MIN 32 OR BELOW: 0 0.50 INCH OR MORE: 1
MIN 0 OR BELOW: 0 1.00 INCH OR MORE: 1
[HDD (BASE 65) ]
TOTAL THIS MO. 0 CLEAR (SCALE 0-3) 17
DPTR FM NORMAL 0 PTCLDY (SCALE 4-7) 13
TOTAL FM JUL 1 0 CLOUDY (SCALE 8-10) 1
DPTR FM NORMAL 0
[CDD (BASE 65) ]
TOTAL THIS MO. 334
DPTR FM NORMAL 40 [PRESSURE DATA]
TOTAL FM JAN 1 5015 HIGHEST SLP 30.21 ON 8
DPTR FM NORMAL 619 LOWEST SLP 29.52 ON 19
[REMARKS]
#FINAL-12-22#