000
CXHW50 PHFO 011250
CF6JRF
PRELIMINARY LOCAL CLIMATOLOGICAL DATA (WS FORM: F-6)
STATION: KALAELOA ARPT/OAHU HI
MONTH: JULY
YEAR: 2022
LATITUDE: 21 19 N
LONGITUDE: 158 4 W
TEMPERATURE IN F: :PCPN: SNOW: WIND :SUNSHINE: SKY :PK WND
================================================================================
1 2 3 4 5 6A 6B 7 8 9 10 11 12 13 14 15 16 17 18
12Z AVG MX 2MIN
DY MAX MIN AVG DEP HDD CDD WTR SNW DPTH SPD SPD DIR MIN PSBL S-S WX SPD DR
================================================================================
1 91 79 85 5 0 20 0.00 M M 10.2 20 40 M M 1 29 60
2 90 77 84 4 0 19 0.00 M M 8.5 18 40 M M 1 29 70
3 87 73 80 0 0 15 0.02 M M 7.8 16 70 M M 8 26 60
4 88 76 82 2 0 17 0.01 M M 9.1 18 70 M M 5 8 28 70
5 88 75 82 2 0 17 T M M 7.2 15 30 M M 6 23 70
6 90 71 81 1 0 16 T M M 7.4 16 100 M M 3 23 40
7 89 74 82 2 0 17 0.02 M M 7.6 17 50 M M 5 26 30
8 86 75 81 1 0 16 T M M 8.0 17 90 M M 5 26 60
9 88 74 81 1 0 16 0.00 M M 7.3 15 50 M M 5 26 80
10 90 75 83 3 0 18 0.00 M M 8.1 18 30 M M 1 26 30
11 90 75 83 3 0 18 T M M 7.4 17 100 M M 3 24 50
12 91 74 83 3 0 18 T M M 8.2 16 40 M M 6 25 20
13 91 77 84 4 0 19 T M M 9.0 17 90 M M 2 27 40
14 90 78 84 4 0 19 T M M 8.9 18 40 M M 4 25 30
15 90 71 81 1 0 16 0.00 M M 7.7 14 30 M M 3 23 30
16 90 75 83 3 0 18 T M M 7.5 16 30 M M 4 27 40
17 92 79 86 6 0 21 T M M 9.1 17 80 M M 5 26 80
18 89 77 83 3 0 18 0.00 M M 8.9 17 60 M M 5 30 80
19 90 73 82 2 0 17 0.00 M M 7.4 18 40 M M 3 27 40
20 89 70 80 0 0 15 T M M 7.4 17 100 M M 3 25 50
21 91 74 83 3 0 18 0.01 M M 8.2 16 90 M M 4 24 80
22 91 74 83 3 0 18 0.00 M M 7.6 15 30 M M 1 24 40
23 91 72 82 2 0 17 0.00 M M 7.0 17 120 M M 2 22 110
24 90 74 82 2 0 17 0.00 M M 8.1 16 30 M M 1 24 130
25 90 74 82 2 0 17 T M M 7.5 16 40 M M 5 24 90
26 89 74 82 2 0 17 T M M 7.7 16 60 M M 4 28 80
27 92 74 83 2 0 18 0.00 M M 6.9 16 70 M M 2 24 50
28 89 74 82 1 0 17 0.00 M M 7.8 20 140 M M 1 22 140
29 89 69 79 -2 0 14 0.00 M M 6.1 16 130 M M 0 21 130
30 92 72 82 1 0 17 0.00 M M 7.5 20 120 M M 3 26 130
31 91 77 84 3 0 19 0.00 M M 9.4 18 50 M M 1 28 50
================================================================================
SM 2784 2306 0 539 0.06 M 246.5 M 102
================================================================================
AV 89.8 74.4 8.0 FASTST M M 3 MAX(MPH)
MISC ----> # 20 40 30 80
================================================================================
NOTES:
# LAST OF SEVERAL OCCURRENCES
COLUMN 17 PEAK WIND IN M.P.H.
PRELIMINARY LOCAL CLIMATOLOGICAL DATA (WS FORM: F-6) , PAGE 2
STATION: KALAELOA ARPT/OAHU HI
MONTH: JULY
YEAR: 2022
LATITUDE: 21 19 N
LONGITUDE: 158 4 W
[TEMPERATURE DATA] [PRECIPITATION DATA] SYMBOLS USED IN COLUMN 16
AVERAGE MONTHLY: 82.1 TOTAL FOR MONTH: 0.06 1 = FOG OR MIST
DPTR FM NORMAL: 1.8 DPTR FM NORMAL: -0.23 2 = FOG REDUCING VISIBILITY
HIGHEST: 92 ON 30,27 GRTST 24HR 0.02 ON 3- 3 TO 1/4 MILE OR LESS
LOWEST: 69 ON 29 3 = THUNDER
SNOW, ICE PELLETS, HAIL 4 = ICE PELLETS
TOTAL MONTH: M 5 = HAIL
GRTST 24HR M ON M 6 = FREEZING RAIN OR DRIZZLE
GRTST DEPTH: M ON M 7 = DUSTSTORM OR SANDSTORM:
VSBY 1/2 MILE OR LESS
8 = SMOKE OR HAZE
[NO. OF DAYS WITH] [WEATHER - DAYS WITH] 9 = BLOWING SNOW
X = TORNADO
MAX 32 OR BELOW: 0 0.01 INCH OR MORE: 4
MAX 90 OR ABOVE: 20 0.10 INCH OR MORE: 0
MIN 32 OR BELOW: 0 0.50 INCH OR MORE: 0
MIN 0 OR BELOW: 0 1.00 INCH OR MORE: 0
[HDD (BASE 65) ]
TOTAL THIS MO. 0 CLEAR (SCALE 0-3) 14
DPTR FM NORMAL 0 PTCLDY (SCALE 4-7) 17
TOTAL FM JUL 1 0 CLOUDY (SCALE 8-10) 0
DPTR FM NORMAL 0
[CDD (BASE 65) ]
TOTAL THIS MO. 539
DPTR FM NORMAL 66 [PRESSURE DATA]
TOTAL FM JAN 1 2866 HIGHEST SLP 30.17 ON 10
DPTR FM NORMAL 535 LOWEST SLP 30.00 ON 26
[REMARKS]
#FINAL-07-22#