000
CXUS53 KGRR 010910
CF6JXN
PRELIMINARY LOCAL CLIMATOLOGICAL DATA (WS FORM: F-6)
STATION: JACKSON
MONTH: JUNE
YEAR: 2023
LATITUDE: 42 16 N
LONGITUDE: 84 28 W
TEMPERATURE IN F: :PCPN: SNOW: WIND :SUNSHINE: SKY :PK WND
================================================================================
1 2 3 4 5 6A 6B 7 8 9 10 11 12 13 14 15 16 17 18
12Z AVG MX 2MIN
DY MAX MIN AVG DEP HDD CDD WTR SNW DPTH SPD SPD DIR MIN PSBL S-S WX SPD DR
================================================================================
1 M M M M M M 0.00 M M 5.8 14 70 M M 1 22 40
2 M M M M M M 0.00 M M 4.5 14 30 M M 1 22 60
3 M M M M M M 0.00 M M 6.1 16 90 M M 2 3 24 340
4 M M M M M M 0.00 M M 6.6 17 20 M M 0 24 30
5 82 M M M M M 0.00 M M 1.9 10 10 M M 2 17 40
6 76 44 60 -6 5 0 0.00 M M 4.1 14 330 M M 0 8 19 10
7 75 38 57 -9 8 0 0.00 M M 5.4 15 40 M M 1 18 26 30
8 76 39 58 -8 7 0 0.00 M M 5.9 14 330 M M 2 18 22 330
9 76 45 61 -5 4 0 0.00 M M 4.6 13 250 M M 1 8 20 270
10 81 44 63 -4 2 0 0.00 M M 4.6 16 240 M M 0 1 24 230
11 64 53 59 -8 6 0 0.23 M M 5.8 16 30 M M 9 1 22 350
12 63 44 54 -13 11 0 0.00 M M 8.5 17 240 M M 8 1 25 260
13 69 45 57 -11 8 0 0.03 M M 7.1 20 220 M M 8 1 29 230
14 74 49 62 -6 3 0 0.00 M M 4.8 13 250 M M 5 12 18 250
15 81 49 65 -3 0 0 T M M 6.8 24 240 M M 3 1238 38 230
16 73 50 62 -6 3 0 0.00 M M 6.9 14 20 M M 7 18 20 30
17 82 48 65 -4 0 0 0.00 M M 3.8 12 290 M M 0 128 17 260
18 85 45 65 -4 0 0 0.00 M M 5.2 15 150 M M 0 1 20 110
19 86 52 69 0 0 4 0.00 M M 6.8 16 80 M M 0 22 50
20 88 60 74 5 0 9 0.00 M M 8.3 18 110 M M 1 27 60
21 88 59 74 4 0 9 0.00 M M 6.8 17 80 M M 1 1 26 30
22 82 56 69 -1 0 4 0.00 M M 6.7 16 30 M M 4 24 80
23 77 62 70 0 0 5 T M M 3.9 12 20 M M 10 18 20
24 88 63 76 6 0 11 0.00 M M 2.1 10 330 M M 6 13 300
25 87 61 74 4 0 9 0.36 M M 6.9 43 230 M M 4 138 61 230
26 71 63 67 -3 0 2 0.18 M M 9.7 18 260 M M 10 1 33 270
27 71 60 66 -5 0 1 0.00 M M 6.5 14 290 M M 10 18 23 290
28 79 51 65 -6 0 0 0.00 M M 1.7 9 30 M M 6 128 13 30
29 87 59 73 2 0 8 0.00 M M 7.5 17 150 M M 5 138 24 150
30 89 63 76 5 0 11 T M M 4.4 20 210 M M 4 138 25 200
================================================================================
SM 2050 1302 57 73 0.80 M 169.7 M 111
================================================================================
AV 78.8 52.1 5.7 FASTST M M 4 MAX(MPH)
MISC ----> 43 230 61 230
================================================================================
NOTES:
# LAST OF SEVERAL OCCURRENCES
COLUMN 17 PEAK WIND IN M.P.H.
PRELIMINARY LOCAL CLIMATOLOGICAL DATA (WS FORM: F-6) , PAGE 2
STATION: JACKSON
MONTH: JUNE
YEAR: 2023
LATITUDE: 42 16 N
LONGITUDE: 84 28 W
[TEMPERATURE DATA] [PRECIPITATION DATA] SYMBOLS USED IN COLUMN 16
AVERAGE MONTHLY: 65.5 TOTAL FOR MONTH: 0.80 1 = FOG OR MIST
DPTR FM NORMAL: -2.5 DPTR FM NORMAL: -2.78 2 = FOG REDUCING VISIBILITY
HIGHEST: 89 ON 30 GRTST 24HR 0.50 ON 25-26 TO 1/4 MILE OR LESS
LOWEST: 38 ON 7 3 = THUNDER
SNOW, ICE PELLETS, HAIL 4 = ICE PELLETS
TOTAL MONTH: M 5 = HAIL
GRTST 24HR M ON M 6 = FREEZING RAIN OR DRIZZLE
GRTST DEPTH: M ON M 7 = DUSTSTORM OR SANDSTORM:
VSBY 1/2 MILE OR LESS
8 = SMOKE OR HAZE
[NO. OF DAYS WITH] [WEATHER - DAYS WITH] 9 = BLOWING SNOW
X = TORNADO
MAX 32 OR BELOW: 0 0.01 INCH OR MORE: 4
MAX 90 OR ABOVE: 0 0.10 INCH OR MORE: 3
MIN 32 OR BELOW: 0 0.50 INCH OR MORE: 0
MIN 0 OR BELOW: 0 1.00 INCH OR MORE: 0
[HDD (BASE 65) ]
TOTAL THIS MO. 57 CLEAR (SCALE 0-3) 16
DPTR FM NORMAL 11 PTCLDY (SCALE 4-7) 10
TOTAL FM JUL 1 5826 CLOUDY (SCALE 8-10) 4
DPTR FM NORMAL -644
[CDD (BASE 65) ]
TOTAL THIS MO. 73
DPTR FM NORMAL -63 [PRESSURE DATA]
TOTAL FM JAN 1 87 HIGHEST SLP 30.17 ON 21
DPTR FM NORMAL -94 LOWEST SLP 29.50 ON 26
[REMARKS]
#FINAL-06-23#