000
CXUS53 KGID 011413
CF6JYR
PRELIMINARY LOCAL CLIMATOLOGICAL DATA (WS FORM: F-6)
STATION: YORK NE
MONTH: FEBRUARY
YEAR: 2023
LATITUDE: 40 54 N
LONGITUDE: 97 37 W
TEMPERATURE IN F: :PCPN: SNOW: WIND :SUNSHINE: SKY :PK WND
================================================================================
1 2 3 4 5 6A 6B 7 8 9 10 11 12 13 14 15 16 17 18
12Z AVG MX 2MIN
DY MAX MIN AVG DEP HDD CDD WTR SNW DPTH SPD SPD DIR MIN PSBL S-S WX SPD DR
================================================================================
1 32 7 20 M 45 0 0.00 M M 9.9 15 220 M M 0 16 220
2 28 3 16 M 49 0 0.00 M M 14.0 30 360 M M 0 39 360
3 27 1 14 M 51 0 0.00 M M 10.0 18 180 M M 2 24 190
4 45 18 32 M 33 0 0.00 M M 10.6 17 210 M M 0 M M
5 48 27 38 M 27 0 0.00 M M 6.3 13 290 M M 0 12 270
6 43 32 38 M 27 0 0.00 M M 11.2 17 310 M M 0 22 300
7 51 28 40 M 25 0 0.00 M M 9.4 14 300 M M 0 M M
8 48 25 37 M 28 0 0.00 M M 5.4 12 220 M M 0 M M
9 37 25 31 M 34 0 0.00 M M 15.4 23 340 M M 6 35 340
10 41 16 29 M 36 0 0.00 M M 7.8 15 360 M M 0 25 360
11 50 23 37 M 28 0 0.00 M M 12.1 18 210 M M 0 21 230
12 43 23 33 M 32 0 0.00 M M 8.2 16 10 M M 0 22 360
13 59 25 42 M 23 0 0.00 M M 11.2 21 210 M M 1 27 210
14 46 34 40 M 25 0 0.02 M M 16.4 35 310 M M 9 1 41 310
15 34 16 25 M 40 0 M M M 21.8 30 320 M M 9 8 38 320
16 27 7 17 M 48 0 M M M 12.7 28 10 M M 4 18 35 10
17 34 1 18 M 47 0 0.00 M M 8.1 18 210 M M 0 M M
18 43 21 32 M 33 0 0.00 M M 8.9 15 210 M M 0 M M
19 46 27 37 M 28 0 0.00 M M 5.7 13 320 M M 1 16 350
20 50 28 39 M 26 0 0.00 M M 9.4 17 290 M M 1 21 270
21 55 25 40 M 25 0 0.00 M M 11.3 17 140 M M 1 23 130
22 34 10 22 M 43 0 M M M 21.6 32 20 M M 6 1 43 20
23 10 0 5 M 60 0 T M M 18.2 27 310 M M 1 8 36 320
24 16 0 8 M 57 0 M M M 6.0 17 30 M M 3 8 23 30
25 46 5 26 M 39 0 0.00 M M 9.4 21 220 M M 0 27 220
26 54 23 39 M 26 0 0.57 M M 10.6 18 140 M M 2 1 24 150
27 54 28 41 M 24 0 0.03 M M 14.6 25 310 M M 2 1 33 310
28 45 25 35 M 30 0 T M M 7.0 14 100 M M 4 15 100
================================================================================
SM 1146 503 989 0 M M 313.2 M 52
================================================================================
AV 40.9 18.0 11.2 FASTST M M 2 MAX(MPH)
MISC ----> 35 310 M M
================================================================================
NOTES:
# LAST OF SEVERAL OCCURRENCES
COLUMN 17 PEAK WIND IN M.P.H.
PRELIMINARY LOCAL CLIMATOLOGICAL DATA (WS FORM: F-6) , PAGE 2
STATION: YORK NE
MONTH: FEBRUARY
YEAR: 2023
LATITUDE: 40 54 N
LONGITUDE: 97 37 W
[TEMPERATURE DATA] [PRECIPITATION DATA] SYMBOLS USED IN COLUMN 16
AVERAGE MONTHLY: 29.4 TOTAL FOR MONTH: M 1 = FOG OR MIST
DPTR FM NORMAL: M DPTR FM NORMAL: M 2 = FOG REDUCING VISIBILITY
HIGHEST: 59 ON 13 GRTST 24HR M ON M TO 1/4 MILE OR LESS
LOWEST: 0 ON 24,23 3 = THUNDER
SNOW, ICE PELLETS, HAIL 4 = ICE PELLETS
TOTAL MONTH: M 5 = HAIL
GRTST 24HR M ON M 6 = FREEZING RAIN OR DRIZZLE
GRTST DEPTH: M ON M 7 = DUSTSTORM OR SANDSTORM:
VSBY 1/2 MILE OR LESS
8 = SMOKE OR HAZE
[NO. OF DAYS WITH] [WEATHER - DAYS WITH] 9 = BLOWING SNOW
X = TORNADO
MAX 32 OR BELOW: 6 0.01 INCH OR MORE: M
MAX 90 OR ABOVE: 0 0.10 INCH OR MORE: M
MIN 32 OR BELOW: 27 0.50 INCH OR MORE: M
MIN 0 OR BELOW: 2 1.00 INCH OR MORE: M
[HDD (BASE 65) ]
TOTAL THIS MO. 989 CLEAR (SCALE 0-3) 22
DPTR FM NORMAL M PTCLDY (SCALE 4-7) 4
TOTAL FM JUL 1 4773 CLOUDY (SCALE 8-10) 2
DPTR FM NORMAL M
[CDD (BASE 65) ]
TOTAL THIS MO. 0
DPTR FM NORMAL M [PRESSURE DATA]
TOTAL FM JAN 1 0 HIGHEST SLP M ON M
DPTR FM NORMAL M LOWEST SLP M ON M
[REMARKS]
#FINAL-02-23#