000
CXUS55 KPUB 011310
CF6LAA
PRELIMINARY LOCAL CLIMATOLOGICAL DATA (WS FORM: F-6)
STATION: LAMAR CO
MONTH: NOVEMBER
YEAR: 2020
LATITUDE: 38 4 N
LONGITUDE: 102 41 W
TEMPERATURE IN F: :PCPN: SNOW: WIND :SUNSHINE: SKY :PK WND
================================================================================
1 2 3 4 5 6A 6B 7 8 9 10 11 12 13 14 15 16 17 18
12Z AVG MX 2MIN
DY MAX MIN AVG DEP HDD CDD WTR SNW DPTH SPD SPD DIR MIN PSBL S-S WX SPD DR
================================================================================
1 M M M M M M 0.00 M M M M M M M M M M
2 79 29 54 8 11 0 0.00 M M 7.6 15 160 M M 0 18 160
3 78 28 53 8 12 0 0.00 M M 5.4 15 270 M M 0 18 270
4 85 32 59 14 6 0 0.00 M M 8.6 18 40 M M 0 24 40
5 78 37 58 13 7 0 T M M 6.8 15 160 M M 0 20 160
6 87 31 59 15 6 0 0.00 M M 13.2 30 190 M M 0 41 200
7 83 55 69 25 0 4 0.00 M M 26.5 44 180 M M 1 8 58 190
8 74 54 64 21 1 0 0.00 M M 21.8 36 170 M M 1 8 53 170
9 58 31 45 2 20 0 0.00 M M 12.7 28 180 M M 3 8 41 180
10 55 21 38 -4 27 0 T M M 7.6 16 120 M M 2 1 22 120
11 50 18 34 -8 31 0 0.00 M M 5.3 13 120 M M 1 15 120
12 51 16 34 -8 31 0 0.00 M M 7.1 17 50 M M 0 22 60
13 67 17 42 1 23 0 0.00 M M 9.5 21 190 M M 0 28 190
14 68 27 48 7 17 0 T M M 15.5 45 350 M M 2 8 59 350
15 65 16 41 1 24 0 0.00 M M 9.7 26 180 M M 0 35 180
16 71 21 46 6 19 0 0.00 M M 6.6 18 150 M M 0 23 150
17 71 27 49 10 16 0 0.00 M M 6.9 17 160 M M 0 25 190
18 83 32 58 19 7 0 0.00 M M 9.3 21 260 M M 0 29 280
19 76 39 58 20 7 0 0.00 M M 7.3 15 90 M M 0 20 50
20 58 31 45 7 20 0 0.00 M M 5.2 13 80 M M 0 17 80
21 52 35 44 6 21 0 T 0.0 0 7.5 21 140 M M 5 27 150
22 51 26 39 2 26 0 0.00 M M 8.8 17 180 M M 2 18 22 180
23 71 45 58 21 7 0 0.00 0.0 0 17.4 30 200 M M 0 38 200
24 55 26 41 5 24 0 0.16 M M 11.9 26 30 M M 8 1 39 40
25 51 21 36 0 29 0 0.00 M M 6.3 21 190 M M 0 28 180
26 54 23 39 3 26 0 0.00 M M 5.7 14 320 M M 0 17 300
27 49 21 35 0 30 0 0.00 M M 5.3 12 150 M M 0 14 240
28 52 20 36 1 29 0 0.00 M M 6.8 23 200 M M 1 29 200
29 49 12 31 -3 34 0 0.00 M M 12.1 28 10 M M 0 12 38 360
30 56 10 33 -1 32 0 0.00 M M 7.7 14 270 M M 0 18 270
================================================================================
SM 1877 801 543 4 0.16 0.0 282.1 M 26
================================================================================
AV 64.7 27.6 9.7 FASTST M M 1 MAX(MPH)
MISC ----> 45 350 59 350
================================================================================
NOTES:
# LAST OF SEVERAL OCCURRENCES
COLUMN 17 PEAK WIND IN M.P.H.
PRELIMINARY LOCAL CLIMATOLOGICAL DATA (WS FORM: F-6) , PAGE 2
STATION: LAMAR CO
MONTH: NOVEMBER
YEAR: 2020
LATITUDE: 38 4 N
LONGITUDE: 102 41 W
[TEMPERATURE DATA] [PRECIPITATION DATA] SYMBOLS USED IN COLUMN 16
AVERAGE MONTHLY: 46.2 TOTAL FOR MONTH: 0.16 1 = FOG OR MIST
DPTR FM NORMAL: 6.2 DPTR FM NORMAL: -0.22 2 = FOG REDUCING VISIBILITY
HIGHEST: 87 ON 6 GRTST 24HR 0.16 ON 24-24 TO 1/4 MILE OR LESS
LOWEST: 10 ON 30 3 = THUNDER
SNOW, ICE PELLETS, HAIL 4 = ICE PELLETS
TOTAL MONTH: 0.0 INCH 5 = HAIL
GRTST 24HR 0.0 6 = FREEZING RAIN OR DRIZZLE
GRTST DEPTH: 0 7 = DUSTSTORM OR SANDSTORM:
VSBY 1/2 MILE OR LESS
8 = SMOKE OR HAZE
[NO. OF DAYS WITH] [WEATHER - DAYS WITH] 9 = BLOWING SNOW
X = TORNADO
MAX 32 OR BELOW: 0 0.01 INCH OR MORE: 1
MAX 90 OR ABOVE: 0 0.10 INCH OR MORE: 1
MIN 32 OR BELOW: 23 0.50 INCH OR MORE: 0
MIN 0 OR BELOW: 0 1.00 INCH OR MORE: 0
[HDD (BASE 65) ]
TOTAL THIS MO. 543 CLEAR (SCALE 0-3) 26
DPTR FM NORMAL -206 PTCLDY (SCALE 4-7) 3
TOTAL FM JUL 1 1029 CLOUDY (SCALE 8-10) 1
DPTR FM NORMAL -186
[CDD (BASE 65) ]
TOTAL THIS MO. 4
DPTR FM NORMAL 4 [PRESSURE DATA]
TOTAL FM JAN 1 1579 HIGHEST SLP M ON M
DPTR FM NORMAL 458 LOWEST SLP 29.38 ON 8
[REMARKS]
#FINAL-11-20#