000
CXUS53 KIND 010600
CF6LAF
PRELIMINARY LOCAL CLIMATOLOGICAL DATA (WS FORM: F-6)
STATION: LAFAYETTE IN
MONTH: APRIL
YEAR: 2021
LATITUDE: 40 25 N
LONGITUDE: 86 56 W
TEMPERATURE IN F: :PCPN: SNOW: WIND :SUNSHINE: SKY :PK WND
================================================================================
1 2 3 4 5 6A 6B 7 8 9 10 11 12 13 14 15 16 17 18
12Z AVG MX 2MIN
DY MAX MIN AVG DEP HDD CDD WTR SNW DPTH SPD SPD DIR MIN PSBL S-S WX SPD DR
================================================================================
1 43 29 36 -11 29 0 0.00 M M 11.7 22 340 M M 3 34 330
2 54 21 38 -9 27 0 0.00 M M 4.6 12 190 M M 0 16 150
3 71 38 55 7 10 0 0.00 M M 11.4 23 240 M M 0 36 220
4 78 44 61 13 4 0 0.00 M M 3.6 14 250 M M 0 20 250
5 82 54 68 20 0 3 0.00 M M 7.2 18 210 M M 1 28 210
6 82 60 71 22 0 6 0.00 M M 7.1 16 200 M M 1 29 200
7 85 59 72 23 0 7 0.00 M M 9.7 20 150 M M 4 8 30 170
8 71 60 66 17 0 1 0.03 M M 11.6 21 250 M M 8 8 33 180
9 80 55 68 18 0 3 T M M 10.0 25 250 M M 3 37 240
10 74 53 64 14 1 0 0.39 M M 5.7 20 210 M M 6 8 31 200
11 M 50 M M M M 0.24 M M 11.0 21 270 M M 10 8 30 270
12 69 49 59 8 6 0 0.01 M M 10.8 25 280 M M 5 8 35 260
13 66 42 54 3 11 0 0.00 M M 6.6 22 270 M M 1 29 290
14 61 42 52 0 13 0 0.00 M M 9.0 22 320 M M 2 30 310
15 60 39 50 -2 15 0 0.00 M M 7.8 20 350 M M 8 28 330
16 66 35 51 -1 14 0 0.00 M M 5.7 14 20 M M 3 8 21 30
17 64 41 53 1 12 0 0.00 M M 6.6 20 360 M M 1 27 340
18 67 36 52 -1 13 0 0.00 M M 3.5 14 250 M M 2 21 250
19 71 43 57 4 8 0 T M M 10.1 25 340 M M 4 35 350
20 44 33 39 -15 26 0 0.47 M M 6.8 18 360 M M 10 25 10
21 53 33 43 -11 22 0 0.01 M M 6.6 26 310 M M 8 8 39 320
22 59 34 47 -7 18 0 0.00 M M 7.5 22 260 M M 5 30 280
23 64 38 51 -3 14 0 T M M 5.5 16 210 M M 5 26 220
24 60 46 53 -2 12 0 0.06 M M 3.6 12 20 M M 9 128 15 20
25 60 43 52 -3 13 0 0.00 M M 9.4 18 10 M M 2 18 30 20
26 81 39 60 5 5 0 0.00 M M 10.4 24 190 M M 0 39 160
27 89 61 75 19 0 10 0.00 M M 9.6 22 180 M M 0 36 200
28 79 66 73 17 0 8 1.04 M M 6.5 15 240 M M 7 24 200
29 66 57 62 6 3 0 0.43 M M 6.6 17 330 M M 8 8 25 340
30 69 44 57 0 8 0 0.00 M M 10.1 26 360 M M 0 8 40 320
================================================================================
SM 1968 1344 284 38 2.68 M 236.3 M 116
================================================================================
AV 67.9 44.8 7.9 FASTST M M 4 MAX(MPH)
MISC ----> # 26 310 40 320
================================================================================
NOTES:
# LAST OF SEVERAL OCCURRENCES
COLUMN 17 PEAK WIND IN M.P.H.
PRELIMINARY LOCAL CLIMATOLOGICAL DATA (WS FORM: F-6) , PAGE 2
STATION: LAFAYETTE IN
MONTH: APRIL
YEAR: 2021
LATITUDE: 40 25 N
LONGITUDE: 86 56 W
[TEMPERATURE DATA] [PRECIPITATION DATA] SYMBOLS USED IN COLUMN 16
AVERAGE MONTHLY: 56.3 TOTAL FOR MONTH: 2.68 1 = FOG OR MIST
DPTR FM NORMAL: 4.4 DPTR FM NORMAL: -0.86 2 = FOG REDUCING VISIBILITY
HIGHEST: 89 ON 27 GRTST 24HR 1.46 ON 28-29 TO 1/4 MILE OR LESS
LOWEST: 21 ON 2 3 = THUNDER
SNOW, ICE PELLETS, HAIL 4 = ICE PELLETS
TOTAL MONTH: M 5 = HAIL
GRTST 24HR M ON M 6 = FREEZING RAIN OR DRIZZLE
GRTST DEPTH: M ON M 7 = DUSTSTORM OR SANDSTORM:
VSBY 1/2 MILE OR LESS
8 = SMOKE OR HAZE
[NO. OF DAYS WITH] [WEATHER - DAYS WITH] 9 = BLOWING SNOW
X = TORNADO
MAX 32 OR BELOW: 0 0.01 INCH OR MORE: 9
MAX 90 OR ABOVE: 0 0.10 INCH OR MORE: 5
MIN 32 OR BELOW: 2 0.50 INCH OR MORE: 1
MIN 0 OR BELOW: 0 1.00 INCH OR MORE: 1
[HDD (BASE 65) ]
TOTAL THIS MO. 284 CLEAR (SCALE 0-3) 16
DPTR FM NORMAL -121 PTCLDY (SCALE 4-7) 10
TOTAL FM JUL 1 4718 CLOUDY (SCALE 8-10) 4
DPTR FM NORMAL -773
[CDD (BASE 65) ]
TOTAL THIS MO. 38
DPTR FM NORMAL 26 [PRESSURE DATA]
TOTAL FM JAN 1 38 HIGHEST SLP M ON M
DPTR FM NORMAL 25 LOWEST SLP 29.29 ON 11
[REMARKS]
#FINAL-04-21#