000
CXUS53 KGRR 011017
CF6LAN
PRELIMINARY LOCAL CLIMATOLOGICAL DATA (WS FORM: F-6)
STATION: LANSING
MONTH: APRIL
YEAR: 2020
LATITUDE: 42 46 N
LONGITUDE: 84 36 W
TEMPERATURE IN F: :PCPN: SNOW: WIND :SUNSHINE: SKY :PK WND
================================================================================
1 2 3 4 5 6A 6B 7 8 9 10 11 12 13 14 15 16 17 18
12Z AVG MX 2MIN
DY MAX MIN AVG DEP HDD CDD WTR SNW DPTH SPD SPD DIR MIN PSBL S-S WX SPD DR
================================================================================
1 49 39 44 2 21 0 0.00 0.0 0 5.7 12 30 M M 10 1 14 30
2 60 33 47 5 18 0 0.00 0.0 0 5.3 14 330 M M 1 1 19 320
3 63 35 49 7 16 0 0.00 0.0 0 3.9 12 60 M M 0 16 60
4 52 37 45 2 20 0 0.04 0.0 0 7.8 13 360 M M 9 1 22 350
5 54 33 44 1 21 0 0.00 0.0 0 5.4 12 10 M M 3 16 10
6 62 34 48 4 17 0 T 0.0 0 5.3 13 190 M M 4 18 190
7 72 45 59 15 6 0 0.32 0.0 0 8.1 23 250 M M 8 13 30 250
8 67 44 56 11 9 0 0.21 0.0 0 8.2 21 320 M M 7 12 30 300
9 48 32 40 -5 25 0 0.06 0.3 0 14.1 31 280 M M 8 1238 45 260
10 43 30 37 -8 28 0 T T 0 13.0 23 320 M M 7 35 300
11 57 28 43 -3 22 0 0.00 0.0 0 8.3 20 250 M M 2 27 270
12 63 45 54 8 11 0 0.03 0.0 0 10.4 21 170 M M 10 27 170
13 54 29 42 -5 23 0 0.03 0.0 0 17.2 31 260 M M 9 1 43 270
14 39 27 33 -14 32 0 0.01 0.1 0 13.0 29 260 M M 6 18 37 270
15 36 24 30 -17 35 0 0.03 0.4 T 7.9 20 290 M M 7 18 26 270
16 41 22 32 -16 33 0 T T 0 10.0 26 270 M M 6 36 290
17 38 30 34 -14 31 0 0.12 0.4 0 5.5 10 200 M M 8 18 17 190
18 55 28 42 -6 23 0 0.00 0.0 0 12.9 28 240 M M 2 18 39 240
19 60 35 48 -1 17 0 T 0.0 0 13.2 29 260 M M 1 37 260
20 58 30 44 -5 21 0 0.17 0.0 0 13.8 36 260 M M 1 1 48 280
21 42 26 34 -16 31 0 T T 0 15.7 30 280 M M 5 18 40 280
22 36 23 30 -20 35 0 0.07 T 0 5.6 14 110 M M 8 18 19 100
23 42 33 38 -12 27 0 0.45 0.0 0 8.6 15 110 M M 9 1 18 110
24 54 37 46 -5 19 0 T 0.0 0 6.0 12 50 M M 8 18 15 340
25 55 33 44 -7 21 0 T 0.0 0 9.0 16 40 M M 5 24 40
26 61 39 50 -1 15 0 0.00 0.0 0 13.4 28 50 M M 1 39 20
27 63 31 47 -5 18 0 0.08 0.0 0 5.8 22 220 M M 5 1 29 210
28 71 43 57 5 8 0 0.33 0.0 0 8.2 20 130 M M 3 1 27 130
29 64 50 57 5 8 0 0.34 0.0 0 13.0 25 210 M M 8 1 33 200
30 55 44 50 -3 15 0 0.23 0.0 0 7.4 20 330 M M 10 1 27 330
================================================================================
SM 1614 1019 626 0 2.52 1.2 281.7 M 171
================================================================================
AV 53.8 34.0 9.4 FASTST M M 6 MAX(MPH)
MISC ----> # 36 260 # 48 280
================================================================================
NOTES:
# LAST OF SEVERAL OCCURRENCES
COLUMN 17 PEAK WIND IN M.P.H.
PRELIMINARY LOCAL CLIMATOLOGICAL DATA (WS FORM: F-6) , PAGE 2
STATION: LANSING
MONTH: APRIL
YEAR: 2020
LATITUDE: 42 46 N
LONGITUDE: 84 36 W
[TEMPERATURE DATA] [PRECIPITATION DATA] SYMBOLS USED IN COLUMN 16
AVERAGE MONTHLY: 43.9 TOTAL FOR MONTH: 2.52 1 = FOG OR MIST
DPTR FM NORMAL: -3.5 DPTR FM NORMAL: -0.51 2 = FOG REDUCING VISIBILITY
HIGHEST: 72 ON 7 GRTST 24HR 0.45 ON 23-23 TO 1/4 MILE OR LESS
LOWEST: 22 ON 16 3 = THUNDER
SNOW, ICE PELLETS, HAIL 4 = ICE PELLETS
TOTAL MONTH: 1.2 INCHES 5 = HAIL
GRTST 24HR 0.4 ON 17-17 6 = FREEZING RAIN OR DRIZZLE
GRTST DEPTH: T 7 = DUSTSTORM OR SANDSTORM:
VSBY 1/2 MILE OR LESS
8 = SMOKE OR HAZE
[NO. OF DAYS WITH] [WEATHER - DAYS WITH] 9 = BLOWING SNOW
X = TORNADO
MAX 32 OR BELOW: 0 0.01 INCH OR MORE: 16
MAX 90 OR ABOVE: 0 0.10 INCH OR MORE: 8
MIN 32 OR BELOW: 13 0.50 INCH OR MORE: 0
MIN 0 OR BELOW: 0 1.00 INCH OR MORE: 0
[HDD (BASE 65) ]
TOTAL THIS MO. 626 CLEAR (SCALE 0-3) 7
DPTR FM NORMAL 92 PTCLDY (SCALE 4-7) 16
TOTAL FM JUL 1 6026 CLOUDY (SCALE 8-10) 7
DPTR FM NORMAL -372
[CDD (BASE 65) ]
TOTAL THIS MO. 0
DPTR FM NORMAL -6 [PRESSURE DATA]
TOTAL FM JAN 1 0 HIGHEST SLP 30.29 ON 16
DPTR FM NORMAL -7 LOWEST SLP 29.27 ON 13
[REMARKS]
#FINAL-04-20#