000
CXUS53 KGRR 011511
CF6LAN
PRELIMINARY LOCAL CLIMATOLOGICAL DATA (WS FORM: F-6)
STATION: LANSING
MONTH: NOVEMBER
YEAR: 2023
LATITUDE: 42 46 N
LONGITUDE: 84 36 W
TEMPERATURE IN F: :PCPN: SNOW: WIND :SUNSHINE: SKY :PK WND
================================================================================
1 2 3 4 5 6A 6B 7 8 9 10 11 12 13 14 15 16 17 18
12Z AVG MX 2MIN
DY MAX MIN AVG DEP HDD CDD WTR SNW DPTH SPD SPD DIR MIN PSBL S-S WX SPD DR
================================================================================
1 40 24 32 -13 33 0 0.00 0.0 T 6.9 9 220 M M 3 13 340
2 50 34 42 -3 23 0 0.00 0.0 0 12.0 22 210 M M 6 28 200
3 58 42 50 6 15 0 0.04 0.0 0 14.1 24 210 M M 3 33 210
4 54 39 47 3 18 0 0.00 0.0 0 1.1 6 330 M M 7 18 8 80
5 55 29 42 -1 23 0 0.00 0.0 0 M M M M M 2 18 M M
6 62 45 54 11 11 0 0.00 0.0 0 M 32 190 M M 5 45 200
7 57 39 48 5 17 0 0.00 0.0 0 M M M M M 6 M M
8 45 35 40 -2 25 0 0.96 0.0 0 M M M M M 8 13 M M
9 53 38 46 4 19 0 0.00 0.0 0 12.8 30 290 M M 4 1 36 290
10 50 31 41 -1 24 0 0.00 0.0 0 M M M M M 5 M M
11 48 28 38 -3 27 0 0.00 0.0 0 M M 160 M M 4 M M
12 52 30 41 0 24 0 0.00 0.0 0 9.0 16 170 M M 5 M M
13 58 38 48 8 17 0 0.00 0.0 0 M 22 290 M M 0 M M
14 56 26 41 1 24 0 0.00 0.0 0 5.1 M M M M 0 M M
15 63 37 50 10 15 0 0.00 0.0 0 7.4 14 260 M M 0 16 270
16 66 31 49 10 16 0 0.00 0.0 0 M M 210 M M 1 1 M M
17 59 30 45 6 20 0 0.01 0.0 0 11.2 21 10 M M 6 1 26 10
18 50 24 37 -1 28 0 0.00 0.0 0 7.6 14 270 M M 0 20 270
19 49 29 39 1 26 0 0.00 0.0 0 6.3 9 360 M M 0 9 360
20 42 26 34 -4 31 0 T T 0 M M M M M 1 6 M M
21 45 35 40 3 25 0 0.92 0.0 0 M M M M M 10 1 M M
22 44 34 39 2 26 0 0.00 0.0 0 M M M M M 8 1 M M
23 48 27 38 1 27 0 0.00 0.0 0 M M M M M 5 M M
24 32 20 26 -10 39 0 0.00 0.0 0 M M M M M 1 M M
25 34 18 26 -10 39 0 0.00 0.0 0 M M M M M 3 M M
26 34 23 29 -7 36 0 0.11 1.8 0 M M M M M 8 1 M M
27 33 20 27 -8 38 0 T 0.3 2 13.0 24 260 M M 10 1 33 230
28 27 17 22 -13 43 0 T T 2 12.5 20 210 M M 7 28 230
29 34 18 26 -8 39 0 0.00 0.0 1 11.8 18 200 M M 8 26 190
30 51 30 41 7 24 0 0.00 0.0 1 11.5 23 200 M M 2 31 210
================================================================================
SM 1449 897 772 0 2.04 2.1 142.3 M 128
================================================================================
AV 48.3 29.9 9.5 FASTST M M 4 MAX(MPH)
MISC ----> 32 190 45 200
================================================================================
NOTES:
# LAST OF SEVERAL OCCURRENCES
COLUMN 17 PEAK WIND IN M.P.H.
PRELIMINARY LOCAL CLIMATOLOGICAL DATA (WS FORM: F-6) , PAGE 2
STATION: LANSING
MONTH: NOVEMBER
YEAR: 2023
LATITUDE: 42 46 N
LONGITUDE: 84 36 W
[TEMPERATURE DATA] [PRECIPITATION DATA] SYMBOLS USED IN COLUMN 16
AVERAGE MONTHLY: 39.1 TOTAL FOR MONTH: 2.04 1 = FOG OR MIST
DPTR FM NORMAL: -0.4 DPTR FM NORMAL: -0.42 2 = FOG REDUCING VISIBILITY
HIGHEST: 66 ON 16 GRTST 24HR 0.96 ON 8- 8 TO 1/4 MILE OR LESS
LOWEST: 17 ON 28 3 = THUNDER
SNOW, ICE PELLETS, HAIL 4 = ICE PELLETS
TOTAL MONTH: 2.3 INCHES 5 = HAIL
GRTST 24HR 1.8 ON 26-26 6 = FREEZING RAIN OR DRIZZLE
GRTST DEPTH: 2 ON 28,27 7 = DUSTSTORM OR SANDSTORM:
VSBY 1/2 MILE OR LESS
8 = SMOKE OR HAZE
[NO. OF DAYS WITH] [WEATHER - DAYS WITH] 9 = BLOWING SNOW
X = TORNADO
MAX 32 OR BELOW: 2 0.01 INCH OR MORE: 5
MAX 90 OR ABOVE: 0 0.10 INCH OR MORE: 3
MIN 32 OR BELOW: 19 0.50 INCH OR MORE: 2
MIN 0 OR BELOW: 0 1.00 INCH OR MORE: 0
[HDD (BASE 65) ]
TOTAL THIS MO. 772 CLEAR (SCALE 0-3) 12
DPTR FM NORMAL 6 PTCLDY (SCALE 4-7) 16
TOTAL FM JUL 1 1271 CLOUDY (SCALE 8-10) 2
DPTR FM NORMAL -112
[CDD (BASE 65) ]
TOTAL THIS MO. 0
DPTR FM NORMAL 0 [PRESSURE DATA]
TOTAL FM JAN 1 701 HIGHEST SLP 30.51 ON 25
DPTR FM NORMAL 44 LOWEST SLP 29.62 ON 6
[REMARKS]
#FINAL-11-23#