000
CXUS55 KCYS 241610
CF6LAR
PRELIMINARY LOCAL CLIMATOLOGICAL DATA (WS FORM: F-6)
STATION: LARAMIE WYOMING AIRPORT
MONTH: APRIL
YEAR: 2024
LATITUDE: 41 18 N
LONGITUDE: 105 40 W
TEMPERATURE IN F: :PCPN: SNOW: WIND :SUNSHINE: SKY :PK WND
================================================================================
1 2 3 4 5 6A 6B 7 8 9 10 11 12 13 14 15 16 17 18
12Z AVG MX 2MIN
DY MAX MIN AVG DEP HDD CDD WTR SNW DPTH SPD SPD DIR MIN PSBL S-S WX SPD DR
================================================================================
1 46 25 36 0 29 0 T M M 11.7 30 360 M M 7 41 340
2 53 24 39 3 26 0 0.00 M M 12.7 29 320 M M 2 38 320
3 63 27 45 9 20 0 0.00 M M 9.6 23 350 M M 1 31 340
4 67 27 47 11 18 0 0.00 M M 10.6 23 220 M M 0 32 220
5 70 38 54 18 11 0 0.00 M M 11.9 36 140 M M 1 44 140
6 47 31 39 3 26 0 T M M 19.6 39 280 M M 9 1 54 280
7 44 21 33 -3 32 0 M M M 22.2 45 280 M M 3 61 270
8 46 18 32 -4 33 0 0.00 M M 11.8 22 320 M M 3 32 290
9 54 19 37 1 28 0 T M M 12.7 23 290 M M 3 1 29 220
10 50 23 37 0 28 0 T M M 8.8 33 320 M M 6 128 42 320
11 57 20 39 2 26 0 0.00 M M 8.6 25 290 M M 1 36 250
12 68 29 49 12 16 0 0.00 M M 10.5 28 240 M M 0 37 230
13 69 34 52 15 13 0 0.00 M M 12.4 24 270 M M 1 34 220
14 71 31 51 14 14 0 0.00 M M 10.7 24 160 M M 1 29 220
15 60 32 46 9 19 0 0.03 M M 13.9 36 320 M M 4 1 47 320
16 58 35 47 9 18 0 T M M 24.5 40 310 M M 6 1 51 310
17 58 28 43 5 22 0 T M M 13.4 26 240 M M 8 1 39 280
18 34 24 29 -9 36 0 M M M 6.8 18 150 M M 10 1 22 140
19 36 26 31 -7 34 0 0.00 M M 11.5 17 70 M M 10 21 80
20 44 24 34 -4 31 0 0.00 M M 12.5 24 150 M M 7 30 150
21 63 16 40 1 25 0 0.00 M M 10.7 23 290 M M 0 1 31 270
22 68 38 53 14 12 0 0.00 M M 17.5 40 260 M M 1 54 250
23 59 25 42 3 23 0 T M M 11.7 26 150 M M 4 34 140
================================================================================
SM 1285 615 540 0 0.03 M 296.3 M 88
================================================================================
AV 55.9 26.7 12.9 FASTST M M 4 MAX(MPH)
MISC ----> 45 280 61 270
================================================================================
NOTES:
# LAST OF SEVERAL OCCURRENCES
COLUMN 17 PEAK WIND IN M.P.H.
PRELIMINARY LOCAL CLIMATOLOGICAL DATA (WS FORM: F-6) , PAGE 2
STATION: LARAMIE WYOMING AIRPORT
MONTH: APRIL
YEAR: 2024
LATITUDE: 41 18 N
LONGITUDE: 105 40 W
[TEMPERATURE DATA] [PRECIPITATION DATA] SYMBOLS USED IN COLUMN 16
AVERAGE MONTHLY: 41.3 TOTAL FOR MONTH: 0.03 1 = FOG OR MIST
DPTR FM NORMAL: 4.2 DPTR FM NORMAL: -0.69 2 = FOG REDUCING VISIBILITY
HIGHEST: 71 ON 14 GRTST 24HR 0.28 ON 17-18 TO 1/4 MILE OR LESS
LOWEST: 16 ON 21 3 = THUNDER
SNOW, ICE PELLETS, HAIL 4 = ICE PELLETS
TOTAL MONTH: M 5 = HAIL
GRTST 24HR M ON M 6 = FREEZING RAIN OR DRIZZLE
GRTST DEPTH: M ON M 7 = DUSTSTORM OR SANDSTORM:
VSBY 1/2 MILE OR LESS
8 = SMOKE OR HAZE
[NO. OF DAYS WITH] [WEATHER - DAYS WITH] 9 = BLOWING SNOW
X = TORNADO
MAX 32 OR BELOW: 0 0.01 INCH OR MORE: 1
MAX 90 OR ABOVE: 0 0.10 INCH OR MORE: 0
MIN 32 OR BELOW: 19 0.50 INCH OR MORE: 0
MIN 0 OR BELOW: 0 1.00 INCH OR MORE: 0
[HDD (BASE 65) ]
TOTAL THIS MO. 540 CLEAR (SCALE 0-3) 12
DPTR FM NORMAL -102 PTCLDY (SCALE 4-7) 8
TOTAL FM JUL 1 6730 CLOUDY (SCALE 8-10) 3
DPTR FM NORMAL -1009
[CDD (BASE 65) ]
TOTAL THIS MO. 0
DPTR FM NORMAL 0 [PRESSURE DATA]
TOTAL FM JAN 1 0 HIGHEST SLP M ON M
DPTR FM NORMAL 0 LOWEST SLP 29.19 ON 6
[REMARKS]