000
CXUS56 KLOX 011155
CF6LAX
PRELIMINARY LOCAL CLIMATOLOGICAL DATA (WS FORM: F-6)
STATION: LOS ANGELES INTL AIRPORT CA
MONTH: MAY
YEAR: 2021
LATITUDE: 33 55 N
LONGITUDE: 118 24 W
TEMPERATURE IN F: :PCPN: SNOW: WIND :SUNSHINE: SKY :PK WND
================================================================================
1 2 3 4 5 6A 6B 7 8 9 10 11 12 13 14 15 16 17 18
12Z AVG MX 2MIN
DY MAX MIN AVG DEP HDD CDD WTR SNW DPTH SPD SPD DIR MIN PSBL S-S WX SPD DR
================================================================================
1 67 56 62 0 3 0 0.00 M M 6.3 14 270 M M 6 1 18 240
2 66 58 62 0 3 0 0.00 M M 7.5 17 270 M M 4 22 270
3 66 57 62 -1 3 0 0.00 M M 7.3 17 250 M M 3 8 23 250
4 69 58 64 1 1 0 0.00 M M 7.1 14 260 M M 5 1 M M
5 68 57 63 0 2 0 0.00 M M 6.7 16 260 M M 6 18 24 240
6 67 57 62 -1 3 0 0.00 M M 7.6 18 260 M M 9 18 23 250
7 66 58 62 -1 3 0 0.00 M M 7.5 17 260 M M 8 23 250
8 68 57 63 0 2 0 0.00 M M 6.7 16 270 M M 5 22 290
9 69 59 64 1 1 0 0.00 M M 7.2 17 250 M M 7 23 260
10 65 60 63 0 2 0 T M M 7.9 14 270 M M 8 18 250
11 67 60 64 1 1 0 0.00 M M 9.1 18 250 M M 7 23 250
12 65 59 62 -1 3 0 0.00 M M 8.9 17 250 M M 10 M M
13 64 58 61 -2 4 0 0.00 M M 9.4 15 250 M M 10 1 M M
14 66 58 62 -1 3 0 0.00 M M 8.1 16 250 M M 7 21 260
15 68 58 63 -1 2 0 0.00 M M 9.0 16 260 M M 9 24 260
16 63 55 59 -5 6 0 T M M 8.0 13 240 M M 10 1 M M
17 66 58 62 -2 3 0 0.00 M M 9.7 16 260 M M 7 M M
18 67 58 63 -1 2 0 0.00 M M 7.0 16 260 M M 5 23 260
19 69 57 63 -1 2 0 0.00 M M 8.6 15 260 M M 5 20 250
20 67 56 62 -2 3 0 0.00 M M 8.7 17 270 M M 5 23 280
21 70 54 62 -2 3 0 0.00 M M 12.9 26 270 M M 3 36 240
22 64 51 58 -6 7 0 0.00 M M 8.2 18 250 M M 2 24 250
23 65 54 60 -4 5 0 0.00 M M 7.8 21 260 M M 1 24 260
24 71 55 63 -1 2 0 0.00 M M 6.9 20 260 M M 1 25 280
25 75 59 67 3 0 2 0.00 M M 6.8 12 260 M M 5 M M
26 74 60 67 3 0 2 0.00 M M 8.8 14 260 M M 5 1 20 140
27 69 57 63 -1 2 0 0.00 M M 8.7 17 260 M M 6 23 250
28 67 56 62 -2 3 0 0.00 M M 7.6 20 260 M M 7 18 24 250
29 67 57 62 -2 3 0 0.00 M M 7.6 17 270 M M 8 23 260
30 67 58 63 -2 2 0 0.00 M M 6.5 15 260 M M 8 20 250
31 68 60 64 -1 1 0 0.00 M M 7.2 14 260 M M 8 19 230
================================================================================
SM 2090 1775 80 4 T M 247.4 M 190
================================================================================
AV 67.4 57.3 8.0 FASTST M M 6 MAX(MPH)
MISC ----> 26 270 36 240
================================================================================
NOTES:
# LAST OF SEVERAL OCCURRENCES
COLUMN 17 PEAK WIND IN M.P.H.
PRELIMINARY LOCAL CLIMATOLOGICAL DATA (WS FORM: F-6) , PAGE 2
STATION: LOS ANGELES INTL AIRPORT CA
MONTH: MAY
YEAR: 2021
LATITUDE: 33 55 N
LONGITUDE: 118 24 W
[TEMPERATURE DATA] [PRECIPITATION DATA] SYMBOLS USED IN COLUMN 16
AVERAGE MONTHLY: 62.3 TOTAL FOR MONTH: T 1 = FOG OR MIST
DPTR FM NORMAL: -1.3 DPTR FM NORMAL: -0.28 2 = FOG REDUCING VISIBILITY
HIGHEST: 75 ON 25 GRTST 24HR T ON 1- 1 TO 1/4 MILE OR LESS
LOWEST: 51 ON 22 3 = THUNDER
SNOW, ICE PELLETS, HAIL 4 = ICE PELLETS
TOTAL MONTH: M 5 = HAIL
GRTST 24HR M ON M 6 = FREEZING RAIN OR DRIZZLE
GRTST DEPTH: M ON M 7 = DUSTSTORM OR SANDSTORM:
VSBY 1/2 MILE OR LESS
8 = SMOKE OR HAZE
[NO. OF DAYS WITH] [WEATHER - DAYS WITH] 9 = BLOWING SNOW
X = TORNADO
MAX 32 OR BELOW: 0 0.01 INCH OR MORE: 0
MAX 90 OR ABOVE: 0 0.10 INCH OR MORE: 0
MIN 32 OR BELOW: 0 0.50 INCH OR MORE: 0
MIN 0 OR BELOW: 0 1.00 INCH OR MORE: 0
[HDD (BASE 65) ]
TOTAL THIS MO. 80 CLEAR (SCALE 0-3) 5
DPTR FM NORMAL 10 PTCLDY (SCALE 4-7) 21
TOTAL FM JUL 1 1256 CLOUDY (SCALE 8-10) 5
DPTR FM NORMAL 57
[CDD (BASE 65) ]
TOTAL THIS MO. 4
DPTR FM NORMAL -20 [PRESSURE DATA]
TOTAL FM JAN 1 40 HIGHEST SLP 30.13 ON 23
DPTR FM NORMAL -22 LOWEST SLP 29.80 ON 2
[REMARKS]
#FINAL-05-21#