000
CXUS54 KLUB 010830
CF6LBB
PRELIMINARY LOCAL CLIMATOLOGICAL DATA (WS FORM: F-6)
STATION: LUBBOCK
MONTH: FEBRUARY
YEAR: 2023
LATITUDE: 33 39 N
LONGITUDE: 101 49 W
TEMPERATURE IN F: :PCPN: SNOW: WIND :SUNSHINE: SKY :PK WND
================================================================================
1 2 3 4 5 6A 6B 7 8 9 10 11 12 13 14 15 16 17 18
12Z AVG MX 2MIN
DY MAX MIN AVG DEP HDD CDD WTR SNW DPTH SPD SPD DIR MIN PSBL S-S WX SPD DR
================================================================================
1 32 23 28 -15 37 0 0.04 T 0 4.9 14 220 M M 9 1468 16 220
2 55 28 42 -1 23 0 0.00 0.0 0 8.4 20 10 M M 4 1 26 10
3 58 22 40 -3 25 0 0.00 0.0 0 9.5 18 210 M M 2 24 190
4 67 37 52 9 13 0 0.00 0.0 0 12.8 26 230 M M 5 34 220
5 76 27 52 9 13 0 0.00 0.0 0 12.1 25 200 M M 1 33 210
6 78 45 62 19 3 0 0.00 0.0 0 18.0 33 240 M M 4 40 240
7 47 40 44 0 21 0 T 0.0 0 18.4 35 30 M M 9 46 50
8 56 35 46 2 19 0 0.00 0.0 0 10.7 25 280 M M 6 33 240
9 53 31 42 -2 23 0 T T 0 18.4 32 10 M M 4 44 350
10 46 22 34 -10 31 0 T 0.0 0 13.1 24 340 M M 3 43 320
11 56 17 37 -7 28 0 0.00 0.0 0 8.1 17 200 M M 2 23 180
12 69 28 49 5 16 0 0.00 0.0 0 9.3 18 240 M M 6 25 250
13 59 35 47 2 18 0 0.05 0.0 0 13.3 30 260 M M 8 3 39 280
14 64 39 52 7 13 0 T 0.0 0 25.6 49 260 M M 3 8 69 260
15 67 24 46 1 19 0 0.00 0.0 0 15.0 37 230 M M 2 8 53 310
16 39 17 28 -17 37 0 0.00 0.0 0 17.8 28 350 M M 1 36 350
17 51 12 32 -14 33 0 0.00 0.0 0 8.9 15 200 M M 3 20 210
18 54 28 41 -5 24 0 0.03 T 0 17.1 25 200 M M 8 4 32 210
19 68 37 53 7 12 0 0.00 0.0 0 14.5 24 240 M M 9 32 220
20 77 49 63 17 2 0 0.00 0.0 0 18.0 29 270 M M 7 8 44 260
21 80 48 64 18 1 0 T 0.0 0 18.4 37 210 M M 8 47 200
22 67 46 57 10 8 0 0.03 0.0 0 28.6 44 240 M M 3 8 60 240
23 53 30 42 -5 23 0 0.00 0.0 0 15.7 26 120 M M 1 35 120
24 45 24 35 -12 30 0 T 0.0 0 8.7 18 70 M M 7 23 60
25 53 31 42 -5 23 0 0.00 0.0 0 5.7 13 210 M M 10 18 170
26 78 45 62 14 3 0 T 0.0 0 27.2 58 290 M M 8 1278 77 280
27 72 39 56 8 9 0 0.00 0.0 0 22.5 43 290 M M 1 8 62 300
28 75 35 55 7 10 0 0.00 0.0 0 14.9 30 260 M M 3 8 40 230
================================================================================
SM 1695 894 517 0 0.15 T 415.6 M 137
================================================================================
AV 60.5 31.9 14.8 FASTST M M 5 MAX(MPH)
MISC ----> 58 290 77 280
================================================================================
NOTES:
# LAST OF SEVERAL OCCURRENCES
COLUMN 17 PEAK WIND IN M.P.H.
PRELIMINARY LOCAL CLIMATOLOGICAL DATA (WS FORM: F-6) , PAGE 2
STATION: LUBBOCK
MONTH: FEBRUARY
YEAR: 2023
LATITUDE: 33 39 N
LONGITUDE: 101 49 W
[TEMPERATURE DATA] [PRECIPITATION DATA] SYMBOLS USED IN COLUMN 16
AVERAGE MONTHLY: 46.2 TOTAL FOR MONTH: 0.15 1 = FOG OR MIST
DPTR FM NORMAL: 1.1 DPTR FM NORMAL: -0.50 2 = FOG REDUCING VISIBILITY
HIGHEST: 80 ON 21 GRTST 24HR 0.05 ON 13-13 TO 1/4 MILE OR LESS
LOWEST: 12 ON 17 3 = THUNDER
SNOW, ICE PELLETS, HAIL 4 = ICE PELLETS
TOTAL MONTH: T 5 = HAIL
GRTST 24HR T ON 1- 1 6 = FREEZING RAIN OR DRIZZLE
GRTST DEPTH: 0 7 = DUSTSTORM OR SANDSTORM:
VSBY 1/2 MILE OR LESS
8 = SMOKE OR HAZE
[NO. OF DAYS WITH] [WEATHER - DAYS WITH] 9 = BLOWING SNOW
X = TORNADO
MAX 32 OR BELOW: 1 0.01 INCH OR MORE: 4
MAX 90 OR ABOVE: 0 0.10 INCH OR MORE: 0
MIN 32 OR BELOW: 15 0.50 INCH OR MORE: 0
MIN 0 OR BELOW: 0 1.00 INCH OR MORE: 0
[HDD (BASE 65) ]
TOTAL THIS MO. 517 CLEAR (SCALE 0-3) 12
DPTR FM NORMAL -39 PTCLDY (SCALE 4-7) 11
TOTAL FM JUL 1 2507 CLOUDY (SCALE 8-10) 5
DPTR FM NORMAL -144
[CDD (BASE 65) ]
TOTAL THIS MO. 0
DPTR FM NORMAL 0 [PRESSURE DATA]
TOTAL FM JAN 1 0 HIGHEST SLP 30.56 ON 3
DPTR FM NORMAL 0 LOWEST SLP 29.31 ON 26
[REMARKS]
#FINAL-02-23#