206
CXUS55 KLBF 011410
CF6LBF
PRELIMINARY LOCAL CLIMATOLOGICAL DATA (WS FORM: F-6)
STATION: NORTH PLATTE
MONTH: MARCH
YEAR: 2021
LATITUDE: 41 7 N
LONGITUDE: 100 41 W
TEMPERATURE IN F: :PCPN: SNOW: WIND :SUNSHINE: SKY :PK WND
================================================================================
1 2 3 4 5 6A 6B 7 8 9 10 11 12 13 14 15 16 17 18
12Z AVG MX 2MIN
DY MAX MIN AVG DEP HDD CDD WTR SNW DPTH SPD SPD DIR MIN PSBL S-S WX SPD DR
================================================================================
1 54 17 36 3 29 0 0.00 0.0 0 6.5 12 250 M M 0 20 240
2 68 24 46 12 19 0 0.00 0.0 0 8.3 21 280 M M 0 27 290
3 70 20 45 11 20 0 0.00 0.0 0 4.0 16 260 M M 0 22 260
4 70 22 46 12 19 0 0.00 0.0 0 7.0 23 110 M M 0 30 110
5 68 24 46 12 19 0 0.00 0.0 0 3.1 10 280 M M 0 14 290
6 73 26 50 15 15 0 0.00 0.0 0 10.5 26 180 M M 0 37 180
7 76 30 53 18 12 0 0.00 0.0 0 6.2 20 170 M M 0 28 170
8 68 31 50 14 15 0 0.00 0.0 0 9.3 25 160 M M 0 38 170
9 81 25 53 17 12 0 0.00 0.0 0 9.2 31 20 M M 1 12 44 20
10 49 23 36 0 29 0 0.04 0.0 0 16.1 36 40 M M 8 1 47 30
11 55 16 36 0 29 0 0.00 0.0 0 5.7 12 100 M M 1 15 90
12 57 31 44 7 21 0 0.00 0.0 0 10.5 23 110 M M 6 31 100
13 42 37 40 3 25 0 1.65 0.0 0 13.3 29 90 M M 10 1 38 90
14 42 37 40 2 25 0 1.64 0.0 0 23.0 36 90 M M 10 1 50 90
15 46 34 40 2 25 0 0.03 0.0 0 6.6 16 260 M M 10 1 22 20
16 43 30 37 -1 28 0 0.16 0.0 0 8.3 17 360 M M 9 23 350
17 45 26 36 -2 29 0 T T 0 12.9 26 340 M M 8 37 10
18 46 25 36 -3 29 0 0.01 T 0 8.0 16 20 M M 7 1 23 10
19 59 21 40 1 25 0 0.00 0.0 0 10.5 24 180 M M 0 1 32 190
20 70 39 55 16 10 0 0.00 0.0 0 16.7 30 160 M M 0 45 180
21 60 40 50 10 15 0 0.00 0.0 0 12.8 26 320 M M 1 36 350
22 51 35 43 3 22 0 0.03 0.0 0 7.2 24 90 M M 6 32 100
23 42 38 40 0 25 0 0.14 0.0 0 19.5 33 360 M M 10 50 350
24 51 30 41 1 24 0 0.00 0.0 0 10.0 23 340 M M 4 33 330
25 55 26 41 0 24 0 0.00 0.0 0 9.6 22 190 M M 2 1 29 180
26 52 37 45 4 20 0 0.03 0.0 0 7.2 14 120 M M 6 20 130
27 58 26 42 1 23 0 0.00 0.0 0 11.6 29 320 M M 4 41 320
28 72 23 48 6 17 0 0.00 0.0 0 7.9 25 260 M M 0 33 250
29 83 29 56 14 9 0 0.00 0.0 0 9.9 38 360 M M 0 56 360
30 52 24 38 -4 27 0 0.00 0.0 0 11.1 26 10 M M 4 36 360
31 53 15 34 -9 31 0 0.00 0.0 0 8.4 25 320 M M 3 36 320
================================================================================
SM 1811 861 672 0 3.73 T 310.9 M 110
================================================================================
AV 58.4 27.8 10.0 FASTST M M 4 MAX(MPH)
MISC ----> 38 360 56 360
================================================================================
NOTES:
# LAST OF SEVERAL OCCURRENCES
COLUMN 17 PEAK WIND IN M.P.H.
PRELIMINARY LOCAL CLIMATOLOGICAL DATA (WS FORM: F-6) , PAGE 2
STATION: NORTH PLATTE
MONTH: MARCH
YEAR: 2021
LATITUDE: 41 7 N
LONGITUDE: 100 41 W
[TEMPERATURE DATA] [PRECIPITATION DATA] SYMBOLS USED IN COLUMN 16
AVERAGE MONTHLY: 43.1 TOTAL FOR MONTH: 3.73 1 = FOG OR MIST
DPTR FM NORMAL: 5.1 DPTR FM NORMAL: 2.68 2 = FOG REDUCING VISIBILITY
HIGHEST: 83 ON 29 GRTST 24HR 3.03 ON 13-14 TO 1/4 MILE OR LESS
LOWEST: 15 ON 31 3 = THUNDER
SNOW, ICE PELLETS, HAIL 4 = ICE PELLETS
TOTAL MONTH: T 5 = HAIL
GRTST 24HR T ON 17-17 6 = FREEZING RAIN OR DRIZZLE
GRTST DEPTH: 0 7 = DUSTSTORM OR SANDSTORM:
VSBY 1/2 MILE OR LESS
8 = SMOKE OR HAZE
[NO. OF DAYS WITH] [WEATHER - DAYS WITH] 9 = BLOWING SNOW
X = TORNADO
MAX 32 OR BELOW: 0 0.01 INCH OR MORE: 9
MAX 90 OR ABOVE: 0 0.10 INCH OR MORE: 4
MIN 32 OR BELOW: 23 0.50 INCH OR MORE: 2
MIN 0 OR BELOW: 0 1.00 INCH OR MORE: 2
[HDD (BASE 65) ]
TOTAL THIS MO. 672 CLEAR (SCALE 0-3) 16
DPTR FM NORMAL -165 PTCLDY (SCALE 4-7) 9
TOTAL FM JUL 1 5465 CLOUDY (SCALE 8-10) 6
DPTR FM NORMAL -399
[CDD (BASE 65) ]
TOTAL THIS MO. 0
DPTR FM NORMAL 0 [PRESSURE DATA]
TOTAL FM JAN 1 0 HIGHEST SLP 30.53 ON 31
DPTR FM NORMAL 0 LOWEST SLP 29.34 ON 29
[REMARKS]
#FINAL-03-21#