000
CXUS53 KLBF 010711
CLMLBF
CLIMATE REPORT
NATIONAL WEATHER SERVICE NORTH PLATTE NE
211 AM CDT MON APR 01 2024
...................................
...THE NORTH PLATTE CLIMATE SUMMARY FOR THE MONTH OF MARCH 2024...
CLIMATE NORMAL PERIOD 1991 TO 2020
CLIMATE RECORD PERIOD 1874 TO 2024
WEATHER OBSERVED NORMAL DEPART LAST YEAR`S
VALUE DATE(S) VALUE FROM VALUE DATE(S)
NORMAL
................................................................
TEMPERATURE (F)
RECORD
HIGH 91 03/16/2015
LOW -25 03/04/2019
HIGHEST 74 03/01 77 -3 74 03/15
LOWEST 7 03/09 4 3 12 03/18
03/28
AVG. MAXIMUM 54.0 55.2 -1.2 47.7
AVG. MINIMUM 23.9 23.9 -0.0 21.5
MEAN 39.0 39.6 -0.6 34.6
DAYS MAX >= 90 0 0.1 -0.1 0
DAYS MAX <= 32 1 2.3 -1.3 2
DAYS MIN <= 32 27 25.8 1.2 30
DAYS MIN <= 0 0 0.7 -0.7 0
PRECIPITATION (INCHES)
RECORD
MAXIMUM 4.37 1949
MINIMUM 0.01 2015
TOTALS 1.70 1.00 0.70 0.41
DAILY AVG. 0.05 0.03 0.02 0.01
DAYS >= .01 5 6.5 -1.5 7
DAYS >= .10 5 2.6 2.4 2
DAYS >= .50 1 0.6 0.4 0
DAYS >= 1.00 0 0.0 0.0 0
GREATEST
24 HR. TOTAL 0.89 03/07 TO 03/07 0.18 03/15 TO 03/16
SNOWFALL (INCHES)
RECORDS
TOTAL 27.8 1912
TOTALS 21.5 4.2 17.3 2.1
SINCE 7/1 40.3 26.0 14.3 MM
SNOWDEPTH AVG. 2 -1
DAYS >= 1.0 4 1.3 2.7 1
GREATEST
SNOW DEPTH 17R 03/08 MM 03/29
03/30
03/16
24 HR TOTAL MM
DEGREE DAYS
HEATING TOTAL 799 789 10 936
SINCE 7/1 5124 5588 -464 MM
COOLING TOTAL 0 0 0 0
SINCE 1/1 0 0 0 MM
................................................................
WIND (MPH)
AVERAGE WIND SPEED 9.6
HIGHEST WIND SPEED/DIRECTION 32/300 DATE 03/03
32/340 03/25
HIGHEST GUST SPEED/DIRECTION 46/350 DATE 03/25
SKY COVER
POSSIBLE SUNSHINE (PERCENT) MM
AVERAGE SKY COVER 0.30
NUMBER OF DAYS FAIR 22
NUMBER OF DAYS PC 5
NUMBER OF DAYS CLOUDY 4
AVERAGE RH (PERCENT) 62
WEATHER CONDITIONS. NUMBER OF DAYS WITH
THUNDERSTORM 1 MIXED PRECIP 0
HEAVY RAIN 0 RAIN 1
LIGHT RAIN 3 FREEZING RAIN 1
LT FREEZING RAIN 1 HAIL 0
HEAVY SNOW 1 SNOW 2
LIGHT SNOW 4 SLEET 0
FOG 10 FOG W/VIS <= 1/4 MILE 4
HAZE 4
- INDICATES NEGATIVE NUMBERS.
R INDICATES RECORD WAS SET OR TIED.
MM INDICATES DATA IS MISSING.
T INDICATES TRACE AMOUNT.
$$