000
CXUS54 KLCH 010930
CF6LCH
PRELIMINARY LOCAL CLIMATOLOGICAL DATA (WS FORM: F-6)
STATION: LAKE CHARLES
MONTH: FEBRUARY
YEAR: 2024
LATITUDE: 30 7 N
LONGITUDE: 93 13 W
TEMPERATURE IN F: :PCPN: SNOW: WIND :SUNSHINE: SKY :PK WND
================================================================================
1 2 3 4 5 6A 6B 7 8 9 10 11 12 13 14 15 16 17 18
12Z AVG MX 2MIN
DY MAX MIN AVG DEP HDD CDD WTR SNW DPTH SPD SPD DIR MIN PSBL S-S WX SPD DR
================================================================================
1 71 48 60 6 5 0 0.00 0.0 M 4.9 13 180 M M 0 16 180
2 74 47 61 7 4 0 0.01 M M 9.0 21 120 M M 2 1 28 110
3 62 53 58 3 7 0 2.03 0.0 M 8.7 23 70 M M 9 1 29 70
4 70 50 60 5 5 0 0.00 0.0 M 9.4 25 330 M M 3 12 34 340
5 66 51 59 4 6 0 0.00 0.0 M 16.1 29 10 M M 4 37 360
6 71 41 56 1 9 0 0.00 0.0 M 5.2 13 50 M M 0 17 20
7 70 45 58 3 7 0 0.00 0.0 M 8.2 20 160 M M 0 1 26 180
8 69 57 63 7 2 0 0.18 0.0 M 8.1 17 160 M M 7 1 24 160
9 76 62 69 13 0 4 0.05 0.0 M 10.8 23 170 M M 6 1 31 200
10 74 67 71 15 0 6 0.02 0.0 M 11.8 26 180 M M 9 1 36 180
11 76 63 70 14 0 5 0.06 0.0 M 12.6 24 200 M M 9 1 30 200
12 63 47 55 -1 10 0 0.00 0.0 M 16.9 29 310 M M 4 41 310
13 64 36 50 -6 15 0 0.00 0.0 M 3.5 10 40 M M 0 18 15 20
14 66 40 53 -4 12 0 0.00 0.0 M 5.1 15 200 M M 0 1 20 190
15 71 50 61 4 4 0 0.00 0.0 M 3.3 8 200 M M 5 1 13 200
16 65 57 61 4 4 0 0.08 0.0 M 5.0 25 170 M M 5 1 31 170
17 61 39 50 -7 15 0 0.02 M M 16.8 26 20 M M 5 1 35 40
18 58 34 46 -12 19 0 0.00 0.0 M 8.8 18 10 M M 0 23 360
19 60 34 47 -11 18 0 0.00 0.0 M 5.0 16 200 M M 0 21 190
20 74 40 57 -1 8 0 0.00 0.0 M 5.9 15 250 M M 2 12 19 220
21 75 48 62 4 3 0 0.00 0.0 M 10.0 21 210 M M 8 12 30 200
22 76 64 70 12 0 5 0.00 0.0 M 10.6 21 230 M M 9 1 32 240
23 78 58 68 9 0 3 0.00 0.0 M 11.4 24 330 M M 1 1 32 350
24 79 46 63 4 2 0 0.00 0.0 M 6.9 17 310 M M 0 24 320
25 74 44 59 0 6 0 0.00 0.0 M 9.0 22 210 M M 0 12 30 210
26 74 61 68 9 0 3 0.00 0.0 M 11.4 21 220 M M 7 30 230
27 77 67 72 12 0 7 0.00 0.0 M 13.2 25 210 M M 10 1 35 210
28 78 53 66 6 0 1 0.00 0.0 M 14.0 28 10 M M 7 18 36 20
29 59 52 56 -4 9 0 0.00 0.0 M 12.3 21 70 M M 9 29 60
================================================================================
SM 2031 1454 170 34 2.45 0.0 273.9 M 121
================================================================================
AV 70.0 50.1 9.4 FASTST M M 4 MAX(MPH)
MISC ----> # 29 10 41 310
================================================================================
NOTES:
# LAST OF SEVERAL OCCURRENCES
COLUMN 17 PEAK WIND IN M.P.H.
PRELIMINARY LOCAL CLIMATOLOGICAL DATA (WS FORM: F-6) , PAGE 2
STATION: LAKE CHARLES
MONTH: FEBRUARY
YEAR: 2024
LATITUDE: 30 7 N
LONGITUDE: 93 13 W
[TEMPERATURE DATA] [PRECIPITATION DATA] SYMBOLS USED IN COLUMN 16
AVERAGE MONTHLY: 60.1 TOTAL FOR MONTH: 2.45 1 = FOG OR MIST
DPTR FM NORMAL: 3.2 DPTR FM NORMAL: -0.81 2 = FOG REDUCING VISIBILITY
HIGHEST: 79 ON 24 GRTST 24HR 2.04 ON 2- 3 TO 1/4 MILE OR LESS
LOWEST: 34 ON 19,18 3 = THUNDER
SNOW, ICE PELLETS, HAIL 4 = ICE PELLETS
TOTAL MONTH: 0.0 INCH 5 = HAIL
GRTST 24HR 0.0 6 = FREEZING RAIN OR DRIZZLE
GRTST DEPTH: M ON M 7 = DUSTSTORM OR SANDSTORM:
VSBY 1/2 MILE OR LESS
8 = SMOKE OR HAZE
[NO. OF DAYS WITH] [WEATHER - DAYS WITH] 9 = BLOWING SNOW
X = TORNADO
MAX 32 OR BELOW: 0 0.01 INCH OR MORE: 8
MAX 90 OR ABOVE: 0 0.10 INCH OR MORE: 2
MIN 32 OR BELOW: 0 0.50 INCH OR MORE: 1
MIN 0 OR BELOW: 0 1.00 INCH OR MORE: 1
[HDD (BASE 65) ]
TOTAL THIS MO. 170 CLEAR (SCALE 0-3) 12
DPTR FM NORMAL -80 PTCLDY (SCALE 4-7) 11
TOTAL FM JUL 1 1084 CLOUDY (SCALE 8-10) 6
DPTR FM NORMAL -77
[CDD (BASE 65) ]
TOTAL THIS MO. 34
DPTR FM NORMAL 10 [PRESSURE DATA]
TOTAL FM JAN 1 34 HIGHEST SLP 30.34 ON 29
DPTR FM NORMAL -4 LOWEST SLP 29.49 ON 3
[REMARKS]
#FINAL-02-24#