000
CXUS52 KMLB 010634
CF6LEE
PRELIMINARY LOCAL CLIMATOLOGICAL DATA (WS FORM: F-6)
STATION: LEESBURG
MONTH: MAY
YEAR: 2021
LATITUDE: 28 49 N
LONGITUDE: 81 49 W
TEMPERATURE IN F: :PCPN: SNOW: WIND :SUNSHINE: SKY :PK WND
================================================================================
1 2 3 4 5 6A 6B 7 8 9 10 11 12 13 14 15 16 17 18
12Z AVG MX 2MIN
DY MAX MIN AVG DEP HDD CDD WTR SNW DPTH SPD SPD DIR MIN PSBL S-S WX SPD DR
================================================================================
1 88 70 79 4 0 14 0.00 0.0 0 6.0 15 60 M M 1 17 70
2 91 71 81 6 0 16 0.00 0.0 0 6.7 13 220 M M 1 19 200
3 94 71 83 7 0 18 0.00 0.0 0 6.7 13 210 M M 1 19 220
4 94 71 83 7 0 18 0.00 0.0 0 6.2 13 180 M M 1 16 180
5 94 74 84 8 0 19 0.00 0.0 0 6.7 16 280 M M 1 13 23 290
6 88 74 81 5 0 16 0.32 0.0 0 6.7 21 350 M M 4 13 34 360
7 84 65 75 -1 0 10 0.00 0.0 0 8.8 16 330 M M 1 20 350
8 83 58 71 -5 0 6 0.00 0.0 0 5.8 15 70 M M 0 19 100
9 89 65 77 0 0 12 T 0.0 0 8.1 15 120 M M 1 22 140
10 91 72 82 5 0 17 0.00 0.0 0 6.7 14 210 M M 2 20 180
11 88 71 80 3 0 15 T 0.0 0 3.6 18 20 M M 3 3 26 20
12 91 70 81 4 0 16 0.00 0.0 M 5.3 18 160 M M 0 13 24 160
13 74 65 70 -7 0 5 0.02 0.0 0 9.5 17 20 M M 8 20 360
14 84 62 73 -5 0 8 0.00 0.0 0 11.5 22 30 M M 1 27 20
15 84 58 71 -7 0 6 0.00 0.0 0 9.9 21 40 M M 1 27 30
16 84 59 72 -6 0 7 0.00 0.0 0 8.0 20 50 M M 0 25 50
17 86 62 74 -4 0 9 0.00 0.0 0 9.7 20 100 M M 3 26 90
18 87 66 77 -1 0 12 0.00 0.0 0 10.2 20 60 M M 2 28 60
19 87 66 77 -1 0 12 T 0.0 0 11.5 21 90 M M 3 29 90
20 86 68 77 -2 0 12 T 0.0 0 11.9 22 90 M M 4 29 100
21 87 66 77 -2 0 12 T 0.0 0 10.8 23 50 M M 2 29 100
22 87 63 75 -4 0 10 0.00 0.0 0 8.7 18 60 M M 2 25 50
23 89 62 76 -3 0 11 0.00 0.0 0 5.4 16 330 M M 0 20 330
24 89 64 77 -2 0 12 0.00 0.0 0 4.9 15 100 M M 0 21 90
25 91 69 80 0 0 15 0.00 0.0 0 7.8 16 110 M M 0 21 110
26 92 70 81 1 0 16 0.00 0.0 0 5.2 14 120 M M 1 19 120
27 92 70 81 1 0 16 0.00 0.0 0 5.1 12 180 M M 2 15 160
28 93 71 82 2 0 17 0.00 0.0 0 5.0 17 280 M M 1 22 280
29 92 71 82 2 0 17 0.67 0.0 0 7.4 26 170 M M 2 13 34 190
30 89 71 80 0 0 15 0.00 0.0 0 5.1 14 120 M M 2 3 17 120
31 89 72 81 1 0 16 0.00 0.0 0 10.3 18 70 M M 1 26 90
================================================================================
SM 2737 2087 0 405 1.01 0.0 235.2 M 51
================================================================================
AV 88.3 67.3 7.6 FASTST M M 2 MAX(MPH)
MISC ----> 26 170 # 34 360
================================================================================
NOTES:
# LAST OF SEVERAL OCCURRENCES
COLUMN 17 PEAK WIND IN M.P.H.
PRELIMINARY LOCAL CLIMATOLOGICAL DATA (WS FORM: F-6) , PAGE 2
STATION: LEESBURG
MONTH: MAY
YEAR: 2021
LATITUDE: 28 49 N
LONGITUDE: 81 49 W
[TEMPERATURE DATA] [PRECIPITATION DATA] SYMBOLS USED IN COLUMN 16
AVERAGE MONTHLY: 77.8 TOTAL FOR MONTH: 1.01 1 = FOG OR MIST
DPTR FM NORMAL: -0.1 DPTR FM NORMAL: -1.67 2 = FOG REDUCING VISIBILITY
HIGHEST: 94 ON 5, 4 GRTST 24HR 0.67 ON 29-29 TO 1/4 MILE OR LESS
LOWEST: 58 ON 15, 8 3 = THUNDER
SNOW, ICE PELLETS, HAIL 4 = ICE PELLETS
TOTAL MONTH: 0.0 INCH 5 = HAIL
GRTST 24HR 0.0 6 = FREEZING RAIN OR DRIZZLE
GRTST DEPTH: 0 7 = DUSTSTORM OR SANDSTORM:
VSBY 1/2 MILE OR LESS
8 = SMOKE OR HAZE
[NO. OF DAYS WITH] [WEATHER - DAYS WITH] 9 = BLOWING SNOW
X = TORNADO
MAX 32 OR BELOW: 0 0.01 INCH OR MORE: 3
MAX 90 OR ABOVE: 11 0.10 INCH OR MORE: 2
MIN 32 OR BELOW: 0 0.50 INCH OR MORE: 1
MIN 0 OR BELOW: 0 1.00 INCH OR MORE: 0
[HDD (BASE 65) ]
TOTAL THIS MO. 0 CLEAR (SCALE 0-3) 28
DPTR FM NORMAL 0 PTCLDY (SCALE 4-7) 3
TOTAL FM JUL 1 568 CLOUDY (SCALE 8-10) 0
DPTR FM NORMAL -62
[CDD (BASE 65) ]
TOTAL THIS MO. 405
DPTR FM NORMAL 5 [PRESSURE DATA]
TOTAL FM JAN 1 948 HIGHEST SLP M ON M
DPTR FM NORMAL 106 LOWEST SLP 29.86 ON 29
[REMARKS]
#FINAL-05-21#