329
CSUS54 KSHV 011500
CF6LFK
PRELIMINARY LOCAL CLIMATOLOGICAL DATA (WS FORM: F-6)
STATION: LUFKIN
MONTH: MAY
YEAR: 2020
LATITUDE: 31 14 N
LONGITUDE: 94 45 W
TEMPERATURE IN F: :PCPN: SNOW: WIND :SUNSHINE: SKY :PK WND
================================================================================
1 2 3 4 5 6A 6B 7 8 9 10 11 12 13 14 15 16 17 18
12Z AVG MX 2MIN
DY MAX MIN AVG DEP HDD CDD WTR SNW DPTH SPD SPD DIR MIN PSBL S-S WX SPD DR
================================================================================
1 85 53 69 -1 0 4 0.00 0.0 0 8.9 10 180 M M 0 14 180
2 87 60 74 3 0 9 0.00 0.0 0 8.3 18 160 M M 2 23 150
3 87 68 78 7 0 13 0.00 0.0 0 8.3 17 160 M M 3 22 160
4 89 68 79 8 0 14 0.00 0.0 0 8.6 16 160 M M 4 21 180
5 80 64 72 0 0 7 0.24 0.0 0 3.8 16 190 M M 8 13 23 190
6 84 56 70 -2 0 5 0.00 0.0 0 4.1 15 90 M M 0 19 100
7 85 56 71 -1 0 6 T 0.0 0 8.9 20 160 M M 2 25 170
8 80 59 70 -2 0 5 0.09 0.0 0 9.1 20 360 M M 7 1 28 10
9 70 54 62 -11 3 0 0.00 0.0 0 6.2 15 90 M M 0 20 60
10 79 49 64 -9 1 0 0.00 0.0 0 3.6 12 70 M M 0 15 10
11 82 51 67 -6 0 2 0.00 0.0 0 5.1 15 140 M M 0 20 130
12 81 57 69 -4 0 4 0.27 0.0 0 6.2 21 190 M M 2 1 27 200
13 82 69 76 2 0 11 0.07 0.0 0 7.0 17 130 M M 8 21 140
14 85 69 77 3 0 12 0.04 0.0 0 8.8 23 120 M M 5 13 29 120
15 87 69 78 4 0 13 0.00 0.0 0 7.5 20 140 M M 5 13 25 140
16 78 68 73 -1 0 8 0.37 0.0 0 12.4 28 70 M M 8 13 35 80
17 83 66 75 0 0 10 0.08 0.0 0 7.8 17 270 M M 6 23 290
18 89 60 75 0 0 10 0.00 0.0 0 2.5 12 270 M M 0 14 310
19 93 66 80 5 0 15 0.00 0.0 0 3.8 15 210 M M 0 19 240
20 90 71 81 6 0 16 0.00 0.0 0 5.4 20 80 M M 5 25 80
21 90 71 81 5 0 16 0.00 0.0 0 8.2 17 160 M M 4 1 25 130
22 94 73 84 8 0 19 0.00 0.0 0 9.5 22 150 M M 4 27 170
23 87 74 81 5 0 16 0.25 0.0 0 7.6 16 80 M M 5 13 22 80
24 90 66 78 2 0 13 0.84 0.0 0 8.3 23 120 M M 6 13 29 120
25 84 64 74 -2 0 9 T 0.0 0 6.9 23 100 M M 5 31 90
26 85 63 74 -3 0 9 T 0.0 0 3.4 12 270 M M 2 16 270
27 85 61 73 -4 0 8 T 0.0 0 3.8 12 200 M M 0 1 16 250
28 81 62 72 -5 0 7 0.65 0.0 0 3.5 14 50 M M 3 13 15 50
29 88 65 77 0 0 12 0.00 0.0 0 4.9 14 350 M M 1 21 340
30 88 65 77 0 0 12 0.00 0.0 0 5.3 13 70 M M 1 18 40
31 88 69 79 1 0 14 0.00 0.0 0 5.7 14 80 M M 0 19 70
================================================================================
SM 2636 1966 4 299 2.90 0.0 203.4 M 96
================================================================================
AV 85.0 63.4 6.6 FASTST M M 3 MAX(MPH)
MISC ----> # 28 70 # 35 80
================================================================================
NOTES:
# LAST OF SEVERAL OCCURRENCES
COLUMN 17 PEAK WIND IN M.P.H.
PRELIMINARY LOCAL CLIMATOLOGICAL DATA (WS FORM: F-6) , PAGE 2
STATION: LUFKIN
MONTH: MAY
YEAR: 2020
LATITUDE: 31 14 N
LONGITUDE: 94 45 W
[TEMPERATURE DATA] [PRECIPITATION DATA] SYMBOLS USED IN COLUMN 16
AVERAGE MONTHLY: 74.2 TOTAL FOR MONTH: 2.90 1 = FOG OR MIST
DPTR FM NORMAL: -0.1 DPTR FM NORMAL: -1.74 2 = FOG REDUCING VISIBILITY
HIGHEST: 94 ON 22 GRTST 24HR 0.84 ON 24-24 TO 1/4 MILE OR LESS
LOWEST: 49 ON 10 3 = THUNDER
SNOW, ICE PELLETS, HAIL 4 = ICE PELLETS
TOTAL MONTH: 0.0 INCH 5 = HAIL
GRTST 24HR 0.0 6 = FREEZING RAIN OR DRIZZLE
GRTST DEPTH: 0 7 = DUSTSTORM OR SANDSTORM:
VSBY 1/2 MILE OR LESS
8 = SMOKE OR HAZE
[NO. OF DAYS WITH] [WEATHER - DAYS WITH] 9 = BLOWING SNOW
X = TORNADO
MAX 32 OR BELOW: 0 0.01 INCH OR MORE: 10
MAX 90 OR ABOVE: 5 0.10 INCH OR MORE: 6
MIN 32 OR BELOW: 0 0.50 INCH OR MORE: 2
MIN 0 OR BELOW: 0 1.00 INCH OR MORE: 0
[HDD (BASE 65) ]
TOTAL THIS MO. 4 CLEAR (SCALE 0-3) 15
DPTR FM NORMAL 0 PTCLDY (SCALE 4-7) 15
TOTAL FM JUL 1 1632 CLOUDY (SCALE 8-10) 1
DPTR FM NORMAL -285
[CDD (BASE 65) ]
TOTAL THIS MO. 299
DPTR FM NORMAL 6 [PRESSURE DATA]
TOTAL FM JAN 1 576 HIGHEST SLP 30.26 ON 10
DPTR FM NORMAL 107 LOWEST SLP 29.59 ON 16
[REMARKS]
#FINAL-05-20#