000
CXUS56 KLOX 011155
CF6LGB
PRELIMINARY LOCAL CLIMATOLOGICAL DATA (WS FORM: F-6)
STATION: LONG BEACH AIRPORT CA
MONTH: OCTOBER
YEAR: 2021
LATITUDE: 33 49 N
LONGITUDE: 118 9 W
TEMPERATURE IN F: :PCPN: SNOW: WIND :SUNSHINE: SKY :PK WND
================================================================================
1 2 3 4 5 6A 6B 7 8 9 10 11 12 13 14 15 16 17 18
12Z AVG MX 2MIN
DY MAX MIN AVG DEP HDD CDD WTR SNW DPTH SPD SPD DIR MIN PSBL S-S WX SPD DR
================================================================================
1 86 58 72 1 0 7 0.00 M M 4.3 12 290 M M 0 13 170
2 94 59 77 6 0 12 0.00 M M 5.0 17 290 M M 0 1 21 280
3 94 60 77 6 0 12 0.00 M M 3.4 17 290 M M 0 21 300
4 89 65 77 7 0 12 0.09 M M 5.2 29 120 M M 2 3 40 110
5 77 65 71 1 0 6 0.01 M M 6.8 17 50 M M 2 23 50
6 76 63 70 0 0 5 0.00 M M 3.7 15 300 M M 4 18 17 300
7 71 63 67 -3 0 2 0.00 M M 3.8 10 200 M M 9 18 13 210
8 69 59 64 -6 1 0 0.02 M M 5.0 12 290 M M 6 1 14 190
9 74 55 65 -5 0 0 0.00 M M 3.5 14 300 M M 0 8 20 290
10 80 54 67 -2 0 2 0.00 M M 3.0 13 310 M M 0 15 290
11 71 56 64 -5 1 0 0.00 M M 10.4 33 350 M M 6 18 41 350
12 73 54 64 -5 1 0 0.00 M M 9.2 24 340 M M 1 8 30 340
13 77 50 64 -5 1 0 0.00 M M 3.6 17 290 M M 0 21 300
14 77 52 65 -4 0 0 0.00 M M 2.9 14 300 M M 0 17 310
15 91 55 73 4 0 8 0.00 M M 5.3 18 280 M M 0 8 24 80
16 88 59 74 6 0 9 0.00 M M 4.5 10 290 M M 0 13 200
17 76 54 65 -3 0 0 0.00 M M 4.5 20 290 M M 1 22 290
18 67 55 61 -7 4 0 T M M 6.3 15 200 M M 5 19 190
19 67 51 59 -9 6 0 0.00 M M 3.2 10 200 M M 0 14 200
20 74 53 64 -4 1 0 0.00 M M 4.9 17 280 M M 0 20 290
21 78 51 65 -3 0 0 0.00 M M 4.0 16 290 M M 1 1 19 290
22 69 58 64 -3 1 0 0.00 M M 4.5 14 290 M M 7 18 19 290
23 66 59 63 -4 2 0 0.14 M M 5.3 12 210 M M 7 1 15 170
24 71 57 64 -3 1 0 0.00 M M 4.1 13 300 M M 3 1 16 200
25 62 53 58 -9 7 0 0.13 M M 7.3 22 270 M M 7 18 29 280
26 70 50 60 -7 5 0 0.00 M M 4.2 15 290 M M 0 1 18 290
27 83 52 68 1 0 3 0.00 M M 2.9 12 290 M M 0 13 290
28 92 56 74 8 0 9 0.00 M M 4.6 17 290 M M 0 20 290
29 81 58 70 4 0 5 0.00 M M 3.3 10 180 M M 1 12 13 200
30 66 59 63 -3 2 0 0.00 M M 4.8 9 200 M M 7 1 14 210
31 67 58 63 -3 2 0 0.00 M M 3.3 10 200 M M 6 8 14 230
================================================================================
SM 2376 1751 35 92 0.39 M 146.8 M 75
================================================================================
AV 76.6 56.5 4.7 FASTST M M 2 MAX(MPH)
MISC ----> 33 350 41 350
================================================================================
NOTES:
# LAST OF SEVERAL OCCURRENCES
COLUMN 17 PEAK WIND IN M.P.H.
PRELIMINARY LOCAL CLIMATOLOGICAL DATA (WS FORM: F-6) , PAGE 2
STATION: LONG BEACH AIRPORT CA
MONTH: OCTOBER
YEAR: 2021
LATITUDE: 33 49 N
LONGITUDE: 118 9 W
[TEMPERATURE DATA] [PRECIPITATION DATA] SYMBOLS USED IN COLUMN 16
AVERAGE MONTHLY: 66.6 TOTAL FOR MONTH: 0.39 1 = FOG OR MIST
DPTR FM NORMAL: -1.8 DPTR FM NORMAL: -0.14 2 = FOG REDUCING VISIBILITY
HIGHEST: 94 ON 3, 2 GRTST 24HR 0.14 ON 23-23 TO 1/4 MILE OR LESS
LOWEST: 50 ON 26,13 3 = THUNDER
SNOW, ICE PELLETS, HAIL 4 = ICE PELLETS
TOTAL MONTH: M 5 = HAIL
GRTST 24HR M ON M 6 = FREEZING RAIN OR DRIZZLE
GRTST DEPTH: M ON M 7 = DUSTSTORM OR SANDSTORM:
VSBY 1/2 MILE OR LESS
8 = SMOKE OR HAZE
[NO. OF DAYS WITH] [WEATHER - DAYS WITH] 9 = BLOWING SNOW
X = TORNADO
MAX 32 OR BELOW: 0 0.01 INCH OR MORE: 5
MAX 90 OR ABOVE: 4 0.10 INCH OR MORE: 2
MIN 32 OR BELOW: 0 0.50 INCH OR MORE: 0
MIN 0 OR BELOW: 0 1.00 INCH OR MORE: 0
[HDD (BASE 65) ]
TOTAL THIS MO. 35 CLEAR (SCALE 0-3) 21
DPTR FM NORMAL 16 PTCLDY (SCALE 4-7) 9
TOTAL FM JUL 1 35 CLOUDY (SCALE 8-10) 1
DPTR FM NORMAL 18
[CDD (BASE 65) ]
TOTAL THIS MO. 92
DPTR FM NORMAL -32 [PRESSURE DATA]
TOTAL FM JAN 1 1106 HIGHEST SLP 30.18 ON 27
DPTR FM NORMAL -29 LOWEST SLP 29.61 ON 11
[REMARKS]
#FINAL-10-21#