000
CXUS56 KLOX 011155
CF6LGB
PRELIMINARY LOCAL CLIMATOLOGICAL DATA (WS FORM: F-6)
STATION: LONG BEACH AIRPORT CA
MONTH: AUGUST
YEAR: 2023
LATITUDE: 33 49 N
LONGITUDE: 118 9 W
TEMPERATURE IN F: :PCPN: SNOW: WIND :SUNSHINE: SKY :PK WND
================================================================================
1 2 3 4 5 6A 6B 7 8 9 10 11 12 13 14 15 16 17 18
12Z AVG MX 2MIN
DY MAX MIN AVG DEP HDD CDD WTR SNW DPTH SPD SPD DIR MIN PSBL S-S WX SPD DR
================================================================================
1 91 71 81 7 0 16 0.00 M M 5.0 16 290 M M 0 8 18 290
2 89 68 79 5 0 14 0.00 M M 5.8 15 290 M M 0 18 310
3 84 64 74 0 0 9 0.00 M M 5.0 13 320 M M 1 17 310
4 83 65 74 0 0 9 0.00 M M 6.0 14 290 M M 2 18 290
5 88 66 77 3 0 12 0.00 M M 4.6 13 320 M M 1 18 17 270
6 82 66 74 0 0 9 0.00 M M 5.4 15 200 M M 3 18 20 200
7 79 66 73 -1 0 8 0.00 M M 3.1 12 210 M M 4 18 12 210
8 83 65 74 0 0 9 0.00 M M 3.8 13 200 M M 0 17 150
9 81 68 75 1 0 10 T M M 4.7 13 310 M M 4 14 310
10 77 69 73 -1 0 8 T M M 5.7 12 200 M M 8 16 200
11 81 69 75 1 0 10 0.00 M M 6.0 16 300 M M 5 18 310
12 81 69 75 1 0 10 0.00 M M 5.5 13 210 M M 3 8 17 200
13 83 68 76 2 0 11 0.00 M M 5.1 14 300 M M 2 17 170
14 84 69 77 3 0 12 0.00 M M 6.1 15 290 M M 5 8 19 310
15 83 67 75 1 0 10 T M M 7.1 15 300 M M 4 18 20 280
16 89 69 79 5 0 14 0.03 M M 6.4 17 300 M M 0 13 21 310
17 85 65 75 1 0 10 0.00 M M 6.0 14 320 M M 1 18 20 290
18 85 66 76 2 0 11 0.00 M M 5.2 15 290 M M 3 18 18 310
19 77 65 71 -3 0 6 0.00 M M 4.6 14 220 M M 0 17 210
20 77 67 72 -2 0 7 2.27 M M 9.7 24 130 M M 8 1 32 140
21 78 66 72 -2 0 7 0.36 M M 7.0 22 140 M M 5 1 32 150
22 83 67 75 1 0 10 0.00 M M 6.1 18 310 M M 0 23 290
23 86 67 77 3 0 12 0.00 M M 5.5 15 290 M M 0 19 290
24 83 67 75 1 0 10 0.00 M M 6.1 17 290 M M 3 18 20 280
25 82 64 73 -1 0 8 0.00 M M 6.1 16 290 M M 0 8 20 290
26 87 65 76 2 0 11 0.00 M M 5.9 16 300 M M 0 19 280
27 94 66 80 6 0 15 0.00 M M 4.6 17 300 M M 0 18 21 300
28 97 68 83 9 0 18 0.00 M M 4.6 15 290 M M 0 1 17 290
29 97 68 83 9 0 18 0.00 M M 4.4 14 300 M M 0 18 15 290
30 88 67 78 4 0 13 0.00 M M 4.4 14 190 M M 0 18 19 180
31 79 69 74 0 0 9 0.00 M M 5.6 14 160 M M 6 18 17 180
================================================================================
SM 2616 2076 0 336 2.66 M 171.1 M 68
================================================================================
AV 84.4 67.0 5.5 FASTST M M 2 MAX(MPH)
MISC ----> 24 130 # 32 140
================================================================================
NOTES:
# LAST OF SEVERAL OCCURRENCES
COLUMN 17 PEAK WIND IN M.P.H.
PRELIMINARY LOCAL CLIMATOLOGICAL DATA (WS FORM: F-6) , PAGE 2
STATION: LONG BEACH AIRPORT CA
MONTH: AUGUST
YEAR: 2023
LATITUDE: 33 49 N
LONGITUDE: 118 9 W
[TEMPERATURE DATA] [PRECIPITATION DATA] SYMBOLS USED IN COLUMN 16
AVERAGE MONTHLY: 75.7 TOTAL FOR MONTH: 2.66 1 = FOG OR MIST
DPTR FM NORMAL: 1.4 DPTR FM NORMAL: 2.65 2 = FOG REDUCING VISIBILITY
HIGHEST: 97 ON 29,28 GRTST 24HR 2.63 ON 20-21 TO 1/4 MILE OR LESS
LOWEST: 64 ON 25, 3 3 = THUNDER
SNOW, ICE PELLETS, HAIL 4 = ICE PELLETS
TOTAL MONTH: M 5 = HAIL
GRTST 24HR M ON M 6 = FREEZING RAIN OR DRIZZLE
GRTST DEPTH: M ON M 7 = DUSTSTORM OR SANDSTORM:
VSBY 1/2 MILE OR LESS
8 = SMOKE OR HAZE
[NO. OF DAYS WITH] [WEATHER - DAYS WITH] 9 = BLOWING SNOW
X = TORNADO
MAX 32 OR BELOW: 0 0.01 INCH OR MORE: 3
MAX 90 OR ABOVE: 4 0.10 INCH OR MORE: 2
MIN 32 OR BELOW: 0 0.50 INCH OR MORE: 1
MIN 0 OR BELOW: 0 1.00 INCH OR MORE: 1
[HDD (BASE 65) ]
TOTAL THIS MO. 0 CLEAR (SCALE 0-3) 19
DPTR FM NORMAL 0 PTCLDY (SCALE 4-7) 10
TOTAL FM JUL 1 0 CLOUDY (SCALE 8-10) 2
DPTR FM NORMAL 0
[CDD (BASE 65) ]
TOTAL THIS MO. 336
DPTR FM NORMAL 46 [PRESSURE DATA]
TOTAL FM JAN 1 728 HIGHEST SLP 30.04 ON 21
DPTR FM NORMAL -38 LOWEST SLP 29.43 ON 20
[REMARKS]
#FINAL-08-23#