000
CXUS54 KFWD 010830
CF6LHB
PRELIMINARY LOCAL CLIMATOLOGICAL DATA (WS FORM: F-6)
STATION: HEARNE
MONTH: NOVEMBER
YEAR: 2022
LATITUDE: 30 52 N
LONGITUDE: 96 36 W
TEMPERATURE IN F: :PCPN: SNOW: WIND :SUNSHINE: SKY :PK WND
================================================================================
1 2 3 4 5 6A 6B 7 8 9 10 11 12 13 14 15 16 17 18
12Z AVG MX 2MIN
DY MAX MIN AVG DEP HDD CDD WTR SNW DPTH SPD SPD DIR MIN PSBL S-S WX SPD DR
================================================================================
1 70 56 63 M 2 0 0.00 M M 1.4 7 140 M M 5 12 M M
2 80 52 66 M 0 1 0.00 M M 2.4 8 160 M M 6 12 M M
3 87 67 77 M 0 12 0.00 M M 7.5 16 170 M M 8 1 23 170
4 86 56 71 M 0 6 0.44 M M 11.8 20 180 M M 8 32 180
5 69 49 59 M 6 0 0.00 M M 3.5 8 160 M M 2 M M
6 84 51 68 M 0 3 0.00 M M 3.0 10 170 M M 6 M M
7 87 73 80 M 0 15 0.00 M M 4.4 9 150 M M 6 M M
8 85 63 74 M 0 9 0.00 M M 2.5 10 170 M M 3 12 16 170
9 85 62 74 M 0 9 0.00 M M 3.3 9 160 M M 2 17 150
10 82 65 74 M 0 9 0.00 M M 4.3 12 150 M M 8 1 M M
11 77 45 61 M 4 0 0.90 M M 10.1 21 330 M M 10 3 31 350
12 56 33 45 M 20 0 0.00 M M 9.8 18 340 M M 0 24 340
13 59 29 44 M 21 0 0.00 M M 1.5 5 110 M M 1 8 M M
14 50 46 48 M 17 0 0.17 M M 6.7 14 330 M M 10 24 330
15 46 38 42 M 23 0 0.00 M M 8.8 14 330 M M 7 28 340
16 54 38 46 M 19 0 0.00 M M 3.7 9 350 M M 3 16 350
17 61 42 52 M 13 0 0.00 M M 0.2 5 140 M M 4 M M
18 59 44 52 M 13 0 T M M 1.5 8 10 M M 9 M M
19 50 39 45 M 20 0 0.17 M M 7.1 13 350 M M 10 18 360
20 50 31 41 M 24 0 0.01 M M 2.3 6 310 M M 6 M M
21 46 43 45 M 20 0 0.25 M M 0.7 5 330 M M 10 M M
22 60 42 51 M 14 0 0.00 M M 1.0 7 160 M M 9 M M
23 68 53 61 M 4 0 0.00 M M 2.5 9 140 M M 9 16 140
24 68 62 65 M 0 0 0.43 M M 3.8 10 10 M M 10 12 25 0
25 62 57 60 M 5 0 0.02 M M 8.0 13 350 M M 10 1 18 40
26 62 44 53 M 12 0 0.89 M M 8.1 14 240 M M 6 24 260
27 67 40 54 M 11 0 0.00 M M 1.9 7 210 M M 0 M M
28 74 38 56 M 9 0 0.00 M M 3.6 9 150 M M 4 12 M M
29 85 58 72 M 0 7 0.00 M M 5.5 15 210 M M 6 1 26 0
30 62 38 50 M 15 0 0.00 M M 10.3 21 340 M M 0 36 340
================================================================================
SM 2031 1454 272 71 3.28 M 141.2 M 178
================================================================================
AV 67.7 48.5 4.7 FASTST M M 6 MAX(MPH)
MISC ----> # 21 330 36 340
================================================================================
NOTES:
# LAST OF SEVERAL OCCURRENCES
COLUMN 17 PEAK WIND IN M.P.H.
PRELIMINARY LOCAL CLIMATOLOGICAL DATA (WS FORM: F-6) , PAGE 2
STATION: HEARNE
MONTH: NOVEMBER
YEAR: 2022
LATITUDE: 30 52 N
LONGITUDE: 96 36 W
[TEMPERATURE DATA] [PRECIPITATION DATA] SYMBOLS USED IN COLUMN 16
AVERAGE MONTHLY: 58.1 TOTAL FOR MONTH: 3.28 1 = FOG OR MIST
DPTR FM NORMAL: 0.0 DPTR FM NORMAL: M 2 = FOG REDUCING VISIBILITY
HIGHEST: 87 ON 7, 3 GRTST 24HR 0.90 ON 11-11 TO 1/4 MILE OR LESS
LOWEST: 29 ON 13 3 = THUNDER
SNOW, ICE PELLETS, HAIL 4 = ICE PELLETS
TOTAL MONTH: M 5 = HAIL
GRTST 24HR M ON M 6 = FREEZING RAIN OR DRIZZLE
GRTST DEPTH: M ON M 7 = DUSTSTORM OR SANDSTORM:
VSBY 1/2 MILE OR LESS
8 = SMOKE OR HAZE
[NO. OF DAYS WITH] [WEATHER - DAYS WITH] 9 = BLOWING SNOW
X = TORNADO
MAX 32 OR BELOW: 0 0.01 INCH OR MORE: 9
MAX 90 OR ABOVE: 0 0.10 INCH OR MORE: 7
MIN 32 OR BELOW: 2 0.50 INCH OR MORE: 2
MIN 0 OR BELOW: 0 1.00 INCH OR MORE: 0
[HDD (BASE 65) ]
TOTAL THIS MO. 272 CLEAR (SCALE 0-3) 7
DPTR FM NORMAL M PTCLDY (SCALE 4-7) 11
TOTAL FM JUL 1 313 CLOUDY (SCALE 8-10) 12
DPTR FM NORMAL M
[CDD (BASE 65) ]
TOTAL THIS MO. 71
DPTR FM NORMAL M [PRESSURE DATA]
TOTAL FM JAN 1 3547 HIGHEST SLP M ON M
DPTR FM NORMAL M LOWEST SLP M ON M
[REMARKS]
#FINAL-11-22#