000
CXUS55 KPUB 011310
CF6LHX
PRELIMINARY LOCAL CLIMATOLOGICAL DATA (WS FORM: F-6)
STATION: LA JUNTA CO
MONTH: NOVEMBER
YEAR: 2021
LATITUDE: 38 2 N
LONGITUDE: 103 31 W
TEMPERATURE IN F: :PCPN: SNOW: WIND :SUNSHINE: SKY :PK WND
================================================================================
1 2 3 4 5 6A 6B 7 8 9 10 11 12 13 14 15 16 17 18
12Z AVG MX 2MIN
DY MAX MIN AVG DEP HDD CDD WTR SNW DPTH SPD SPD DIR MIN PSBL S-S WX SPD DR
================================================================================
1 54 26 40 -8 25 0 T M M 8.4 16 110 M M 1 24 10
2 53 34 44 -3 21 0 0.00 M M 7.5 14 70 M M 7 17 70
3 64 30 47 0 18 0 0.00 M M 5.4 13 270 M M 2 13 270
4 68 30 49 2 16 0 0.00 M M 4.5 12 270 M M 0 14 270
5 75 35 55 9 10 0 0.00 M M 9.1 17 110 M M 0 22 90
6 78 34 56 10 9 0 0.00 M M 8.5 16 260 M M 0 21 250
7 84 41 63 18 2 0 0.00 M M 7.7 17 260 M M 0 20 260
8 64 39 52 7 13 0 0.00 M M 10.1 21 10 M M 0 27 10
9 64 30 47 2 18 0 0.00 M M 8.4 20 110 M M 2 25 110
10 68 35 52 8 13 0 0.00 M M 8.8 22 330 M M 2 27 330
11 62 27 45 1 20 0 0.00 M M 6.1 16 60 M M 0 20 60
12 55 26 41 -2 24 0 0.00 M M 6.3 20 30 M M 0 27 30
13 75 28 52 9 13 0 0.00 M M 6.8 14 270 M M 0 20 280
14 65 32 49 7 16 0 T M M 6.5 16 270 M M 0 24 20
15 79 33 56 14 9 0 0.00 M M 7.0 20 240 M M 0 25 230
16 72 43 58 16 7 0 0.00 M M 11.9 21 240 M M 0 28 290
17 51 21 36 -5 29 0 0.00 M M 9.8 23 30 M M 3 33 20
18 50 15 33 -8 32 0 0.00 M M 6.6 14 280 M M 0 16 270
19 70 32 51 11 14 0 0.00 M M 8.1 16 110 M M 0 19 110
20 58 29 44 4 21 0 T M M 8.1 25 20 M M 2 33 10
21 55 26 41 1 24 0 0.02 M M 6.5 16 280 M M 2 20 350
22 69 23 46 7 19 0 0.00 M M 5.3 16 260 M M 0 21 260
23 77 26 52 13 13 0 0.00 M M 12.2 24 240 M M 0 30 240
24 56 30 43 5 22 0 0.00 M M 15.2 35 20 M M 7 48 360
25 54 23 39 1 26 0 0.00 M M 8.4 16 280 M M 0 20 270
26 71 29 50 12 15 0 0.00 M M 6.9 13 260 M M 0 16 280
27 62 31 47 10 18 0 0.00 M M 6.0 16 20 M M 0 22 20
28 64 24 44 7 21 0 0.00 M M 5.2 15 270 M M 0 17 260
29 77 34 56 20 9 0 0.00 M M 8.1 16 260 M M 0 20 260
30 62 33 48 12 17 0 0.00 M M 8.0 20 30 M M 0 28 40
================================================================================
SM 1956 899 514 0 0.02 M 237.4 M 28
================================================================================
AV 65.2 30.0 7.9 FASTST M M 1 MAX(MPH)
MISC ----> 35 20 48 360
================================================================================
NOTES:
# LAST OF SEVERAL OCCURRENCES
COLUMN 17 PEAK WIND IN M.P.H.
PRELIMINARY LOCAL CLIMATOLOGICAL DATA (WS FORM: F-6) , PAGE 2
STATION: LA JUNTA CO
MONTH: NOVEMBER
YEAR: 2021
LATITUDE: 38 2 N
LONGITUDE: 103 31 W
[TEMPERATURE DATA] [PRECIPITATION DATA] SYMBOLS USED IN COLUMN 16
AVERAGE MONTHLY: 47.6 TOTAL FOR MONTH: 0.02 1 = FOG OR MIST
DPTR FM NORMAL: 5.8 DPTR FM NORMAL: -0.35 2 = FOG REDUCING VISIBILITY
HIGHEST: 84 ON 7 GRTST 24HR 0.02 ON 20-21 TO 1/4 MILE OR LESS
LOWEST: 15 ON 18 3 = THUNDER
SNOW, ICE PELLETS, HAIL 4 = ICE PELLETS
TOTAL MONTH: M 5 = HAIL
GRTST 24HR M ON M 6 = FREEZING RAIN OR DRIZZLE
GRTST DEPTH: M ON M 7 = DUSTSTORM OR SANDSTORM:
VSBY 1/2 MILE OR LESS
8 = SMOKE OR HAZE
[NO. OF DAYS WITH] [WEATHER - DAYS WITH] 9 = BLOWING SNOW
X = TORNADO
MAX 32 OR BELOW: 0 0.01 INCH OR MORE: 1
MAX 90 OR ABOVE: 0 0.10 INCH OR MORE: 0
MIN 32 OR BELOW: 20 0.50 INCH OR MORE: 0
MIN 0 OR BELOW: 0 1.00 INCH OR MORE: 0
[HDD (BASE 65) ]
TOTAL THIS MO. 514 CLEAR (SCALE 0-3) 28
DPTR FM NORMAL -181 PTCLDY (SCALE 4-7) 2
TOTAL FM JUL 1 745 CLOUDY (SCALE 8-10) 0
DPTR FM NORMAL -343
[CDD (BASE 65) ]
TOTAL THIS MO. 0
DPTR FM NORMAL 0 [PRESSURE DATA]
TOTAL FM JAN 1 1615 HIGHEST SLP 30.56 ON 18
DPTR FM NORMAL 259 LOWEST SLP 29.53 ON 24
[REMARKS]
#FINAL-11-21#