000
CXUS55 KPUB 011210
CF6LHX
PRELIMINARY LOCAL CLIMATOLOGICAL DATA (WS FORM: F-6)
STATION: LA JUNTA CO
MONTH: AUGUST
YEAR: 2021
LATITUDE: 38 2 N
LONGITUDE: 103 31 W
TEMPERATURE IN F: :PCPN: SNOW: WIND :SUNSHINE: SKY :PK WND
================================================================================
1 2 3 4 5 6A 6B 7 8 9 10 11 12 13 14 15 16 17 18
12Z AVG MX 2MIN
DY MAX MIN AVG DEP HDD CDD WTR SNW DPTH SPD SPD DIR MIN PSBL S-S WX SPD DR
================================================================================
1 80 64 72 -7 0 7 0.07 M M 5.5 15 90 M M 6 18 20 80
2 90 60 75 -4 0 10 0.00 M M 6.7 16 130 M M 0 18 20 170
3 94 65 80 1 0 15 T M M 8.2 25 120 M M 1 41 100
4 79 63 71 -7 0 6 0.46 M M 6.0 18 140 M M 6 13 22 150
5 93 61 77 -1 0 12 0.00 M M 6.6 15 270 M M 0 1 20 270
6 103 60 82 4 0 17 0.00 M M 7.5 16 230 M M 0 22 240
7 99 65 82 4 0 17 0.00 M M 9.8 29 20 M M 0 8 40 20
8 96 60 78 0 0 13 0.00 M M 8.3 14 240 M M 0 8 22 250
9 104 60 82 4 0 17 0.00 M M 5.8 15 300 M M 0 8 18 220
10 99 65 82 4 0 17 0.00 M M 6.2 14 60 M M 0 19 10
11 100 64 82 4 0 17 0.00 M M 8.8 21 200 M M 0 30 190
12 101 62 82 4 0 17 0.22 M M 8.1 32 20 M M 1 3 42 10
13 89 63 76 -1 0 11 0.00 M M 8.4 20 80 M M 0 27 90
14 97 61 79 2 0 14 0.00 M M 9.5 23 170 M M 0 29 150
15 97 66 82 5 0 17 0.01 M M 10.4 38 10 M M 2 53 360
16 96 62 79 2 0 14 0.00 M M 8.7 17 140 M M 0 23 150
17 94 55 75 -2 0 10 0.00 M M 7.7 21 120 M M 0 30 120
18 100 58 79 2 0 14 0.00 M M 9.3 25 140 M M 0 34 150
19 99 68 84 8 0 19 0.00 M M 10.2 18 210 M M 0 23 200
20 93 60 77 1 0 12 0.00 M M 9.5 23 80 M M 0 28 90
21 88 66 77 1 0 12 T M M 11.2 28 130 M M 5 38 130
22 102 63 83 7 0 18 0.00 M M 9.8 25 260 M M 0 33 250
23 101 63 82 6 0 17 0.00 M M 9.5 18 250 M M 0 23 250
24 103 69 86 10 0 21 0.00 M M 10.5 21 280 M M 0 30 270
25 96 61 79 4 0 14 0.00 M M 11.8 22 100 M M 0 31 90
26 105 68 87 12 0 22 T M M 11.8 26 360 M M 0 36 360
27 99 64 82 7 0 17 T M M 10.4 31 170 M M 0 43 160
28 100 68 84 9 0 19 0.00 M M 9.3 21 210 M M 0 27 200
29 80 65 73 -1 0 8 0.00 M M 10.6 25 360 M M 4 33 10
30 98 57 78 4 0 13 0.00 M M 7.3 17 160 M M 0 22 160
31 101 62 82 8 0 17 0.00 M M 7.5 16 170 M M 0 23 160
================================================================================
SM 2976 1948 0 454 0.76 M 270.9 M 25
================================================================================
AV 96.0 62.8 8.7 FASTST M M 1 MAX(MPH)
MISC ----> 38 10 53 360
================================================================================
NOTES:
# LAST OF SEVERAL OCCURRENCES
COLUMN 17 PEAK WIND IN M.P.H.
PRELIMINARY LOCAL CLIMATOLOGICAL DATA (WS FORM: F-6) , PAGE 2
STATION: LA JUNTA CO
MONTH: AUGUST
YEAR: 2021
LATITUDE: 38 2 N
LONGITUDE: 103 31 W
[TEMPERATURE DATA] [PRECIPITATION DATA] SYMBOLS USED IN COLUMN 16
AVERAGE MONTHLY: 79.4 TOTAL FOR MONTH: 0.76 1 = FOG OR MIST
DPTR FM NORMAL: 2.6 DPTR FM NORMAL: -0.67 2 = FOG REDUCING VISIBILITY
HIGHEST: 105 ON 26 GRTST 24HR 0.46 ON 3- 4 TO 1/4 MILE OR LESS
LOWEST: 55 ON 17 3 = THUNDER
SNOW, ICE PELLETS, HAIL 4 = ICE PELLETS
TOTAL MONTH: M 5 = HAIL
GRTST 24HR M ON M 6 = FREEZING RAIN OR DRIZZLE
GRTST DEPTH: M ON M 7 = DUSTSTORM OR SANDSTORM:
VSBY 1/2 MILE OR LESS
8 = SMOKE OR HAZE
[NO. OF DAYS WITH] [WEATHER - DAYS WITH] 9 = BLOWING SNOW
X = TORNADO
MAX 32 OR BELOW: 0 0.01 INCH OR MORE: 4
MAX 90 OR ABOVE: 26 0.10 INCH OR MORE: 2
MIN 32 OR BELOW: 0 0.50 INCH OR MORE: 0
MIN 0 OR BELOW: 0 1.00 INCH OR MORE: 0
[HDD (BASE 65) ]
TOTAL THIS MO. 0 CLEAR (SCALE 0-3) 27
DPTR FM NORMAL -2 PTCLDY (SCALE 4-7) 4
TOTAL FM JUL 1 0 CLOUDY (SCALE 8-10) 0
DPTR FM NORMAL 0
[CDD (BASE 65) ]
TOTAL THIS MO. 454
DPTR FM NORMAL 86 [PRESSURE DATA]
TOTAL FM JAN 1 1341 HIGHEST SLP 30.28 ON 1
DPTR FM NORMAL 163 LOWEST SLP 29.56 ON 31
[REMARKS]
#FINAL-08-21#